-- https://www.phpmyadmin.net/
--
-- Servidor: 127.0.0.1:3307
-- Tiempo de generación: 27-06-2024 a las 19:22:19
-- Versión del servidor: 10.4.28-MariaDB
-- Versión de PHP: 8.2.4

START TRANSACTION;



--
-- Base de datos: `creaciones_tries`
--

-- --------------------------------------------------------

--
-- Estructura de tabla para la tabla `carts`
--

CREATE TABLE `carts` (
  `id` int(10) UNSIGNED NOT NULL,
  `status` varchar(255) DEFAULT NULL,
  `external_reference` varchar(255) DEFAULT NULL,
  `user_id` int(11) DEFAULT NULL,
  `created_at` timestamp NULL DEFAULT NULL,
  `updated_at` timestamp NULL DEFAULT NULL,
  `vendedor_id` bigint(20) UNSIGNED DEFAULT NULL
) ENGINE=InnoDB DEFAULT CHARSET=utf8mb4 COLLATE=utf8mb4_unicode_ci;

--
-- Volcado de datos para la tabla `carts`
--

INSERT INTO `carts` (`id`, `status`, `external_reference`, `user_id`, `created_at`, `updated_at`, `vendedor_id`) VALUES
(57, 'inactive', '665b4e1ce3661', 1, '2024-06-01 19:36:44', '2024-06-01 19:37:14', NULL),
(75, 'inactive', '665f45aa1e5e8', 1, '2024-06-04 19:49:46', '2024-06-04 20:52:14', NULL),
(103, 'inactive', '6660bac4e6ec0', 12, '2024-06-05 22:21:40', '2024-06-05 22:25:07', 3229),
(110, 'inactive', '666475a14d676', 1, '2024-06-08 18:15:45', '2024-06-08 18:17:50', NULL),
(135, 'inactive', '6667200f3b192', 3212, '2024-06-10 18:47:27', '2024-06-10 18:47:29', 3238),
(148, 'inactive', '666735c9ceb4f', 3209, '2024-06-10 20:20:09', '2024-06-10 20:20:18', 3238),
(149, 'inactive', '66673653d9f16', 3195, '2024-06-10 20:22:27', '2024-06-10 20:23:54', 1),
(173, 'inactive', '6671d7f2b2721', 12, '2024-06-18 21:54:42', '2024-06-18 21:54:54', 1),
(174, 'inactive', '6671d803b2b4c', 12, '2024-06-18 21:54:59', '2024-06-18 21:55:02', 1),
(175, 'inactive', '6671d80f3c5e5', 3197, '2024-06-18 21:55:11', '2024-06-18 21:55:14', 1);

-- --------------------------------------------------------

--
-- Estructura de tabla para la tabla `cart_product`
--

CREATE TABLE `cart_product` (
  `id` int(10) UNSIGNED NOT NULL,
  `cart_id` int(10) UNSIGNED DEFAULT NULL,
  `product_id` int(10) UNSIGNED DEFAULT NULL,
  `quantity` int(11) DEFAULT NULL,
  `created_at` timestamp NULL DEFAULT NULL,
  `updated_at` timestamp NULL DEFAULT NULL,
  `precio` int(11) DEFAULT NULL,
  `precio_con_descuento` int(11) DEFAULT NULL
) ENGINE=InnoDB DEFAULT CHARSET=utf8mb4 COLLATE=utf8mb4_unicode_ci;

-- --------------------------------------------------------

--
-- Estructura de tabla para la tabla `categories`
--

CREATE TABLE `categories` (
  `id` int(10) UNSIGNED NOT NULL,
  `parent_id` int(10) UNSIGNED DEFAULT NULL,
  `order` int(11) NOT NULL DEFAULT 1,
  `name` varchar(255) NOT NULL,
  `slug` varchar(255) DEFAULT NULL,
  `created_at` timestamp NULL DEFAULT NULL,
  `updated_at` timestamp NULL DEFAULT NULL,
  `familia_id` int(10) UNSIGNED DEFAULT NULL
) ENGINE=InnoDB DEFAULT CHARSET=utf8mb4 COLLATE=utf8mb4_unicode_ci;

--
-- Volcado de datos para la tabla `categories`
--

INSERT INTO `categories` (`id`, `parent_id`, `order`, `name`, `slug`, `created_at`, `updated_at`, `familia_id`) VALUES
(1258, NULL, 1, 'Bandejas Redondas Estampadas', 'bandejas-redondas-estampadas', '2024-05-23 19:20:28', '2024-05-23 19:20:28', 132),
(1259, NULL, 1, 'Bandejas Rectangulares Estampadas', 'bandejas-rectangulares-estampadas', '2024-05-23 19:20:28', '2024-05-23 19:20:28', 132),
(1260, NULL, 1, 'AA- Banderines Triangulares Lisos', 'aa--banderines-triangulares-lisos', '2024-05-23 19:20:28', '2024-05-23 19:20:28', 133),
(1261, NULL, 1, 'Azul y Amarillo - Banderines', 'azul-y-amarillo---banderines', '2024-05-23 19:20:28', '2024-05-23 19:20:28', 134),
(1262, NULL, 1, 'Línea Rojo y Blanco - Banderines', 'l-nea-rojo-y-blanco---banderines', '2024-05-23 19:20:28', '2024-05-23 19:20:28', 134),
(1263, NULL, 1, 'AB- Banderines Triangulares Estampados', 'ab--banderines-triangulares-estampados', '2024-05-23 19:20:28', '2024-05-23 19:20:28', 133),
(1264, NULL, 1, 'Bolsitas Rectangulares Estampadas', 'bolsitas-rectangulares-estampadas', '2024-05-23 19:20:28', '2024-05-23 19:20:28', 135),
(1265, NULL, 1, 'Manteles Rectangulares Lisos', 'manteles-rectangulares-lisos', '2024-05-23 19:20:28', '2024-05-23 19:20:28', 136),
(1266, NULL, 1, 'Manteles Redondos Lisos', 'manteles-redondos-lisos', '2024-05-23 19:20:28', '2024-05-23 19:20:28', 136),
(1267, NULL, 1, 'Manteles Rectangulares Estampados', 'manteles-rectangulares-estampados', '2024-05-23 19:20:28', '2024-05-23 19:20:28', 136),
(1268, NULL, 1, 'Manteles Rectangulares con Caminos Estampados', 'manteles-rectangulares-con-caminos-estampados', '2024-05-23 19:20:28', '2024-05-23 19:20:28', 136),
(1269, NULL, 1, 'Moviles Línea Comunión', 'moviles-l-nea-comuni-n', '2024-05-23 19:20:28', '2024-05-23 19:20:28', 137),
(1270, NULL, 1, 'Línea Halloween - Banderines', 'l-nea-halloween---banderines', '2024-05-23 19:20:28', '2024-05-23 19:20:28', 137),
(1271, NULL, 1, 'Set de Cocineros Estampados', 'set-de-cocineros-estampados', '2024-05-23 19:20:28', '2024-05-23 19:20:28', 138),
(1272, NULL, 1, 'GB- Pecheras para Fotos', 'gb--pecheras-para-fotos', '2024-05-23 19:20:29', '2024-05-23 19:20:29', 139),
(1273, NULL, 1, 'Bolsitas Redondas Estampadas', 'bolsitas-redondas-estampadas', '2024-05-23 19:20:29', '2024-05-23 19:20:29', 135),
(1274, NULL, 1, 'EA- Photo Props', 'ea--photo-props', '2024-05-23 19:20:29', '2024-05-23 19:20:29', 139),
(1275, NULL, 1, 'CB- Guirnaldas Hawaianas x3 mts.', 'cb--guirnaldas-hawaianas-x3-mts', '2024-05-23 19:20:29', '2024-05-23 19:20:29', 133),
(1276, NULL, 1, 'Línea Navidad - Manteles', 'l-nea-navidad---manteles', '2024-05-23 19:20:29', '2024-05-23 19:20:29', 137),
(1277, NULL, 1, 'GB- Carteles Sublimados', 'gb--carteles-sublimados', '2024-05-23 19:20:29', '2024-05-23 19:20:29', 133),
(1278, NULL, 1, 'Línea Halloween - Gorros', 'l-nea-halloween---gorros', '2024-05-23 19:20:29', '2024-05-23 19:20:29', 137),
(1279, NULL, 1, 'Línea Halloween - Moños', 'l-nea-halloween---mo-os', '2024-05-23 19:20:29', '2024-05-23 19:20:29', 137),
(1280, NULL, 1, 'Línea Halloween - Corbatas', 'l-nea-halloween---corbatas', '2024-05-23 19:20:29', '2024-05-23 19:20:29', 137),
(1281, NULL, 1, 'Línea Halloween - Carteles', 'l-nea-halloween---carteles', '2024-05-23 19:20:29', '2024-05-23 19:20:29', 137),
(1282, NULL, 1, 'Línea Blanco y Rojo - Vinchas', 'l-nea-blanco-y-rojo---vinchas', '2024-05-23 19:20:29', '2024-05-23 19:20:29', 134),
(1283, NULL, 1, 'BB-Corbatas Estampadas', 'bb-corbatas-estampadas', '2024-05-23 19:20:29', '2024-05-23 19:20:29', 139),
(1284, NULL, 1, 'Manteles Rectangulares con Caminos Lisos', 'manteles-rectangulares-con-caminos-lisos', '2024-05-23 19:20:29', '2024-05-23 19:20:29', 136),
(1285, NULL, 1, 'GB- Marcos para fotos', 'gb--marcos-para-fotos', '2024-05-23 19:20:29', '2024-05-23 19:20:29', 139),
(1286, NULL, 1, 'Azul y Amarillo - Manteles', 'azul-y-amarillo---manteles', '2024-05-23 19:20:29', '2024-05-23 19:20:29', 134),
(1287, NULL, 1, 'Línea Blanco y Rojo - Manteles', 'l-nea-blanco-y-rojo---manteles', '2024-05-23 19:20:29', '2024-05-23 19:20:29', 134),
(1288, NULL, 1, 'Set de Cocineros Lisos', 'set-de-cocineros-lisos', '2024-05-23 19:20:29', '2024-05-23 19:20:29', 138),
(1289, NULL, 1, 'FA- Pompones Lisos', 'fa--pompones-lisos', '2024-05-23 19:20:29', '2024-05-23 19:20:29', 133),
(1290, NULL, 1, 'HB-Bolsas de Cotillón Lisas', 'hb-bolsas-de-cotill-n-lisas', '2024-05-23 19:20:29', '2024-05-23 19:20:29', 139),
(1291, NULL, 1, 'BB- Banderines Vintage Estampados', 'bb--banderines-vintage-estampados', '2024-05-23 19:20:29', '2024-05-23 19:20:29', 133),
(1292, NULL, 1, 'Línea Primavera - Banderines Vintage', 'l-nea-primavera---banderines-vintage', '2024-05-23 19:20:29', '2024-05-23 19:20:29', 137),
(1293, NULL, 1, 'Azul y Amarillo - Gorros', 'azul-y-amarillo---gorros', '2024-05-23 19:20:29', '2024-05-23 19:20:29', 134),
(1294, NULL, 1, 'Bolsitas Rectangulares Lisas', 'bolsitas-rectangulares-lisas', '2024-05-23 19:20:29', '2024-05-23 19:20:29', 135),
(1295, NULL, 1, 'Azul y Amarillo - Guirnaldas', 'azul-y-amarillo---guirnaldas', '2024-05-23 19:20:29', '2024-05-23 19:20:29', 134),
(1296, NULL, 1, 'Línea Blanco y Rojo - Guirnaldas', 'l-nea-blanco-y-rojo---guirnaldas', '2024-05-23 19:20:29', '2024-05-23 19:20:29', 134),
(1297, NULL, 1, 'Línea Blanco y Rojo - Gorros', 'l-nea-blanco-y-rojo---gorros', '2024-05-23 19:20:29', '2024-05-23 19:20:29', 134),
(1298, NULL, 1, 'Línea Navidad - Gorros', 'l-nea-navidad---gorros', '2024-05-23 19:20:29', '2024-05-23 19:20:29', 137),
(1299, NULL, 1, 'CA- Guirnaldas Hawaians x1 mts.', 'ca--guirnaldas-hawaians-x1-mts', '2024-05-23 19:20:29', '2024-05-23 19:20:29', 133),
(1300, NULL, 1, 'AA- Gorros Lisos', 'aa--gorros-lisos', '2024-05-23 19:20:29', '2024-05-23 19:20:29', 139),
(1301, NULL, 1, 'AB-Gorros Estampados', 'ab-gorros-estampados', '2024-05-23 19:20:29', '2024-05-23 19:20:29', 139),
(1302, NULL, 1, 'Azul y Amarillo - Pompones', 'azul-y-amarillo---pompones', '2024-05-23 19:20:29', '2024-05-23 19:20:29', 134),
(1303, NULL, 1, 'FC- Pompones Línea Argentina', 'fc--pompones-l-nea-argentina', '2024-05-23 19:20:29', '2024-05-23 19:20:29', 133),
(1304, NULL, 1, 'Línea Navidad - Pompones', 'l-nea-navidad---pompones', '2024-05-23 19:20:29', '2024-05-23 19:20:29', 137),
(1305, NULL, 1, 'Linea Halloween - Manteles Rectangulares Estampados', 'linea-halloween---manteles-rectangulares-estampados', '2024-05-23 19:20:29', '2024-05-23 19:20:29', 137),
(1306, NULL, 1, 'Bandejas Redondas Lisas', 'bandejas-redondas-lisas', '2024-05-23 19:20:29', '2024-05-23 19:20:29', 132),
(1307, NULL, 1, 'Bandejas Rectangulares Lisas', 'bandejas-rectangulares-lisas', '2024-05-23 19:20:29', '2024-05-23 19:20:29', 132),
(1308, NULL, 1, 'Bolsitas Redondas Lisas', 'bolsitas-redondas-lisas', '2024-05-23 19:20:29', '2024-05-23 19:20:29', 135),
(1309, NULL, 1, 'Línea Halloween - Figuras Autoadhesivas', 'l-nea-halloween---figuras-autoadhesivas', '2024-05-23 19:20:29', '2024-05-23 19:20:29', 137),
(1310, NULL, 1, 'Línea Halloween - Moviles', 'l-nea-halloween---moviles', '2024-05-23 19:20:29', '2024-05-23 19:20:29', 137),
(1311, NULL, 1, 'Línea Primavera - Manteles', 'l-nea-primavera---manteles', '2024-05-23 19:20:29', '2024-05-23 19:20:29', 137),
(1312, NULL, 1, 'Línea Primavera - Figuras Autoadhesivas', 'l-nea-primavera---figuras-autoadhesivas', '2024-05-23 19:20:29', '2024-05-23 19:20:29', 137),
(1313, NULL, 1, 'Línea Primavera - Banderines', 'l-nea-primavera---banderines', '2024-05-23 19:20:29', '2024-05-23 19:20:29', 137),
(1314, NULL, 1, 'DA-Collares Hawaianos', 'da-collares-hawaianos', '2024-05-23 19:20:29', '2024-05-23 19:20:29', 139),
(1315, NULL, 1, 'Línea Primavera - Móviles', 'l-nea-primavera---m-viles', '2024-05-23 19:20:29', '2024-05-23 19:20:29', 137),
(1316, NULL, 1, 'Línea Primavera - Vinchas', 'l-nea-primavera---vinchas', '2024-05-23 19:20:30', '2024-05-23 19:20:30', 137),
(1317, NULL, 1, 'Línea Halloween - Manteles', 'l-nea-halloween---manteles', '2024-05-23 19:20:30', '2024-05-23 19:20:30', 137),
(1318, NULL, 1, 'CB- Moños Estampados', 'cb--mo-os-estampados', '2024-05-23 19:20:30', '2024-05-23 19:20:30', 139),
(1319, NULL, 1, 'Línea Primavera - Gorros', 'l-nea-primavera---gorros', '2024-05-23 19:20:30', '2024-05-23 19:20:30', 137),
(1320, NULL, 1, 'Línea Halloween - Bolsitas', 'l-nea-halloween---bolsitas', '2024-05-23 19:20:30', '2024-05-23 19:20:30', 137),
(1321, NULL, 1, 'Línea Navidad - Bolsas', 'l-nea-navidad---bolsas', '2024-05-23 19:20:30', '2024-05-23 19:20:30', 137),
(1322, NULL, 1, 'Bolsas', 'bolsas', '2024-05-23 19:20:30', '2024-05-23 19:20:30', 140),
(1323, NULL, 1, 'Azul y Amarillo - Vinchas', 'azul-y-amarillo---vinchas', '2024-05-23 19:20:30', '2024-05-23 19:20:30', 134),
(1324, NULL, 1, 'Línea Primavera - Carteles', 'l-nea-primavera---carteles', '2024-05-23 19:20:30', '2024-05-23 19:20:30', 137),
(1325, NULL, 1, 'Guirnaldas Línea Comunión', 'guirnaldas-l-nea-comuni-n', '2024-05-23 19:20:30', '2024-05-23 19:20:30', 137),
(1326, NULL, 1, 'Línea Blanco y Rojo - Collares', 'l-nea-blanco-y-rojo---collares', '2024-05-23 19:20:30', '2024-05-23 19:20:30', 134),
(1327, NULL, 1, 'Argentina - Collares', 'argentina---collares', '2024-05-23 19:20:30', '2024-05-23 19:20:30', 134),
(1328, NULL, 1, 'Línea Navidad - Moviles', 'l-nea-navidad---moviles', '2024-05-23 19:20:30', '2024-05-23 19:20:30', 137),
(1329, NULL, 1, 'Banderines Línea Comunión', 'banderines-l-nea-comuni-n', '2024-05-23 19:20:30', '2024-05-23 19:20:30', 137),
(1330, NULL, 1, 'Pompones Línea Comunión', 'pompones-l-nea-comuni-n', '2024-05-23 19:20:30', '2024-05-23 19:20:30', 137),
(1331, NULL, 1, 'Manteles Rectangulares Plastificados', 'manteles-rectangulares-plastificados', '2024-05-23 19:20:30', '2024-05-23 19:20:30', 136),
(1332, NULL, 1, 'Línea Primavera - Bolsitas', 'l-nea-primavera---bolsitas', '2024-05-23 19:20:30', '2024-05-23 19:20:30', 137),
(1333, NULL, 1, 'AC- Vinchas Emoticones', 'ac--vinchas-emoticones', '2024-05-23 19:20:30', '2024-05-23 19:20:30', 139),
(1334, NULL, 1, 'GA- Carteles de Cartón', 'ga--carteles-de-cart-n', '2024-05-23 19:20:30', '2024-05-23 19:20:30', 133),
(1335, NULL, 1, 'Línea Navidad - Carteles', 'l-nea-navidad---carteles', '2024-05-23 19:20:30', '2024-05-23 19:20:30', 137),
(1336, NULL, 1, 'AD- Vinchas Hawaianas', 'ad--vinchas-hawaianas', '2024-05-23 19:20:30', '2024-05-23 19:20:30', 139),
(1337, NULL, 1, 'BA-Corbatas Lisas', 'ba-corbatas-lisas', '2024-05-23 19:20:30', '2024-05-23 19:20:30', 139),
(1338, NULL, 1, 'DB- Pulseras Hawaianas', 'db--pulseras-hawaianas', '2024-05-23 19:20:30', '2024-05-23 19:20:30', 139),
(1339, NULL, 1, 'Deco Tortas', 'deco-tortas', '2024-05-23 19:20:30', '2024-05-23 19:20:30', 132),
(1340, NULL, 1, 'DC- Combos Hawaianos', 'dc--combos-hawaianos', '2024-05-23 19:20:30', '2024-05-23 19:20:30', 139),
(1341, NULL, 1, 'IA- Combos', 'ia--combos', '2024-05-23 19:20:30', '2024-05-23 19:20:30', 133),
(1342, NULL, 1, 'FB- Pompones Estampados', 'fb--pompones-estampados', '2024-05-23 19:20:30', '2024-05-23 19:20:30', 133),
(1343, NULL, 1, 'BA-Banderines Vintage Liso', 'ba-banderines-vintage-liso', '2024-05-23 19:20:30', '2024-05-23 19:20:30', 133),
(1344, NULL, 1, 'Caminos Lisos', 'caminos-lisos', '2024-05-23 19:20:30', '2024-05-23 19:20:30', 141),
(1345, NULL, 1, 'Caminos Estampados', 'caminos-estampados', '2024-05-23 19:20:31', '2024-05-23 19:20:31', 141),
(1346, NULL, 1, 'Línea Primavera - Caminos', 'l-nea-primavera---caminos', '2024-05-23 19:20:31', '2024-05-23 19:20:31', 137),
(1347, NULL, 1, 'Deco Cupcakes', 'deco-cupcakes', '2024-05-23 19:20:31', '2024-05-23 19:20:31', 132),
(1348, NULL, 1, 'HA- Móviles Bautismo', 'ha--m-viles-bautismo', '2024-05-23 19:20:31', '2024-05-23 19:20:31', 133),
(1349, NULL, 1, 'Manteles Rectangulares Estándar', 'manteles-rectangulares-est-ndar', '2024-05-23 19:20:31', '2024-05-23 19:20:31', 136),
(1350, NULL, 1, 'DA- Guirnaldas Porras', 'da--guirnaldas-porras', '2024-05-23 19:20:32', '2024-05-23 19:20:32', 133),
(1351, NULL, 1, 'EA-Guirnaldas Cadenas', 'ea-guirnaldas-cadenas', '2024-05-23 19:20:32', '2024-05-23 19:20:32', 133),
(1352, NULL, 1, 'CA- Moños Lisos', 'ca--mo-os-lisos', '2024-05-23 19:20:32', '2024-05-23 19:20:32', 139),
(1353, NULL, 1, 'Telas Multiuso Estampadas', 'telas-multiuso-estampadas', '2024-05-23 19:20:32', '2024-05-23 19:20:32', 142),
(1354, NULL, 1, 'Azul y Amarillo - Banderines Vintage', 'azul-y-amarillo---banderines-vintage', '2024-05-23 19:20:32', '2024-05-23 19:20:32', 134),
(1355, NULL, 1, 'Azul y Amarillo - Bolsitas', 'azul-y-amarillo---bolsitas', '2024-05-23 19:20:32', '2024-05-23 19:20:32', 134),
(1356, NULL, 1, 'Azul y Amarillo - Bolsas', 'azul-y-amarillo---bolsas', '2024-05-23 19:20:32', '2024-05-23 19:20:32', 134),
(1357, NULL, 1, 'Azul y Amarillo - Caminos', 'azul-y-amarillo---caminos', '2024-05-23 19:20:32', '2024-05-23 19:20:32', 134),
(1358, NULL, 1, 'Azul y Amarillo - Banderas', 'azul-y-amarillo---banderas', '2024-05-23 19:20:32', '2024-05-23 19:20:32', 134),
(1359, NULL, 1, 'Manteles Rectangulares Special Lisos', 'manteles-rectangulares-special-lisos', '2024-05-23 19:20:32', '2024-05-23 19:20:32', 136),
(1360, NULL, 1, 'HA-Bolsas de Cotillón Estampadas', 'ha-bolsas-de-cotill-n-estampadas', '2024-05-23 19:20:32', '2024-05-23 19:20:32', 139),
(1361, NULL, 1, 'Azul y Amarillo - Combos', 'azul-y-amarillo---combos', '2024-05-23 19:20:33', '2024-05-23 19:20:33', 134),
(1362, NULL, 1, 'Azul y Amarillo - Telas', 'azul-y-amarillo---telas', '2024-05-23 19:20:33', '2024-05-23 19:20:33', 134),
(1363, NULL, 1, 'Azul y Amarillo - Corbatas', 'azul-y-amarillo---corbatas', '2024-05-23 19:20:33', '2024-05-23 19:20:33', 134),
(1364, NULL, 1, 'Azul y Amarillo - Moños', 'azul-y-amarillo---mo-os', '2024-05-23 19:20:33', '2024-05-23 19:20:33', 134),
(1365, NULL, 1, 'Azul y Amarillo - Collares', 'azul-y-amarillo---collares', '2024-05-23 19:20:33', '2024-05-23 19:20:33', 134),
(1366, NULL, 1, 'Azul y Amarillo - Hawaianos', 'azul-y-amarillo---hawaianos', '2024-05-23 19:20:33', '2024-05-23 19:20:33', 134),
(1367, NULL, 1, 'Azul y Amarillo - Combos Banderas', 'azul-y-amarillo---combos-banderas', '2024-05-23 19:20:33', '2024-05-23 19:20:33', 134),
(1368, NULL, 1, 'Línea Blanco y Rojo - Banderín Vintage', 'l-nea-blanco-y-rojo---bander-n-vintage', '2024-05-23 19:20:33', '2024-05-23 19:20:33', 134),
(1369, NULL, 1, 'Línea Blanco y Rojo - Banderines Vintage', 'l-nea-blanco-y-rojo---banderines-vintage', '2024-05-23 19:20:33', '2024-05-23 19:20:33', 134),
(1370, NULL, 1, 'Línea Blanco y Rojo - Guirnaldas Cadenas', 'l-nea-blanco-y-rojo---guirnaldas-cadenas', '2024-05-23 19:20:33', '2024-05-23 19:20:33', 134),
(1371, NULL, 1, 'Línea Blanco y Rojo - Bolsitas', 'l-nea-blanco-y-rojo---bolsitas', '2024-05-23 19:20:33', '2024-05-23 19:20:33', 134),
(1372, NULL, 1, 'Línea Blanco y Rojo - Bolsas', 'l-nea-blanco-y-rojo---bolsas', '2024-05-23 19:20:33', '2024-05-23 19:20:33', 134),
(1373, NULL, 1, 'Línea Blanco y Rojo - Caminos', 'l-nea-blanco-y-rojo---caminos', '2024-05-23 19:20:33', '2024-05-23 19:20:33', 134),
(1374, NULL, 1, 'Línea Blanco y Rojo - Banderas', 'l-nea-blanco-y-rojo---banderas', '2024-05-23 19:20:33', '2024-05-23 19:20:33', 134),
(1375, NULL, 1, 'Línea Blanco y Rojo - Combos', 'l-nea-blanco-y-rojo---combos', '2024-05-23 19:20:33', '2024-05-23 19:20:33', 134),
(1376, NULL, 1, 'Línea Blanco y Rojo - Telas', 'l-nea-blanco-y-rojo---telas', '2024-05-23 19:20:33', '2024-05-23 19:20:33', 134),
(1377, NULL, 1, 'Línea Blanco y Rojo - Corbatas', 'l-nea-blanco-y-rojo---corbatas', '2024-05-23 19:20:33', '2024-05-23 19:20:33', 134),
(1378, NULL, 1, 'Línea Blanco y Rojo - Moños', 'l-nea-blanco-y-rojo---mo-os', '2024-05-23 19:20:33', '2024-05-23 19:20:33', 134),
(1379, NULL, 1, 'Línea Blanco y Rojo - Hawaianos', 'l-nea-blanco-y-rojo---hawaianos', '2024-05-23 19:20:33', '2024-05-23 19:20:33', 134),
(1380, NULL, 1, 'Manteles Redondos Special Lisos', 'manteles-redondos-special-lisos', '2024-05-23 19:20:33', '2024-05-23 19:20:33', 136),
(1381, NULL, 1, 'Manteles Rectangulares Special Estampados', 'manteles-rectangulares-special-estampados', '2024-05-23 19:20:33', '2024-05-23 19:20:33', 136),
(1382, NULL, 1, 'Manteles Rectangulares Temáticos', 'manteles-rectangulares-tem-ticos', '2024-05-23 19:20:33', '2024-05-23 19:20:33', 136),
(1383, NULL, 1, 'Telas Multiuso Lisas', 'telas-multiuso-lisas', '2024-05-23 19:20:33', '2024-05-23 19:20:33', 142),
(1384, NULL, 1, 'Artículos Sanitarios', 'art-culos-sanitarios', '2024-05-23 19:20:34', '2024-05-23 19:20:34', 143),
(1385, NULL, 1, 'Varios', 'varios', '2024-05-23 19:20:34', '2024-05-23 19:20:34', 144),
(1386, NULL, 1, 'Argentina - Banderines', 'argentina---banderines', '2024-05-23 19:20:34', '2024-05-23 19:20:34', 145),
(1387, NULL, 1, 'Argentina - Bolsitas', 'argentina---bolsitas', '2024-05-23 19:20:34', '2024-05-23 19:20:34', 145),
(1388, NULL, 1, 'Argentina - Bolsas', 'argentina---bolsas', '2024-05-23 19:20:34', '2024-05-23 19:20:34', 145),
(1389, NULL, 1, 'Argentina - Banderas', 'argentina---banderas', '2024-05-23 19:20:34', '2024-05-23 19:20:34', 145),
(1390, NULL, 1, 'Argentina - Manteles', 'argentina---manteles', '2024-05-23 19:20:34', '2024-05-23 19:20:34', 145),
(1391, NULL, 1, 'Argentina - Corbatas', 'argentina---corbatas', '2024-05-23 19:20:34', '2024-05-23 19:20:34', 134),
(1392, NULL, 1, 'Argentina - Combos', 'argentina---combos', '2024-05-23 19:20:34', '2024-05-23 19:20:34', 134),
(1393, NULL, 1, 'Argentina - Telas', 'argentina---telas', '2024-05-23 19:20:34', '2024-05-23 19:20:34', 145),
(1394, NULL, 1, 'Argentina - Guirnaldas', 'argentina---guirnaldas', '2024-05-23 19:20:34', '2024-05-23 19:20:34', 145),
(1395, NULL, 1, 'Argentina - Gorros', 'argentina---gorros', '2024-05-23 19:20:34', '2024-05-23 19:20:34', 134),
(1396, NULL, 1, 'Argentina - Moños', 'argentina---mo-os', '2024-05-23 19:20:34', '2024-05-23 19:20:34', 145),
(1397, NULL, 1, 'Argentina - Pompones', 'argentina---pompones', '2024-05-23 19:20:34', '2024-05-23 19:20:34', 134),
(1398, NULL, 1, 'Argentina - Hawaianos', 'argentina---hawaianos', '2024-05-23 19:20:34', '2024-05-23 19:20:34', 134),
(1399, NULL, 1, 'Argentina - Vinchas', 'argentina---vinchas', '2024-05-23 19:20:34', '2024-05-23 19:20:34', 134),
(1400, NULL, 1, 'Línea Navidad - Guirnaldas', 'l-nea-navidad---guirnaldas', '2024-05-23 19:20:34', '2024-05-23 19:20:34', 137),
(1401, NULL, 1, 'Línea Navidad - Individuales', 'l-nea-navidad---individuales', '2024-05-23 19:20:34', '2024-05-23 19:20:34', 137),
(1402, NULL, 1, 'Línea Halloween - Banderines Vintage', 'l-nea-halloween---banderines-vintage', '2024-05-23 19:20:34', '2024-05-23 19:20:34', 137),
(1403, NULL, 1, 'Línea Halloween - Guirnaldas', 'l-nea-halloween---guirnaldas', '2024-05-23 19:20:34', '2024-05-23 19:20:34', 137),
(1404, NULL, 1, 'Línea Halloween - Caminos', 'l-nea-halloween---caminos', '2024-05-23 19:20:34', '2024-05-23 19:20:34', 137),
(1405, NULL, 1, 'Línea Haloween - Pompones', 'l-nea-haloween---pompones', '2024-05-23 19:20:34', '2024-05-23 19:20:34', 137),
(1406, NULL, 1, 'Línea Halloween - Telas Multiuso', 'l-nea-halloween---telas-multiuso', '2024-05-23 19:20:34', '2024-05-23 19:20:34', 137),
(1407, NULL, 1, 'Vinchas Galeras', 'vinchas-galeras', '2024-05-23 19:20:34', '2024-05-23 19:20:34', 146),
(1408, NULL, 1, 'Accesorios Patrios', 'accesorios-patrios', '2024-05-23 19:20:35', '2024-05-23 19:20:35', 145),
(1409, NULL, 1, 'Globos', 'globos', '2024-05-23 19:20:35', '2024-05-23 19:20:35', 133),
(1410, NULL, 1, 'Banderín Dos Puntas Liso', 'bander-n-dos-puntas-liso', '2024-05-23 19:20:35', '2024-05-23 19:20:35', 146),
(1411, NULL, 1, 'Banderín Dos Puntas Bicolor Liso', 'bander-n-dos-puntas-bicolor-liso', '2024-05-23 19:20:35', '2024-05-23 19:20:35', 146),
(1412, NULL, 1, 'Bolsitas 15x22x6', 'bolsitas-15x22x6', '2024-05-23 19:20:35', '2024-05-23 19:20:35', 135),
(1413, NULL, 1, 'Argentina - Vincha', 'argentina---vincha', '2024-05-23 19:20:35', '2024-05-23 19:20:35', 134),
(1414, NULL, 1, 'Vinchas Props', 'vinchas-props', '2024-05-23 19:20:35', '2024-05-23 19:20:35', 146),
(1415, NULL, 1, 'Argentina - Photo Props', 'argentina---photo-props', '2024-05-23 19:20:35', '2024-05-23 19:20:35', 134),
(1416, NULL, 1, 'FA- Set Pirata', 'fa--set-pirata', '2024-05-23 19:20:36', '2024-05-23 19:20:36', 139),
(1417, NULL, 1, 'Banderín Dos Puntas Temático Feliz Cumple', 'bander-n-dos-puntas-tem-tico-feliz-cumple', '2024-05-23 19:20:36', '2024-05-23 19:20:36', 146),
(1418, NULL, 1, 'Banderín Dos Puntas Temático Te Amo', 'bander-n-dos-puntas-tem-tico-te-amo', '2024-05-23 19:20:36', '2024-05-23 19:20:36', 146),
(1419, NULL, 1, 'Banderín Dos Puntas Temático Baby Shower', 'bander-n-dos-puntas-tem-tico-baby-shower', '2024-05-23 19:20:36', '2024-05-23 19:20:36', 146),
(1420, NULL, 1, 'Banderín Dos Puntas Temático Letras', 'bander-n-dos-puntas-tem-tico-letras', '2024-05-23 19:20:36', '2024-05-23 19:20:36', 146),
(1421, NULL, 1, 'AC- Banderines Triangulares Animalitos', 'ac--banderines-triangulares-animalitos', '2024-05-23 19:20:36', '2024-05-23 19:20:36', 133),
(1422, NULL, 1, 'Banderín Dos Puntas Temático Revelación', 'bander-n-dos-puntas-tem-tico-revelaci-n', '2024-05-23 19:20:36', '2024-05-23 19:20:36', 146),
(1423, NULL, 1, 'Banderín Dos Puntas Temático Números', 'bander-n-dos-puntas-tem-tico-n-meros', '2024-05-23 19:20:36', '2024-05-23 19:20:36', 146),
(1424, NULL, 1, 'Banderín Dos Puntas Temático Signos', 'bander-n-dos-puntas-tem-tico-signos', '2024-05-23 19:20:36', '2024-05-23 19:20:36', 146),
(1425, NULL, 1, 'Bolsitas Temáticas', 'bolsitas-tem-ticas', '2024-05-23 19:20:37', '2024-05-23 19:20:37', 135),
(1426, NULL, 1, 'Manteles Rectangulares Super', 'manteles-rectangulares-super', '2024-05-23 19:20:37', '2024-05-23 19:20:37', 136),
(1427, NULL, 1, 'Accesorios', 'accesorios', '2024-05-23 19:20:37', '2024-05-23 19:20:37', 133),
(1428, NULL, 1, 'Bolsas Friselina con Manija Sin Impresión', 'bolsas-friselina-con-manija-sin-impresi-n', '2024-05-23 19:20:37', '2024-05-23 19:20:37', 147),
(1429, NULL, 1, 'Bolsas Friselina con Manija Con Logo', 'bolsas-friselina-con-manija-con-logo', '2024-05-23 19:20:37', '2024-05-23 19:20:37', 147),
(1430, NULL, 1, 'Bolsas Friselina Riñón Sin Impresión', 'bolsas-friselina-ri-n-sin-impresi-n', '2024-05-23 19:20:38', '2024-05-23 19:20:38', 147),
(1431, NULL, 1, 'Bolsas Friselina Riñón Con Logo', 'bolsas-friselina-ri-n-con-logo', '2024-05-23 19:20:38', '2024-05-23 19:20:38', 147),
(1432, NULL, 1, 'Disfraces', 'disfraces', '2024-05-23 19:20:38', '2024-05-23 19:20:38', 145),
(1433, NULL, 1, 'Escarapela Patria', 'escarapela-patria', '2024-05-23 19:20:39', '2024-05-23 19:20:39', 145),
(1434, NULL, 1, 'Decoración Patria', 'decoraci-n-patria', '2024-05-23 19:20:39', '2024-05-23 19:20:39', 145),
(1435, NULL, 1, 'Productos Acetato Flúo', 'productos-acetato-fl-o', '2024-05-23 19:20:39', '2024-05-23 19:20:39', 148),
(1436, NULL, 1, 'Rollo de Friselina', 'rollo-de-friselina', '2024-05-23 19:20:39', '2024-05-23 19:20:39', 149),
(1441, NULL, 1, 'Banderine', 'banderines', '2024-06-01 19:29:02', '2024-06-10 16:13:38', 153);

-- --------------------------------------------------------

--
-- Estructura de tabla para la tabla `combo_productos`
--

CREATE TABLE `combo_productos` (
  `id` bigint(20) UNSIGNED NOT NULL,
  `combo_id` bigint(20) UNSIGNED NOT NULL,
  `product_id` bigint(20) UNSIGNED NOT NULL,
  `cantidad` int(11) NOT NULL,
  `precio` decimal(12,2) DEFAULT NULL,
  `created_at` timestamp NULL DEFAULT NULL,
  `updated_at` timestamp NULL DEFAULT NULL,
  `lista_precio_1` float NOT NULL,
  `lista_precio_2` float NOT NULL,
  `lista_precio_3` float NOT NULL,
  `lista_precio_4` float NOT NULL
) ENGINE=InnoDB DEFAULT CHARSET=utf8mb4 COLLATE=utf8mb4_general_ci;

--
-- Volcado de datos para la tabla `combo_productos`
--

INSERT INTO `combo_productos` (`id`, `combo_id`, `product_id`, `cantidad`, `precio`, `created_at`, `updated_at`, `lista_precio_1`, `lista_precio_2`, `lista_precio_3`, `lista_precio_4`) VALUES
(39, 52032, 49605, 10, NULL, NULL, NULL, 2364.7, 1665.95, 1637.38, 2128.21),
(40, 52032, 49619, 10, NULL, NULL, NULL, 2364.7, 1665.95, 1637.38, 2128.21);

-- --------------------------------------------------------

--
-- Estructura de tabla para la tabla `data_rows`
--

CREATE TABLE `data_rows` (
  `id` int(10) UNSIGNED NOT NULL,
  `data_type_id` int(10) UNSIGNED NOT NULL,
  `field` varchar(255) NOT NULL,
  `type` varchar(255) NOT NULL,
  `display_name` varchar(255) NOT NULL,
  `required` tinyint(1) NOT NULL DEFAULT 0,
  `browse` tinyint(1) NOT NULL DEFAULT 1,
  `read` tinyint(1) NOT NULL DEFAULT 1,
  `edit` tinyint(1) NOT NULL DEFAULT 1,
  `add` tinyint(1) NOT NULL DEFAULT 1,
  `delete` tinyint(1) NOT NULL DEFAULT 1,
  `details` text DEFAULT NULL,
  `order` int(11) NOT NULL DEFAULT 1
) ENGINE=InnoDB DEFAULT CHARSET=utf8mb4 COLLATE=utf8mb4_unicode_ci;



-- --------------------------------------------------------

--
-- Estructura de tabla para la tabla `data_types`
--

CREATE TABLE `data_types` (
  `id` int(10) UNSIGNED NOT NULL,
  `name` varchar(255) NOT NULL,
  `slug` varchar(255) NOT NULL,
  `display_name_singular` varchar(255) NOT NULL,
  `display_name_plural` varchar(255) NOT NULL,
  `icon` varchar(255) DEFAULT NULL,
  `model_name` varchar(255) DEFAULT NULL,
  `policy_name` varchar(255) DEFAULT NULL,
  `controller` varchar(255) DEFAULT NULL,
  `description` varchar(255) DEFAULT NULL,
  `generate_permissions` tinyint(1) NOT NULL DEFAULT 0,
  `server_side` tinyint(4) NOT NULL DEFAULT 0,
  `details` text DEFAULT NULL,
  `created_at` timestamp NULL DEFAULT NULL,
  `updated_at` timestamp NULL DEFAULT NULL
) ENGINE=InnoDB DEFAULT CHARSET=utf8mb4 COLLATE=utf8mb4_unicode_ci;

--
-- Volcado de datos para la tabla `data_types`
--

INSERT INTO `data_types` (`id`, `name`, `slug`, `display_name_singular`, `display_name_plural`, `icon`, `model_name`, `policy_name`, `controller`, `description`, `generate_permissions`, `server_side`, `details`, `created_at`, `updated_at`) VALUES
(1, 'users', 'users', 'User', 'Users', 'voyager-person', 'TCG\\Voyager\\Models\\User', 'TCG\\Voyager\\Policies\\UserPolicy', 'TCG\\Voyager\\Http\\Controllers\\VoyagerUserController', NULL, 1, 0, '{\"order_column\":null,\"order_display_column\":null,\"order_direction\":\"desc\",\"default_search_key\":null,\"scope\":null}', '2023-11-24 01:55:45', '2024-05-24 00:11:30'),
(2, 'menus', 'menus', 'Menu', 'Menus', 'voyager-list', 'TCG\\Voyager\\Models\\Menu', NULL, '', '', 1, 0, NULL, '2023-11-24 01:55:45', '2023-11-24 01:55:45'),
(3, 'roles', 'roles', 'Role', 'Roles', 'voyager-lock', 'TCG\\Voyager\\Models\\Role', NULL, 'TCG\\Voyager\\Http\\Controllers\\VoyagerRoleController', '', 1, 0, NULL, '2023-11-24 01:55:45', '2023-11-24 01:55:45'),
(4, 'categories', 'categories', 'Categoria', 'Categories', 'voyager-categories', 'TCG\\Voyager\\Models\\Category', NULL, NULL, NULL, 1, 0, '{\"order_column\":null,\"order_display_column\":null,\"order_direction\":\"desc\",\"default_search_key\":null,\"scope\":null}', '2023-11-24 01:55:46', '2024-06-04 19:39:01'),
(5, 'posts', 'posts', 'Post', 'Posts', 'voyager-news', 'TCG\\Voyager\\Models\\Post', 'TCG\\Voyager\\Policies\\PostPolicy', NULL, NULL, 1, 0, '{\"order_column\":null,\"order_display_column\":null,\"order_direction\":\"desc\",\"default_search_key\":null,\"scope\":null}', '2023-11-24 01:55:46', '2024-01-03 19:52:05'),
(6, 'pages', 'pages', 'Page', 'Pages', 'voyager-file-text', 'TCG\\Voyager\\Models\\Page', NULL, '', '', 1, 0, NULL, '2023-11-24 01:55:46', '2023-11-24 01:55:46'),
(13, 'category', 'category', 'Categora', 'Categorias', NULL, 'App\\Models\\Category', NULL, NULL, NULL, 1, 0, '{\"order_column\":\"orden\",\"order_display_column\":\"name\",\"order_direction\":\"asc\",\"default_search_key\":null,\"scope\":null}', '2023-11-26 05:00:13', '2023-12-13 05:11:27'),
(15, 'products', 'products', 'Producto', 'Productos', NULL, 'App\\Models\\Products', NULL, NULL, NULL, 1, 0, '{\"order_column\":null,\"order_display_column\":null,\"order_direction\":\"asc\",\"default_search_key\":null,\"scope\":null}', '2023-11-26 05:03:09', '2024-01-04 20:27:37'),
(18, 'sliders', 'sliders', 'Slider', 'Sliders', NULL, 'App\\Models\\Sliders', NULL, NULL, NULL, 1, 0, '{\"order_column\":\"order\",\"order_display_column\":\"image\",\"order_direction\":\"desc\",\"default_search_key\":null,\"scope\":null}', '2023-12-06 03:56:30', '2024-06-10 16:07:20'),
(19, 'hero', 'hero', 'Hero', 'Heroes', NULL, 'App\\Models\\Hero', NULL, NULL, NULL, 1, 0, '{\"order_column\":\"order\",\"order_display_column\":\"image\",\"order_direction\":\"asc\",\"default_search_key\":null,\"scope\":null}', '2023-12-06 05:39:36', '2023-12-07 01:35:20'),
(20, 'subcategorias', 'subcategorias', 'Subcategoria', 'Subcategorias', NULL, 'App\\Models\\Subcategory', NULL, NULL, NULL, 1, 0, '{\"order_column\":null,\"order_display_column\":null,\"order_direction\":\"asc\",\"default_search_key\":null,\"scope\":null}', '2023-12-07 05:48:47', '2023-12-14 03:56:49'),
(22, 'trabajos', 'trabajos', 'Trabajo', 'Trabajos', NULL, 'App\\Models\\Trabajos', NULL, NULL, NULL, 1, 0, '{\"order_column\":null,\"order_display_column\":null,\"order_direction\":\"asc\",\"default_search_key\":null,\"scope\":null}', '2023-12-12 20:48:52', '2024-01-05 17:20:49'),
(23, 'category_trabajos', 'category-trabajos', 'Categoria Trabajo', 'Categorias Trabajos', NULL, 'App\\Models\\TrabajoCategory', NULL, NULL, NULL, 1, 0, '{\"order_column\":\"orden\",\"order_display_column\":\"name\",\"order_direction\":\"asc\",\"default_search_key\":null,\"scope\":null}', '2023-12-12 20:51:21', '2023-12-13 05:13:16'),
(24, 'pedidos', 'pedidos', 'Pedido', 'Pedidos', NULL, 'App\\Models\\Pedido', NULL, NULL, NULL, 1, 0, '{\"order_column\":null,\"order_display_column\":null,\"order_direction\":\"asc\",\"default_search_key\":null}', '2024-01-19 04:34:20', '2024-01-19 04:34:20'),
(25, 'products_excel', 'products-excel', 'Products Excel', 'Products Excels', NULL, 'App\\Models\\ProductsExcel', NULL, NULL, NULL, 1, 0, '{\"order_column\":null,\"order_display_column\":null,\"order_direction\":\"asc\",\"default_search_key\":\"codigo\",\"scope\":null}', '2024-05-17 01:06:05', '2024-06-05 06:03:47'),
(26, 'familia', 'familia', 'Familia', 'Familias', NULL, 'App\\Models\\Familia', NULL, NULL, NULL, 1, 0, '{\"order_column\":null,\"order_display_column\":null,\"order_direction\":\"asc\",\"default_search_key\":null,\"scope\":null}', '2024-05-23 05:30:20', '2024-06-10 16:06:02'),
(27, 'rubros', 'rubros', 'Rubro', 'Rubros', NULL, 'App\\Models\\Rubro', NULL, NULL, NULL, 1, 0, '{\"order_column\":null,\"order_display_column\":null,\"order_direction\":\"asc\",\"default_search_key\":null,\"scope\":null}', '2024-05-31 00:26:18', '2024-05-31 18:10:15'),
(29, 'transportes', 'transportes', 'Transporte', 'Transportes', NULL, 'App\\Models\\Transporte', NULL, NULL, NULL, 1, 0, '{\"order_column\":null,\"order_display_column\":null,\"order_direction\":\"asc\",\"default_search_key\":null}', '2024-06-08 17:07:34', '2024-06-08 17:07:34'),
(30, 'razon_social', 'razon-social', 'Razon Social', 'Razon Socials', NULL, 'App\\Models\\RazonSocial', NULL, NULL, NULL, 1, 0, '{\"order_column\":null,\"order_display_column\":null,\"order_direction\":\"asc\",\"default_search_key\":null}', '2024-06-24 23:42:55', '2024-06-24 23:42:55');

-- --------------------------------------------------------

--
-- Estructura de tabla para la tabla `failed_jobs`
--

CREATE TABLE `failed_jobs` (
  `id` bigint(20) UNSIGNED NOT NULL,
  `uuid` varchar(255) NOT NULL,
  `connection` text NOT NULL,
  `queue` text NOT NULL,
  `payload` longtext NOT NULL,
  `exception` longtext NOT NULL,
  `failed_at` timestamp NOT NULL DEFAULT current_timestamp()
) ENGINE=InnoDB DEFAULT CHARSET=utf8mb4 COLLATE=utf8mb4_unicode_ci;

-- --------------------------------------------------------

--
-- Estructura de tabla para la tabla `familia`
--

CREATE TABLE `familia` (
  `id` int(10) UNSIGNED NOT NULL,
  `nombre` varchar(255) DEFAULT NULL,
  `created_at` timestamp NULL DEFAULT NULL,
  `updated_at` timestamp NULL DEFAULT NULL,
  `slug` varchar(255) DEFAULT NULL,
  `imagen` varchar(255) DEFAULT NULL
) ENGINE=InnoDB DEFAULT CHARSET=utf8mb4 COLLATE=utf8mb4_unicode_ci;

--
-- Volcado de datos para la tabla `familia`
--

INSERT INTO `familia` (`id`, `nombre`, `created_at`, `updated_at`, `slug`, `imagen`) VALUES
(132, 'G- Deco Tortas y Cupcakes', '2024-05-23 19:20:00', '2024-05-27 21:58:21', 'g--deco-tortas-y-cupcakes', 'familia\\May2024\\7zU6h8XySQeqIUZwvCzk.jpg'),
(133, 'D- Decorativo', '2024-05-23 19:20:00', '2024-05-27 21:58:30', 'd--decorativo', 'familia\\May2024\\dHtMkevQGwnPKhRGVCMh.jpg'),
(134, 'F- Equipos de Futbol', '2024-05-23 19:20:00', '2024-05-27 21:56:42', 'f--equipos-de-futbol', 'familia\\May2024\\aHKb04t1NW02HTDl1OaM.jpg'),
(135, 'H- Bolsitas de Friselina', '2024-05-23 19:20:00', '2024-05-27 21:56:53', 'h--bolsitas-de-friselina', 'familia\\May2024\\kT6p0kX8xt0vNtemVuwO.jpg'),
(136, 'C- Manteles', '2024-05-23 19:20:00', '2024-05-27 21:58:08', 'c--manteles', 'familia\\May2024\\uPuGQn4vhQO4MBlCY87C.jpg'),
(137, 'J- Temporadas', '2024-05-23 19:20:00', '2024-05-27 21:57:57', 'j--temporadas', 'familia\\May2024\\sYJ0jSCq2jU0ATkv79QB.jpg'),
(138, 'Set de Cocineros', '2024-05-23 19:20:00', '2024-05-27 21:59:02', 'set-de-cocineros', 'familia\\May2024\\hNiQvic2RblnrkXVlAUQ.webp'),
(139, 'E-Carnaval Carioca', '2024-05-23 19:20:00', '2024-05-27 21:57:16', 'e-carnaval-carioca', 'familia\\May2024\\DUL5xTa1dQJvsgGkQgD1.jpg'),
(140, 'Bolsitas Ecológicas', '2024-05-23 19:20:00', '2024-05-27 21:59:21', 'bolsitas-ecol-gicas', 'familia\\May2024\\xv1OgiMBzTrmd5UkVws0.webp'),
(141, 'Caminos', '2024-05-23 19:20:00', '2024-05-27 21:59:14', 'caminos', 'familia\\May2024\\FGA5XDQcI5kKvn96VZ6v.webp'),
(142, 'I- Telas', '2024-05-23 19:20:00', '2024-05-27 21:57:01', 'i--telas', 'familia\\May2024\\yaKGQEhjgyWZrIcZfiOH.jpg'),
(143, 'Artículos Sanitarios', '2024-05-23 19:20:00', '2024-05-27 21:59:34', 'art-culos-sanitarios', 'familia\\May2024\\vnxey96DUrda1j8WZspH.webp'),
(144, 'Otras áreas', '2024-05-23 19:20:00', '2024-05-27 21:59:28', 'otras-reas', 'familia\\May2024\\qM4x0HPNB9yGPjL1JTwL.webp'),
(145, 'B- Línea Patrio', '2024-05-23 19:20:00', '2024-05-27 21:56:24', 'b--l-nea-patrio', 'familia\\May2024\\bQQjwgJZ6ck5IwZuAUT2.jpg'),
(146, 'A- Novedades', '2024-05-23 19:20:00', '2024-05-27 21:57:43', 'a--novedades', 'familia\\May2024\\T14tZizq1QJv2Boh7BhK.jpg'),
(147, 'Línea Bolsas de Friselina', '2024-05-23 19:20:00', '2024-05-27 21:54:35', 'l-nea-bolsas-de-friselina', 'familia\\May2024\\TK51RP3fnEfMRGD7GIWA.jpg'),
(148, 'Oportunidades', '2024-05-23 19:20:00', '2024-05-27 21:54:03', 'oportunidades', 'familia\\May2024\\EkcmXGjYlv5UC8k3sjGB.jpg'),
(149, 'Rollo de Friselina', '2024-05-23 19:20:00', '2024-05-27 21:54:28', 'rollo-de-friselina', 'familia\\May2024\\3GE6goiu0bqftAmfe08S.jpg'),
(153, 'Combo', '2024-06-01 19:29:02', '2024-06-10 16:13:46', 'combos', NULL);

-- --------------------------------------------------------

--
-- Estructura de tabla para la tabla `hero`
--

CREATE TABLE `hero` (
  `id` int(10) UNSIGNED NOT NULL,
  `title` varchar(255) DEFAULT NULL,
  `content` text DEFAULT NULL,
  `image` varchar(255) DEFAULT NULL,
  `created_at` timestamp NULL DEFAULT NULL,
  `updated_at` timestamp NULL DEFAULT NULL,
  `order` int(11) DEFAULT NULL,
  `image_mobile` varchar(255) DEFAULT NULL
) ENGINE=InnoDB DEFAULT CHARSET=utf8mb4 COLLATE=utf8mb4_unicode_ci;

--
-- Volcado de datos para la tabla `hero`
--

INSERT INTO `hero` (`id`, `title`, `content`, `image`, `created_at`, `updated_at`, `order`, `image_mobile`) VALUES
(1, 'Creaciones Tries', '<p>Tu mayorista de Cotillon</p>', 'hero\\May2024\\UlFNqlk4C8aeJnQrGzJy.jpg', '2023-12-06 05:41:00', '2024-05-23 18:30:09', NULL, 'hero\\May2024\\XsxLW8C9bat3wNhuOVAb.jpg');

-- --------------------------------------------------------

--
-- Estructura de tabla para la tabla `menus`
--

CREATE TABLE `menus` (
  `id` int(10) UNSIGNED NOT NULL,
  `name` varchar(255) NOT NULL,
  `created_at` timestamp NULL DEFAULT NULL,
  `updated_at` timestamp NULL DEFAULT NULL
) ENGINE=InnoDB DEFAULT CHARSET=utf8mb4 COLLATE=utf8mb4_unicode_ci;

--
-- Volcado de datos para la tabla `menus`
--

INSERT INTO `menus` (`id`, `name`, `created_at`, `updated_at`) VALUES
(1, 'admin', '2023-11-24 01:55:46', '2023-11-24 01:55:46'),
(2, 'menu', '2023-12-09 00:51:37', '2023-12-09 00:51:37'),
(3, 'admin-pedidos', '2024-01-19 21:12:24', '2024-01-19 21:12:24'),
(4, 'vendeores_menu', '2024-06-05 03:45:35', '2024-06-05 03:45:35');

-- --------------------------------------------------------

--
-- Estructura de tabla para la tabla `menu_items`
--

CREATE TABLE `menu_items` (
  `id` int(10) UNSIGNED NOT NULL,
  `menu_id` int(10) UNSIGNED DEFAULT NULL,
  `title` varchar(255) NOT NULL,
  `url` varchar(255) NOT NULL,
  `target` varchar(255) NOT NULL DEFAULT '_self',
  `icon_class` varchar(255) DEFAULT NULL,
  `color` varchar(255) DEFAULT NULL,
  `parent_id` int(11) DEFAULT NULL,
  `order` int(11) NOT NULL,
  `created_at` timestamp NULL DEFAULT NULL,
  `updated_at` timestamp NULL DEFAULT NULL,
  `route` varchar(255) DEFAULT NULL,
  `parameters` text DEFAULT NULL
) ENGINE=InnoDB DEFAULT CHARSET=utf8mb4 COLLATE=utf8mb4_unicode_ci;

--
-- Volcado de datos para la tabla `menu_items`
--

INSERT INTO `menu_items` (`id`, `menu_id`, `title`, `url`, `target`, `icon_class`, `color`, `parent_id`, `order`, `created_at`, `updated_at`, `route`, `parameters`) VALUES
(1, 1, 'Dashboard', '', '_self', NULL, '#000000', NULL, 1, '2023-11-24 01:55:46', '2024-05-23 22:22:09', 'voyager.dashboard', 'null'),
(3, 1, 'Usuarios', '', '_self', 'voyager-person', '#000000', NULL, 4, '2023-11-24 01:55:46', '2024-05-30 06:28:59', 'voyager.users.index', 'null'),
(6, 1, 'Menu Builder', '', '_self', 'voyager-list', NULL, 5, 1, '2023-11-24 01:55:46', '2023-11-25 02:02:31', 'voyager.menus.index', NULL),
(7, 1, 'Database', '', '_self', 'voyager-data', NULL, 5, 2, '2023-11-24 01:55:46', '2023-11-25 02:02:31', 'voyager.database.index', NULL),
(8, 1, 'Compass', '', '_self', 'voyager-compass', NULL, 5, 3, '2023-11-24 01:55:46', '2023-11-25 02:02:31', 'voyager.compass.index', NULL),
(9, 1, 'BREAD', '', '_self', 'voyager-bread', NULL, 5, 4, '2023-11-24 01:55:46', '2023-11-25 02:02:31', 'voyager.bread.index', NULL),
(10, 1, 'Configuraciones', '', '_self', 'voyager-settings', '#000000', NULL, 5, '2023-11-24 01:55:46', '2024-05-30 06:29:00', 'voyager.settings.index', 'null'),
(12, 1, 'Notas', '', '_self', NULL, '#000000', 17, 1, '2023-11-24 01:55:46', '2023-11-26 05:47:27', 'voyager.posts.index', 'null'),
(16, 1, 'ABM Productos', '', '_self', NULL, '#000000', NULL, 2, '2023-11-26 05:46:30', '2024-05-23 22:22:15', NULL, ''),
(17, 1, 'ABM Notas', '', '_self', NULL, '#000000', NULL, 3, '2023-11-26 05:46:35', '2024-05-30 06:28:59', NULL, ''),
(18, 1, 'Sliders', '', '_self', NULL, NULL, NULL, 6, '2023-12-06 03:56:30', '2024-05-30 06:29:00', 'voyager.sliders.index', NULL),
(19, 1, 'Home Hero', '', '_self', NULL, '#000000', NULL, 7, '2023-12-06 05:39:36', '2024-05-30 06:29:00', 'voyager.hero.index', 'null'),
(21, 2, 'Articulos', '/categorias', '_self', NULL, '#000000', NULL, 2, '2023-12-09 00:52:18', '2024-06-05 04:01:46', NULL, ''),
(24, 1, 'Trabajos', '', '_self', NULL, NULL, 26, 1, '2023-12-12 20:48:52', '2023-12-12 20:52:56', 'voyager.trabajos.index', NULL),
(25, 1, 'Categorias Trabajos', '', '_self', NULL, NULL, 26, 2, '2023-12-12 20:51:21', '2023-12-12 20:52:57', 'voyager.category-trabajos.index', NULL),
(27, 1, 'Menú pagina web', '/admin/menus/2/builder', '_self', NULL, '#000000', 36, 1, '2023-12-13 05:14:43', '2024-01-19 21:40:35', NULL, ''),
(31, 2, 'Mis Pedidos', '/pedidos', '_self', NULL, '#000000', NULL, 3, '2024-01-18 21:51:55', '2024-06-05 04:01:46', NULL, ''),
(32, 1, 'Pedidos', '', '_self', NULL, NULL, NULL, 9, '2024-01-19 04:34:20', '2024-05-30 06:29:00', 'voyager.pedidos.index', NULL),
(34, 3, 'Ver Pedidos', '/pedidos-all', '_self', NULL, '#000000', NULL, 4, '2024-01-19 21:12:55', '2024-06-05 04:00:57', NULL, ''),
(36, 1, 'Menus', '', '_self', NULL, '#000000', NULL, 8, '2024-01-19 21:40:25', '2024-05-30 06:29:00', NULL, ''),
(37, 1, 'Menú admin pedidos', '/admin/menus/3/builder', '_self', NULL, '#000000', 36, 2, '2024-01-19 21:41:00', '2024-01-19 21:41:03', NULL, ''),
(38, 3, 'Inicio', '/', '_self', NULL, '#000000', NULL, 1, '2024-01-19 21:44:52', '2024-06-05 03:52:54', NULL, ''),
(40, 1, 'Cambiar Precios', '/admin/cambiar-precios', '_self', NULL, '#000000', NULL, 11, '2024-05-17 20:37:51', '2024-05-30 06:29:00', NULL, ''),
(42, 1, 'Importar Excel', '/admin/importacio', '_self', NULL, '#000000', NULL, 13, '2024-05-23 18:52:12', '2024-05-30 06:29:00', NULL, ''),
(43, 1, 'Importar Articulos', '/admin/importacion', '_self', NULL, '#000000', 42, 1, '2024-05-23 19:56:39', '2024-05-23 19:57:22', NULL, ''),
(44, 1, 'Importar Usuarios', '/admin/importacion-users', '_self', NULL, '#000000', 42, 2, '2024-05-23 19:57:08', '2024-05-23 19:57:23', NULL, ''),
(45, 1, 'Historico Precios', '/admin/historico-precios', '_self', NULL, '#000000', NULL, 12, '2024-05-29 20:21:55', '2024-05-30 06:29:00', NULL, ''),
(46, 1, 'Carrito Activos', '/admin/carritos-activos', '_self', NULL, '#000000', NULL, 10, '2024-05-29 23:34:47', '2024-05-30 06:29:00', NULL, ''),
(47, 1, 'Familias', '/admin/familias', '_self', NULL, '#000000', 16, 4, '2024-05-30 06:15:10', '2024-05-31 17:22:26', NULL, ''),
(48, 1, 'Media', '/admin/media', '_self', NULL, '#000000', NULL, 14, '2024-05-30 22:45:30', '2024-05-30 22:45:30', NULL, ''),
(49, 1, 'Rubros', '', '_self', NULL, NULL, NULL, 15, '2024-05-31 00:26:18', '2024-05-31 00:26:18', 'voyager.rubros.index', NULL),
(50, 1, 'Productos Publicados', '/admin/productos-publicados', '_self', NULL, '#000000', 16, 1, '2024-05-31 17:22:00', '2024-05-31 17:22:22', NULL, ''),
(51, 1, 'Productos no Publicados', '/admin/productos-no-publicados', '_self', NULL, '#000000', 16, 2, '2024-05-31 17:22:16', '2024-05-31 17:22:25', NULL, ''),
(52, 1, 'Combos', '/admin/combos', '_self', NULL, '#000000', 16, 3, '2024-06-01 19:55:40', '2024-06-01 19:55:45', NULL, ''),
(53, 4, 'Pedidos', '/pedidos-vendedor', '_self', NULL, '#000000', NULL, 3, '2024-06-05 03:46:04', '2024-06-05 04:01:15', NULL, ''),
(54, 4, 'Crear cliente', '/crear-cliente', '_self', NULL, '#000000', NULL, 4, '2024-06-05 03:46:32', '2024-06-05 04:01:15', NULL, ''),
(55, 4, 'Carritos Pendientes', '/carritos-pendientes', '_self', NULL, '#000000', NULL, 5, '2024-06-05 03:46:48', '2024-06-05 04:01:15', NULL, ''),
(56, 4, 'Dashboard', '/admin-vendedores', '_self', NULL, '#000000', NULL, 2, '2024-06-05 03:47:08', '2024-06-05 04:01:15', NULL, ''),
(57, 3, 'Dashboard', '/admin-pedidos', '_self', NULL, '#000000', NULL, 3, '2024-06-05 03:52:21', '2024-06-05 04:00:57', NULL, ''),
(58, 3, 'Articulos', '/categorias', '_self', NULL, '#000000', NULL, 2, '2024-06-05 04:00:52', '2024-06-05 04:00:57', NULL, ''),
(59, 4, 'Articulos', '/categorias', '_self', NULL, '#000000', NULL, 1, '2024-06-05 04:01:09', '2024-06-05 04:01:12', NULL, ''),
(60, 2, 'Inicio', '/', '_self', NULL, '#000000', NULL, 1, '2024-06-05 04:01:44', '2024-06-05 04:01:46', NULL, ''),
(61, 4, 'Clientes', '/clientes', '_self', NULL, '#000000', NULL, 6, '2024-06-07 22:24:29', '2024-06-07 22:24:32', NULL, ''),
(62, 3, 'Clientes', '/clientes', '_self', NULL, '#000000', NULL, 16, '2024-06-07 22:24:49', '2024-06-07 22:24:49', NULL, ''),
(63, 1, 'Transportes', '', '_self', NULL, NULL, NULL, 17, '2024-06-08 17:07:34', '2024-06-08 17:07:34', 'voyager.transportes.index', NULL),
(64, 3, 'Seleccionar cliente', '/select-client', '_self', NULL, '#000000', NULL, 18, '2024-06-08 22:24:15', '2024-06-08 22:24:15', NULL, ''),
(65, 1, 'Razon Socials', '', '_self', NULL, NULL, NULL, 19, '2024-06-24 23:42:55', '2024-06-24 23:42:55', 'voyager.razon-social.index', NULL);

-- --------------------------------------------------------

--
-- Estructura de tabla para la tabla `migrations`
--

CREATE TABLE `migrations` (
  `id` int(10) UNSIGNED NOT NULL,
  `migration` varchar(255) NOT NULL,
  `batch` int(11) NOT NULL
) ENGINE=InnoDB DEFAULT CHARSET=utf8mb4 COLLATE=utf8mb4_unicode_ci;

--
-- Volcado de datos para la tabla `migrations`
--

INSERT INTO `migrations` (`id`, `migration`, `batch`) VALUES
(1, '2014_10_12_000000_create_users_table', 1),
(2, '2014_10_12_100000_create_password_reset_tokens_table', 1),
(3, '2019_08_19_000000_create_failed_jobs_table', 1),
(4, '2019_12_14_000001_create_personal_access_tokens_table', 1),
(5, '2023_11_11_020739_create_chirps_table', 1),
(6, '2016_01_01_000000_add_voyager_user_fields', 2),
(7, '2016_01_01_000000_create_data_types_table', 2),
(8, '2016_05_19_173453_create_menu_table', 2),
(9, '2016_10_21_190000_create_roles_table', 2),
(10, '2016_10_21_190000_create_settings_table', 2),
(11, '2016_11_30_135954_create_permission_table', 2),
(12, '2016_11_30_141208_create_permission_role_table', 2),
(13, '2016_12_26_201236_data_types__add__server_side', 2),
(14, '2017_01_13_000000_add_route_to_menu_items_table', 2),
(15, '2017_01_14_005015_create_translations_table', 2),
(16, '2017_01_15_000000_make_table_name_nullable_in_permissions_table', 2),
(17, '2017_03_06_000000_add_controller_to_data_types_table', 2),
(18, '2017_04_21_000000_add_order_to_data_rows_table', 2),
(19, '2017_07_05_210000_add_policyname_to_data_types_table', 2),
(20, '2017_08_05_000000_add_group_to_settings_table', 2),
(21, '2017_11_26_013050_add_user_role_relationship', 2),
(22, '2017_11_26_015000_create_user_roles_table', 2),
(23, '2018_03_11_000000_add_user_settings', 2),
(24, '2018_03_14_000000_add_details_to_data_types_table', 2),
(25, '2018_03_16_000000_make_settings_value_nullable', 2),
(26, '2016_01_01_000000_create_pages_table', 3),
(27, '2016_01_01_000000_create_posts_table', 3),
(28, '2016_02_15_204651_create_categories_table', 3),
(29, '2017_04_11_000000_alter_post_nullable_fields_table', 3),
(30, '2024_01_19_142144_create_page_views_table', 4);

-- --------------------------------------------------------

--
-- Estructura de tabla para la tabla `pages`
--

CREATE TABLE `pages` (
  `id` int(10) UNSIGNED NOT NULL,
  `author_id` int(11) NOT NULL,
  `title` varchar(255) NOT NULL,
  `excerpt` text DEFAULT NULL,
  `body` text DEFAULT NULL,
  `image` varchar(255) DEFAULT NULL,
  `slug` varchar(255) NOT NULL,
  `meta_description` text DEFAULT NULL,
  `meta_keywords` text DEFAULT NULL,
  `status` enum('ACTIVE','INACTIVE') NOT NULL DEFAULT 'INACTIVE',
  `created_at` timestamp NULL DEFAULT NULL,
  `updated_at` timestamp NULL DEFAULT NULL
) ENGINE=InnoDB DEFAULT CHARSET=utf8mb4 COLLATE=utf8mb4_unicode_ci;

--
-- Volcado de datos para la tabla `pages`
--

INSERT INTO `pages` (`id`, `author_id`, `title`, `excerpt`, `body`, `image`, `slug`, `meta_description`, `meta_keywords`, `status`, `created_at`, `updated_at`) VALUES
(1, 0, 'Hello World', 'Hang the jib grog grog blossom grapple dance the hempen jig gangway pressgang bilge rat to go on account lugger. Nelsons folly gabion line draught scallywag fire ship gaff fluke fathom case shot. Sea Legs bilge rat sloop matey gabion long clothes run a shot across the bow Gold Road cog league.', '<p>Hello World. Scallywag grog swab Cat o\'nine tails scuttle rigging hardtack cable nipper Yellow Jack. Handsomely spirits knave lad killick landlubber or just lubber deadlights chantey pinnace crack Jennys tea cup. Provost long clothes black spot Yellow Jack bilged on her anchor league lateen sail case shot lee tackle.</p>\n<p>Ballast spirits fluke topmast me quarterdeck schooner landlubber or just lubber gabion belaying pin. Pinnace stern galleon starboard warp carouser to go on account dance the hempen jig jolly boat measured fer yer chains. Man-of-war fire in the hole nipperkin handsomely doubloon barkadeer Brethren of the Coast gibbet driver squiffy.</p>', 'pages/page1.jpg', 'hello-world', 'Yar Meta Description', 'Keyword1, Keyword2', 'ACTIVE', '2023-11-24 01:55:46', '2023-11-24 01:55:46');

-- --------------------------------------------------------

--
-- Estructura de tabla para la tabla `page_views`
--

CREATE TABLE `page_views` (
  `id` bigint(20) UNSIGNED NOT NULL,
  `page_name` varchar(255) NOT NULL,
  `visit_count` int(11) NOT NULL DEFAULT 0,
  `created_at` timestamp NULL DEFAULT NULL,
  `updated_at` timestamp NULL DEFAULT NULL
) ENGINE=InnoDB DEFAULT CHARSET=utf8mb4 COLLATE=utf8mb4_unicode_ci;

--
-- Volcado de datos para la tabla `page_views`
--

INSERT INTO `page_views` (`id`, `page_name`, `visit_count`, `created_at`, `updated_at`) VALUES
(3, 'Pagina de inicio', 634, '2024-01-19 17:27:26', '2024-06-27 20:18:49'),
(4, 'Listado de productos', 970, '2024-01-19 17:28:34', '2024-06-27 20:18:52'),
(5, 'Pagina de Trabajos realizados', 10, '2024-01-19 17:30:10', '2024-05-22 18:48:26'),
(6, 'Pagina de detalle de Trabajo', 4, '2024-01-19 17:30:11', '2024-05-13 22:34:12');

-- --------------------------------------------------------

--
-- Estructura de tabla para la tabla `pedidos`
--

CREATE TABLE `pedidos` (
  `id` int(10) UNSIGNED NOT NULL,
  `name` varchar(255) DEFAULT NULL,
  `email` varchar(255) DEFAULT NULL,
  `localidad` varchar(255) DEFAULT NULL,
  `direccion` varchar(255) DEFAULT NULL,
  `telefono` varchar(255) DEFAULT NULL,
  `carrito` text DEFAULT NULL,
  `created_at` timestamp NULL DEFAULT NULL,
  `updated_at` timestamp NULL DEFAULT NULL,
  `total` float DEFAULT NULL,
  `user_id` int(11) DEFAULT NULL,
  `estado` varchar(255) DEFAULT NULL,
  `vendedor_id` int(11) DEFAULT NULL,
  `aprobado` int(11) DEFAULT NULL,
  `anulado` int(11) DEFAULT NULL,
  `descuento` float DEFAULT NULL,
  `total_con_descuento` float DEFAULT NULL,
  `facturado` int(11) DEFAULT 0,
  `factura_ruta` text DEFAULT NULL,
  `porcentaje_facturado` int(11) DEFAULT NULL,
  `nro_comprobante` int(11) DEFAULT NULL,
  `transporte` varchar(255) DEFAULT NULL
) ENGINE=InnoDB DEFAULT CHARSET=utf8mb4 COLLATE=utf8mb4_unicode_ci;

--
-- Volcado de datos para la tabla `pedidos`
--

INSERT INTO `pedidos` (`id`, `name`, `email`, `localidad`, `direccion`, `telefono`, `carrito`, `created_at`, `updated_at`, `total`, `user_id`, `estado`, `vendedor_id`, `aprobado`, `anulado`, `descuento`, `total_con_descuento`, `facturado`, `factura_ruta`, `porcentaje_facturado`, `nro_comprobante`, `transporte`) VALUES
(54, 'Mauricio Teruel', 'mauricioteruel98@gmail.com', 'San Miguel de Tucumán', 'Corrientes 2035', '3815582223', NULL, '2024-01-19 20:53:48', '2024-01-20 03:15:57', 500, 12, 'Entregado', NULL, NULL, NULL, NULL, NULL, 0, NULL, NULL, NULL, NULL),
(55, 'Admin', 'admin@admin.com', 'Tafí Viejo', 'Corrientes 2075', '3815582223', NULL, '2024-01-20 02:24:14', '2024-01-20 03:15:56', 500, 1, 'Entregado', NULL, NULL, NULL, NULL, NULL, 0, NULL, NULL, NULL, NULL),
(56, 'Mauricio Teruel', 'mauricioteruel98@gmail.com', 'San Miguel de Tucumán', 'Corrientes 2035', '3815582223', NULL, '2024-01-20 04:36:19', '2024-01-20 04:38:50', 300, 12, 'En preparación', NULL, NULL, NULL, NULL, NULL, 0, NULL, NULL, NULL, NULL),
(57, 'Admin', 'admin@admin.com', 'Tafí Viejo', 'Corrientes 2075', '3815582223', NULL, '2024-01-23 19:53:42', '2024-02-11 23:57:37', 0, 1, 'Entregado', NULL, NULL, NULL, NULL, NULL, 0, NULL, NULL, NULL, NULL),
(58, 'Mauricio Teruel', 'mauricioteruel98@gmail.com', 'San Miguel de Tucumán', 'Corrientes 2035', '3815582223', NULL, '2024-02-11 23:59:17', '2024-04-13 02:28:57', 200, 12, 'Entregado', NULL, NULL, NULL, NULL, NULL, 0, NULL, NULL, NULL, NULL),
(59, 'Admin', 'admin@admin.com', 'Tafí Viejo', 'Corrientes 2075', '3815582223', NULL, '2024-04-26 23:33:58', '2024-04-26 23:35:45', 0, 1, 'Enviando', NULL, NULL, NULL, NULL, NULL, 0, NULL, NULL, NULL, NULL),
(60, 'Admin', 'admin@admin.com', 'Tafí Viejo', 'Corrientes 2075', '3815582223', NULL, '2024-05-22 21:47:04', '2024-05-22 21:47:04', 21231.9, 1, 'En proceso', NULL, NULL, NULL, NULL, NULL, 0, NULL, NULL, NULL, NULL),
(61, 'Admin', 'admin@admin.com', 'Tafí Viejo', 'Corrientes 2075', '3815582223', NULL, '2024-05-22 21:50:18', '2024-05-22 21:50:18', 14154.6, 1, 'En proceso', NULL, NULL, NULL, NULL, NULL, 0, NULL, NULL, NULL, NULL),
(62, 'Admin', 'admin@admin.com', 'Tafí Viejo', 'Corrientes 2075', '3815582223', NULL, '2024-05-23 19:45:40', '2024-05-23 21:18:36', 17094.3, 1, 'Entregado', NULL, NULL, NULL, NULL, NULL, 0, NULL, NULL, NULL, NULL),
(63, 'Admin', 'admin@admin.com', NULL, 'Corrientes 2075', '3815582223', NULL, '2024-05-23 21:36:17', '2024-05-23 21:36:17', 42735.6, 1, 'En proceso', NULL, NULL, NULL, NULL, NULL, 0, NULL, NULL, NULL, NULL),
(64, 'Admin', 'admin@admin.com', NULL, 'Corrientes 2075191915', '3815582223', NULL, '2024-05-25 02:56:39', '2024-05-25 02:56:39', 25641.4, 1, 'En proceso', NULL, NULL, NULL, NULL, NULL, 0, NULL, NULL, NULL, NULL),
(65, 'Admin', 'admin@admin.com', NULL, 'Corrientes 2075191915', '3815582223', NULL, '2024-05-25 02:57:53', '2024-05-25 02:57:53', 25641.4, 1, 'En proceso', NULL, NULL, NULL, NULL, NULL, 0, NULL, NULL, NULL, NULL),
(66, 'Admin', 'admin@admin.com', NULL, 'Corrientes 2075191915', '3815582223', NULL, '2024-05-25 03:09:41', '2024-05-25 03:09:54', 170943, 1, 'Entregado', NULL, NULL, NULL, NULL, NULL, 0, NULL, NULL, NULL, NULL),
(67, 'Mauricio Teruel', 'mauricioteruel98@gmail.com', NULL, 'Corrientes 2035', '3815582223', NULL, '2024-05-27 02:02:01', '2024-05-27 02:02:01', 25641.4, 12, 'En proceso', NULL, NULL, NULL, NULL, NULL, 0, NULL, NULL, NULL, NULL),
(68, 'Mauricio Teruel', 'mauricioteruel98@gmail.com', NULL, 'Corrientes 2035', '3815582223', NULL, '2024-05-27 02:02:36', '2024-05-27 02:02:36', 25641.4, 12, 'En proceso', NULL, NULL, NULL, NULL, NULL, 0, NULL, NULL, NULL, NULL),
(69, 'Mauricio Teruel', 'mauricioteruel98@gmail.com', NULL, 'Corrientes 2035', '3815582223', NULL, '2024-05-27 02:03:40', '2024-05-27 02:03:40', 42735.6, 12, 'En proceso', NULL, NULL, NULL, NULL, NULL, 0, NULL, NULL, NULL, NULL),
(70, 'Mauricio Teruel', 'mauricioteruel98@gmail.com', NULL, 'Corrientes 2035', '3815582223', NULL, '2024-05-27 02:06:46', '2024-05-27 02:06:46', 25641.4, 12, 'En proceso', NULL, NULL, NULL, NULL, NULL, 0, NULL, NULL, NULL, NULL),
(71, 'Brancaleone. Sebastian', 'sebabranca@gmail.com', NULL, '234234', '2342342', NULL, '2024-05-27 06:30:02', '2024-05-27 06:30:02', 25641.4, 3247, 'En proceso', NULL, NULL, NULL, NULL, NULL, 0, NULL, NULL, NULL, NULL),
(72, 'Lask. Melani', 'melask_87@hotmail.com', NULL, 'efdadfadf', '12312312', NULL, '2024-05-27 21:22:05', '2024-05-27 21:22:05', 153848, 3229, 'En proceso', NULL, NULL, NULL, NULL, NULL, 0, NULL, NULL, NULL, NULL),
(73, 'Lask. Melani', 'melask_87@hotmail.com', NULL, 'asfasfas', '123123123', NULL, '2024-05-27 21:43:31', '2024-05-27 21:43:31', 25641.4, 12, 'En proceso', 3229, NULL, NULL, NULL, NULL, 0, NULL, NULL, NULL, NULL),
(74, 'Admin', 'admin@admin.com', NULL, 'Corrientes 2075191915', '3815582223', NULL, '2024-05-27 21:43:35', '2024-05-27 21:43:35', 94018.4, 1, 'En proceso', NULL, NULL, NULL, NULL, NULL, 0, NULL, NULL, NULL, NULL),
(75, 'González. Jorge', 'gonzalez_jorge01@hotmail.com', NULL, 'srgergesrg', '5235235235', NULL, '2024-05-29 17:12:47', '2024-05-29 17:12:47', 59829.9, 12, 'En proceso', 3230, NULL, NULL, NULL, NULL, 0, NULL, NULL, NULL, NULL),
(78, 'Admin', 'admin@admin.com', NULL, 'Corrientes 2075191915', '3815582223', NULL, '2024-05-31 19:00:54', '2024-05-31 19:00:54', 22222.5, 1, 'En proceso', NULL, NULL, NULL, NULL, NULL, 0, NULL, NULL, NULL, NULL),
(79, 'Admin', 'admin@admin.com', NULL, 'Corrientes 2075191915', '3815582223', NULL, '2024-05-31 19:01:25', '2024-05-31 19:01:25', 155558, 1, 'En proceso', NULL, NULL, NULL, NULL, NULL, 0, NULL, NULL, NULL, NULL),
(80, 'Mauricio Teruel', 'mauricioteruel98@gmail.com', NULL, 'Corrientes 2035', '3815582223', NULL, '2024-05-31 19:57:39', '2024-05-31 19:57:39', 64103.5, 12, 'En proceso', NULL, NULL, NULL, NULL, NULL, 0, NULL, NULL, NULL, NULL),
(81, 'Admin', 'admin@admin.com', NULL, 'Corrientes 2075191915', '3815582223', NULL, '2024-05-31 20:05:05', '2024-05-31 20:05:05', 89744.9, 1, 'En proceso', NULL, NULL, NULL, NULL, NULL, 0, NULL, NULL, NULL, NULL),
(87, 'Admin', 'admin@admin.com', NULL, 'Corrientes 2075191915', '3815582223', NULL, '2024-06-01 19:33:47', '2024-06-01 19:33:47', 47304.6, 1, 'En proceso', NULL, NULL, NULL, NULL, NULL, 0, NULL, NULL, NULL, NULL),
(88, 'Admin', 'admin@admin.com', NULL, 'Corrientes 2075191915', '3815582223', NULL, '2024-06-01 19:35:01', '2024-06-01 19:35:01', 7615, 1, 'En proceso', NULL, NULL, NULL, NULL, NULL, 0, NULL, NULL, NULL, NULL),
(89, 'Admin', 'admin@admin.com', NULL, 'Corrientes 2075191915', '3815582223', NULL, '2024-06-01 19:35:51', '2024-06-01 19:35:51', 7615, 1, 'En proceso', NULL, NULL, NULL, NULL, NULL, 0, NULL, NULL, NULL, NULL),
(90, 'Admin', 'admin@admin.com', NULL, 'Corrientes 2075191915', '3815582223', NULL, '2024-06-01 19:36:25', '2024-06-01 19:36:25', 6092, 1, 'En proceso', NULL, NULL, NULL, NULL, NULL, 0, NULL, NULL, NULL, NULL),
(96, 'Admin', 'admin@admin.com', NULL, 'Corrientes 2075191915', '3815582223', NULL, '2024-06-01 19:39:19', '2024-06-01 19:39:19', 4569, 1, 'En proceso', NULL, NULL, NULL, NULL, NULL, 0, NULL, NULL, NULL, NULL),
(97, 'Admin', 'admin@admin.com', NULL, 'Corrientes 2075191915', '3815582223', NULL, '2024-06-01 19:39:45', '2024-06-01 19:39:45', 12184, 1, 'En proceso', NULL, NULL, NULL, NULL, NULL, 0, NULL, NULL, NULL, NULL),
(98, 'Admin', 'admin@admin.com', NULL, 'Corrientes 2075191915', '3815582223', NULL, '2024-06-01 19:41:40', '2024-06-01 19:41:40', 6092, 1, 'En proceso', NULL, NULL, NULL, NULL, NULL, 0, NULL, NULL, NULL, NULL),
(99, 'Admin', 'admin@admin.com', NULL, 'Corrientes 2075191915', '3815582223', NULL, '2024-06-01 19:42:26', '2024-06-01 19:42:26', 7615, 1, 'En proceso', NULL, NULL, NULL, NULL, NULL, 0, NULL, NULL, NULL, NULL),
(100, 'Admin', 'admin@admin.com', NULL, 'Corrientes 2075191915', '3815582223', NULL, '2024-06-01 19:42:59', '2024-06-01 19:42:59', 15230, 1, 'En proceso', NULL, NULL, NULL, NULL, NULL, 0, NULL, NULL, NULL, NULL),
(101, 'Admin', 'admin@admin.com', NULL, 'Corrientes 2075191915', '3815582223', NULL, '2024-06-01 19:45:30', '2024-06-01 19:45:30', 70490.9, 1, 'En proceso', NULL, NULL, NULL, NULL, NULL, 0, NULL, NULL, NULL, NULL),
(102, 'Admin', 'admin@admin.com', NULL, 'Corrientes 2075191915', '3815582223', NULL, '2024-06-01 20:40:20', '2024-06-01 20:40:20', 50350.6, 1, 'En proceso', NULL, NULL, NULL, NULL, NULL, 0, NULL, NULL, NULL, NULL),
(106, 'Mauricio Teruel', 'mauricioteruel98@gmail.com', NULL, 'Corrientes 2035', '3815582223', NULL, '2024-06-01 22:37:44', '2024-06-01 22:37:44', 15555.8, 12, 'En proceso', NULL, NULL, NULL, NULL, NULL, 0, NULL, NULL, NULL, NULL),
(109, 'Mauricio Teruel', 'mauricioteruel98@gmail.com', NULL, 'Corrientes 2035', '3815582223', NULL, '2024-06-01 22:43:53', '2024-06-01 22:43:53', 23333.7, 12, 'En proceso', NULL, NULL, NULL, NULL, NULL, 0, NULL, NULL, NULL, NULL),
(113, 'Mauricio Teruel', 'mauricioteruel98@gmail.com', NULL, 'Corrientes 2035', '3815582223', NULL, '2024-06-01 22:51:04', '2024-06-01 22:51:04', 23333.7, 12, 'En proceso', NULL, NULL, NULL, NULL, NULL, 0, NULL, NULL, NULL, NULL),
(114, 'Admin', 'admin@admin.com', NULL, 'Corrientes 2075191915', '3815582223', NULL, '2024-06-04 18:03:03', '2024-06-04 18:03:03', 15555.8, 1, 'En proceso', NULL, NULL, NULL, NULL, NULL, 0, NULL, NULL, NULL, NULL),
(118, 'Mauricio Teruel', 'mauricioteruel98@gmail.com', NULL, 'Corrientes 2035', '3815582223', NULL, '2024-06-04 19:55:11', '2024-06-04 19:55:11', 15555.8, 12, 'En proceso', NULL, NULL, NULL, NULL, NULL, 0, NULL, NULL, NULL, NULL),
(122, 'Mauricio Teruel', 'mauricioteruel98@gmail.com', NULL, 'Corrientes 2035', '3815582223', NULL, '2024-06-04 20:08:10', '2024-06-04 20:08:10', 23333.7, 12, 'En proceso', NULL, NULL, NULL, NULL, NULL, 0, NULL, NULL, NULL, NULL),
(123, 'Mauricio Teruel', 'mauricioteruel98@gmail.com', NULL, 'Corrientes 2035', '3815582223', NULL, '2024-06-04 20:09:31', '2024-06-04 20:09:31', 23333.7, 12, 'En proceso', NULL, NULL, NULL, NULL, NULL, 0, NULL, NULL, NULL, NULL),
(127, 'Mauricio Teruel', 'mauricioteruel98@gmail.com', NULL, 'Corrientes 2035', '3815582223', NULL, '2024-06-04 20:14:51', '2024-06-04 20:14:51', 15555.8, 12, 'En proceso', NULL, NULL, NULL, NULL, NULL, 0, NULL, NULL, NULL, NULL),
(128, 'Mauricio Teruel', 'mauricioteruel98@gmail.com', NULL, 'Corrientes 2035', '3815582223', NULL, '2024-06-04 20:15:04', '2024-06-04 20:15:04', 15555.8, 12, 'En proceso', NULL, NULL, NULL, NULL, NULL, 0, NULL, NULL, NULL, NULL),
(129, 'Mauricio Teruel', 'mauricioteruel98@gmail.com', NULL, 'Corrientes 2035', '3815582223', NULL, '2024-06-04 20:15:41', '2024-06-04 20:15:41', 23333.7, 12, 'En proceso', NULL, NULL, NULL, NULL, NULL, 0, NULL, NULL, NULL, NULL),
(131, 'Mauricio Teruel', 'mauricioteruel98@gmail.com', NULL, 'Corrientes 2035', '3815582223', NULL, '2024-06-04 20:18:09', '2024-06-04 20:18:09', 23333.7, 12, 'En proceso', NULL, NULL, NULL, NULL, NULL, 0, NULL, NULL, NULL, NULL),
(132, 'Mauricio Teruel', 'mauricioteruel98@gmail.com', NULL, 'Corrientes 2035', '3815582223', NULL, '2024-06-04 20:19:28', '2024-06-04 20:19:28', 15555.8, 12, 'En proceso', NULL, NULL, NULL, NULL, NULL, 0, NULL, NULL, NULL, NULL),
(133, 'Mauricio Teruel', 'mauricioteruel98@gmail.com', NULL, 'Corrientes 2035', '3815582223', NULL, '2024-06-04 20:23:38', '2024-06-04 20:23:38', 23333.7, 12, 'En proceso', NULL, NULL, NULL, NULL, NULL, 0, NULL, NULL, NULL, NULL),
(148, 'Mauricio Teruel', 'mauricioteruel98@gmail.com', NULL, 'Corrientes 2035', '3815582223', NULL, '2024-06-04 20:40:23', '2024-06-04 20:40:23', 15555.8, 12, 'En proceso', NULL, NULL, NULL, NULL, NULL, 0, NULL, NULL, NULL, NULL),
(150, 'Mauricio Teruel', 'mauricioteruel98@gmail.com', NULL, 'Corrientes 2035', '3815582223', NULL, '2024-06-04 20:43:14', '2024-06-04 20:43:14', 23333.7, 12, 'En proceso', NULL, NULL, NULL, NULL, NULL, 0, NULL, NULL, NULL, NULL),
(151, 'Admin', 'mauricioteruel98@gmail.com', NULL, 'Corrientes 2075191915', '3815582223', NULL, '2024-06-04 21:45:15', '2024-06-04 21:45:15', 15555.8, 1, 'En proceso', NULL, NULL, NULL, NULL, NULL, 0, NULL, NULL, NULL, NULL),
(152, 'Admin', 'admin@admin.com', NULL, 'Corrientes 2075191915', '3815582223', NULL, '2024-06-04 21:45:36', '2024-06-04 21:45:36', 15555.8, 1, 'En proceso', NULL, NULL, NULL, NULL, NULL, 0, NULL, NULL, NULL, NULL),
(153, 'Admin', 'admin@admin.com', NULL, 'Corrientes 2075191915', '3815582223', NULL, '2024-06-04 21:48:43', '2024-06-04 21:48:43', 15555.8, 1, 'En proceso', NULL, NULL, NULL, NULL, NULL, 0, NULL, NULL, NULL, NULL),
(154, 'Admin', 'admin@admin.com', NULL, 'Corrientes 2075191915', '3815582223', NULL, '2024-06-04 21:49:31', '2024-06-04 21:49:31', 23333.7, 1, 'En proceso', NULL, NULL, NULL, NULL, NULL, 0, NULL, NULL, NULL, NULL),
(155, 'Admin', 'mauricioterue98@gmail.com', NULL, 'Corrientes 2075191915', '3815582223', NULL, '2024-06-04 21:50:01', '2024-06-04 21:50:01', 46667.3, 1, 'En proceso', NULL, NULL, NULL, NULL, NULL, 0, NULL, NULL, NULL, NULL),
(156, 'Admin', 'mauricioteruel98@gmail.com', NULL, 'Corrientes 2075191915', '3815582223', NULL, '2024-06-04 21:50:18', '2024-06-04 21:50:18', 31111.6, 1, 'En proceso', NULL, NULL, NULL, NULL, NULL, 0, NULL, NULL, NULL, NULL),
(157, 'Admin', 'admin@admin.com', NULL, 'Corrientes 2075191915', '3815582223', NULL, '2024-06-04 21:55:14', '2024-06-04 21:55:14', 15555.8, 1, 'En proceso', NULL, NULL, NULL, NULL, NULL, 0, NULL, NULL, NULL, NULL),
(158, 'Lask. Melani', 'melask_87@hotmail.com', NULL, 'sfbegs', '245234', NULL, '2024-06-04 22:39:28', '2024-06-04 22:39:28', 31111.6, 12, 'En proceso', 3229, NULL, NULL, NULL, NULL, 0, NULL, NULL, NULL, NULL),
(159, 'Lask. Melani', 'melask_87@hotmail.com', NULL, 'dqasdqawd', '12312312', NULL, '2024-06-04 23:02:20', '2024-06-04 23:02:20', 23333.7, 12, 'En proceso', 3229, NULL, NULL, NULL, NULL, 0, NULL, NULL, NULL, NULL),
(160, 'Admin', 'admin@admin.com', NULL, 'Corrientes 2075191915', '3815582223', NULL, '2024-06-05 23:14:56', '2024-06-05 23:14:56', 25641.4, 1, 'En proceso', NULL, NULL, NULL, NULL, NULL, 0, NULL, NULL, NULL, NULL),
(161, 'Admin', 'admin@admin.com', NULL, 'Corrientes 2075191915', '3815582223', NULL, '2024-06-05 23:16:20', '2024-06-05 23:16:20', 25641.4, 1, 'En proceso', NULL, NULL, NULL, NULL, NULL, 0, NULL, NULL, NULL, NULL),
(162, 'Admin', 'admin@admin.com', NULL, 'Corrientes 2075191915', '3815582223', NULL, '2024-06-05 23:17:58', '2024-06-05 23:17:58', 42136.7, 1, 'En proceso', NULL, NULL, NULL, NULL, NULL, 0, NULL, NULL, NULL, NULL),
(163, 'Lask. Melani', 'melask_87@hotmail.com', NULL, 'dsgassgas', '2342342', NULL, '2024-06-05 23:20:19', '2024-06-05 23:20:19', 34188.5, 3195, 'En proceso', 3229, NULL, NULL, NULL, NULL, 0, NULL, NULL, NULL, NULL),
(164, 'Lask. Melani', 'melask_87@hotmail.com', NULL, 'sdgsd', '2342342', NULL, '2024-06-05 23:20:57', '2024-06-05 23:20:57', 43589.8, 3212, 'En proceso', 3229, NULL, NULL, NULL, NULL, 0, NULL, NULL, NULL, NULL),
(165, 'Lask. Melani', 'melask_87@hotmail.com', NULL, 'sgsdgs', '234234', NULL, '2024-06-05 23:21:22', '2024-06-05 23:21:22', 28006.1, 3197, 'En proceso', 3229, NULL, NULL, NULL, NULL, 0, NULL, NULL, NULL, NULL),
(166, 'Admin', 'admin@admin.com', NULL, 'Corrientes 2075191915', '3815582223', NULL, '2024-06-08 18:23:38', '2024-06-08 18:23:38', 47866, 1, 'En proceso', NULL, NULL, NULL, NULL, NULL, 0, NULL, NULL, NULL, NULL),
(168, 'Admin', 'admin@admin.com', NULL, 'Corrientes 2075191915', '3815582223', NULL, '2024-06-08 18:27:40', '2024-06-08 18:27:40', 47866, 1, 'En proceso', NULL, NULL, NULL, NULL, NULL, 0, NULL, NULL, NULL, NULL),
(169, 'Admin', 'admin@admin.com', NULL, 'Corrientes 2075191915', '3815582223', NULL, '2024-06-08 18:31:38', '2024-06-08 18:31:38', 10977, 1, 'En proceso', NULL, NULL, NULL, NULL, NULL, 0, NULL, NULL, NULL, NULL),
(181, 'Admin', 'admin@admin.com', NULL, 'Corrientes 2075191915', '3815582223', NULL, '2024-06-08 18:37:52', '2024-06-08 18:37:52', 6838, 1, 'En proceso', NULL, NULL, NULL, NULL, NULL, 0, NULL, NULL, NULL, NULL),
(182, 'Admin', 'admin@admin.com', NULL, 'Corrientes 2075191915', '3815582223', NULL, '2024-06-08 19:47:45', '2024-06-08 19:47:45', 6838, 1, 'En proceso', NULL, NULL, NULL, NULL, NULL, 0, NULL, NULL, NULL, NULL),
(183, 'Admin', 'admin@admin.com', NULL, 'Corrientes 2075191915', '3815582223', NULL, '2024-06-08 19:49:29', '2024-06-08 19:49:29', 13676, 1, 'En proceso', NULL, NULL, NULL, NULL, NULL, 0, NULL, NULL, NULL, NULL),
(184, 'Admin', 'admin@admin.com', NULL, 'Corrientes 2075191915', '3815582223', NULL, '2024-06-08 19:49:57', '2024-06-08 19:49:57', 30510, 1, 'En proceso', NULL, NULL, NULL, NULL, NULL, 0, NULL, NULL, NULL, NULL),
(185, 'Lask. Melani', 'melask_87@hotmail.com', NULL, '3413214', '1341234', NULL, '2024-06-10 18:16:35', '2024-06-12 02:20:54', 68376, 12, 'En proceso', 3229, 1, NULL, NULL, NULL, 0, NULL, NULL, NULL, NULL),
(186, 'Lask. Melani', 'melask_87@hotmail.com', NULL, '242', '22452254', NULL, '2024-06-10 18:17:45', '2024-06-12 01:43:29', 17549, 3204, 'En proceso', 3229, 1, NULL, NULL, NULL, 0, NULL, NULL, NULL, NULL),
(187, 'Lask. Melani', 'melask_87@hotmail.com', NULL, 'ewwe', '23423423', NULL, '2024-06-10 18:18:36', '2024-06-12 01:43:03', 13676, 3204, 'En proceso', 3229, 1, NULL, NULL, NULL, 0, NULL, NULL, NULL, NULL),
(188, 'Mauricio Teruel', 'mauricioteruel98@gmail.com', NULL, 'Corrientes 2035', '3815582223', NULL, '2024-06-10 18:39:40', '2024-06-12 01:42:52', 7672, 12, 'En proceso', NULL, 1, NULL, NULL, NULL, 0, NULL, NULL, NULL, NULL),
(189, 'Zapata. Luciana Guadalupe', 'nadiasv0723@gmail.com', NULL, 'Gualeguaychú 8', '3434403361', NULL, '2024-06-10 18:41:16', '2024-06-12 01:42:16', 4730, 1, 'En proceso', 1, 1, NULL, NULL, NULL, 0, NULL, NULL, NULL, NULL),
(190, 'Gader. Zaira', 'gaderzaira@gmail.com', NULL, '234123', '41231', NULL, '2024-06-10 18:44:31', '2024-06-12 01:38:10', 15670, 3195, 'En proceso', 1, NULL, 1, NULL, NULL, 0, NULL, NULL, NULL, NULL),
(191, 'iPN. Gabriela', 'gabriela.torres@ipn.com.ar', NULL, '1341234', '124124', NULL, '2024-06-10 18:45:51', '2024-06-12 01:41:23', 12536, 3196, 'En proceso', 3229, 1, NULL, NULL, NULL, 0, NULL, NULL, NULL, NULL),
(192, 'Zapata. Luciana Guadalupe', 'nadiasv0723@gmail.com', NULL, 'Gualeguaychú 8', '3434403361', NULL, '2024-06-10 18:46:54', '2024-06-12 01:41:03', 42735, 3207, 'En proceso', 3238, 1, NULL, NULL, NULL, 0, NULL, NULL, NULL, NULL),
(193, 'Cotifan. Cotifan', 'administracion@cotifan.com.ar', NULL, 'FALCON RAMON L CNEL 6967', '4191', NULL, '2024-06-10 18:47:37', '2024-06-12 01:39:41', 17094, 3212, 'En proceso', 3238, 1, NULL, NULL, NULL, 0, NULL, NULL, NULL, NULL),
(194, 'Cotishop. Cotishop', 'oficina@cotishop.com.ar', NULL, 'Lavalle 2248', '9849191', NULL, '2024-06-10 19:04:37', '2024-06-12 01:37:51', 13676, 3209, 'En proceso', 3238, NULL, 1, NULL, NULL, 0, NULL, NULL, NULL, NULL),
(195, 'Cotishop. Cotishop', 'oficina@cotishop.com.ar', NULL, 'Lavalle 2248', '65165165156156', NULL, '2024-06-10 19:59:51', '2024-06-11 22:49:40', 6838, 3209, 'En proceso', 3238, NULL, 1, NULL, NULL, 0, NULL, NULL, NULL, NULL),
(196, 'Cotishop. Cotishop', 'oficina@cotishop.com.ar', NULL, 'Lavalle 2248', '777', NULL, '2024-06-10 20:04:30', '2024-06-11 22:48:55', 194490, 3209, 'Enviando', 3238, 1, NULL, NULL, 155287, 0, NULL, NULL, NULL, NULL),
(197, 'Gader. Zaira', 'gaderzaira@gmail.com', NULL, 'qefrqeqe', '12312312', NULL, '2024-06-10 23:54:35', '2024-06-11 22:46:45', 76440, 3195, 'En proceso', 1, 1, NULL, NULL, NULL, 0, NULL, NULL, NULL, NULL),
(198, 'Mauricio Teruel', 'mauricioteruel98@gmail.com', NULL, 'Corrientes 2035', '3815582223', NULL, '2024-06-11 22:07:38', '2024-06-12 01:39:25', 37149, 12, 'Entregado', 1, 1, NULL, 20, 29719.2, 0, NULL, NULL, NULL, NULL),
(199, 'Mauricio Teruel', 'mauricioteruel98@gmail.com', NULL, 'Corrientes 20352', '3815582223', NULL, '2024-06-11 23:25:27', '2024-06-12 02:36:22', 312620, 12, 'En proceso', 1, NULL, 1, 30, 218834, 0, NULL, NULL, NULL, NULL),
(210, 'Mauricio Teruel', 'mauricioteruel98@gmail.com', NULL, 'Corrientes 2035', '3815582223', NULL, '2024-06-12 07:39:23', '2024-06-12 07:39:23', 33319, 12, 'En proceso', 1, 1, NULL, NULL, NULL, 0, NULL, NULL, NULL, NULL),
(211, 'Mauricio Teruel', 'mauricioteruel98@gmail.com', NULL, 'Corrientes 2035', '3815582223', NULL, '2024-06-12 07:40:27', '2024-06-12 07:40:27', 99957, 12, 'En proceso', 1, 1, NULL, NULL, NULL, 0, NULL, NULL, NULL, NULL),
(212, 'Mauricio Teruel', 'mauricioteruel98@gmail.com', NULL, 'Corrientes 2035', '3815582223', NULL, '2024-06-12 07:40:52', '2024-06-12 07:40:52', 99957, 12, 'En proceso', 1, 1, NULL, NULL, NULL, 0, NULL, NULL, NULL, NULL),
(213, 'Mauricio Teruel', 'mauricioteruel98@gmail.com', NULL, 'Corrientes 2035', '3815582223', NULL, '2024-06-12 07:42:20', '2024-06-12 07:42:20', 99957, 12, 'En proceso', 1, 1, NULL, NULL, NULL, 0, NULL, NULL, NULL, NULL),
(214, 'Mauricio Teruel', 'mauricioteruel98@gmail.com', NULL, 'Corrientes 2035', '3815582223', NULL, '2024-06-12 07:45:36', '2024-06-12 07:45:36', 66638, 12, 'En proceso', 1, 1, NULL, NULL, NULL, 0, NULL, NULL, NULL, NULL),
(215, 'Mauricio Teruel', 'mauricioteruel98@gmail.com', NULL, 'Corrientes 2035', '3815582223', NULL, '2024-06-12 07:48:52', '2024-06-12 07:48:52', 167903, 12, 'En proceso', 1, 1, NULL, NULL, NULL, 0, NULL, NULL, NULL, NULL),
(216, 'Mauricio Teruel', 'mauricioteruel98@gmail.com', NULL, 'Corrientes 2035', '3815582223', NULL, '2024-06-12 07:50:54', '2024-06-12 07:50:54', 345682, 12, 'En proceso', 1, 1, NULL, NULL, NULL, 0, NULL, NULL, NULL, NULL),
(217, 'Mauricio Teruel', 'mauricioteruel98@gmail.com', NULL, 'Corrientes 2035', '3815582223', NULL, '2024-06-12 07:52:46', '2024-06-12 07:52:46', 1037050, 12, 'En proceso', 1, 1, NULL, NULL, NULL, 0, NULL, NULL, NULL, NULL),
(218, 'Mauricio Teruel', 'mauricioteruel98@gmail.com', NULL, 'Corrientes 2035', '3815582223', NULL, '2024-06-12 07:53:32', '2024-06-12 07:53:32', 671612, 12, 'En proceso', 1, 1, NULL, NULL, NULL, 0, NULL, NULL, NULL, NULL),
(219, 'Mauricio Teruel', 'mauricioteruel98@gmail.com', NULL, 'Corrientes 2035', '3815582223', NULL, '2024-06-12 07:54:30', '2024-06-12 07:54:30', 513585, 12, 'En proceso', 1, 1, NULL, NULL, NULL, 0, NULL, NULL, NULL, NULL),
(220, 'Mauricio Teruel', 'mauricioteruel98@gmail.com', NULL, 'Corrientes 2035', '3815582223', NULL, '2024-06-12 16:45:56', '2024-06-24 22:39:46', 30555, 12, 'En proceso', 1, 1, NULL, NULL, 22916.2, 0, NULL, NULL, NULL, NULL),
(221, 'Mauricio Teruel', 'mauricioteruel98@gmail.com', NULL, 'Corrientes 2035', '3815582223', NULL, '2024-06-12 16:58:12', '2024-06-25 19:32:57', 1070480, 12, 'En proceso', 1, 1, NULL, NULL, NULL, 1, 'public/pdfs/facturas/factura_pedido_221_comprobante_1473.pdf', 100, 1473, NULL),
(222, 'Cotillon Esbri. Cotillon Esbri', 'cotillon_esbri@hotmail.com', NULL, '3412341', '3412341', NULL, '2024-06-12 18:39:11', '2024-06-18 21:45:52', 343298, 3200, 'En proceso', 3229, NULL, 1, 10, 261538, 0, NULL, NULL, NULL, NULL),
(223, 'Abracadabra', 'lilia.tosello@fedea.com.ar', NULL, 'Calle 13 Esq. 22, General Pico, La Pampa', '156212561', NULL, '2024-06-18 21:28:42', '2024-06-18 21:28:42', 25641, 4016, 'En proceso', 3229, NULL, NULL, NULL, NULL, 0, NULL, NULL, NULL, NULL),
(224, 'Abracadabra', 'lilia.tosello@fedea.com.ar', NULL, 'Calle 13 Esq. 22, General Pico, La Pampa', '02302 434314', NULL, '2024-06-18 21:34:52', '2024-06-24 18:52:57', 17094, 4016, 'En proceso', 3229, 1, NULL, NULL, NULL, 1, 'public/pdfs/facturas/factura_pedido_224_comprobante_2197.pdf', 100, 2197, NULL),
(225, 'Mauricio Teruel', 'mauricioteruel98@gmail.com', NULL, 'Corrientes 2035', '3815582223', NULL, '2024-06-20 23:36:33', '2024-06-24 22:05:19', 74590, 12, 'En proceso', 1, 1, NULL, NULL, NULL, 1, 'public/pdfs/facturas/factura_pedido_225_comprobante_1468.pdf', 50, 1468, NULL),
(226, 'Mauricio Teruel', 'mauricioteruel98@gmail.com', NULL, 'Corrientes 2035', '3815582223', NULL, '2024-06-20 23:37:29', '2024-06-25 20:59:11', 17307, 12, 'En proceso', 1, 1, NULL, NULL, NULL, 1, 'public/pdfs/facturas/factura_pedido_226_comprobante_1481.pdf', 100, 1481, NULL),
(228, 'Mauricio Teruel', 'mauricioteruel98@gmail.com', NULL, 'Corrientes 2035', '3815582223', NULL, '2024-06-20 23:43:18', '2024-06-24 22:03:25', 16702, 12, 'En proceso', 1, 1, NULL, NULL, NULL, 1, 'public/pdfs/facturas/factura_pedido_228_comprobante_1467.pdf', 50, 1467, NULL),
(229, 'Mauricio Teruel', 'mauricioteruel98@gmail.com', NULL, 'Corrientes 2035', '3815582223', NULL, '2024-06-21 00:19:00', '2024-06-24 22:02:10', 48888, 12, 'En proceso', 1, 1, NULL, NULL, NULL, 1, 'public/pdfs/facturas/factura_pedido_229_comprobante_1466.pdf', 100, 1466, NULL),
(230, 'Mauricio Teruel', 'mauricioteruel98@gmail.com', NULL, 'Corrientes 2035', '3815582223', NULL, '2024-06-21 00:33:03', '2024-06-21 23:16:55', 46356, 12, 'En proceso', 1, 1, NULL, NULL, NULL, 1, 'public/pdfs/facturas/factura_pedido_230_comprobante_1405.pdf', 100, 1405, NULL),
(231, 'Milena. Milena', 'milenazuniga39@gmail.com', NULL, 'Uriburu 493', '4951-8788', NULL, '2024-06-25 16:27:58', '2024-06-25 16:27:58', 13676, 3197, 'En proceso', 1, 1, NULL, NULL, NULL, 0, NULL, NULL, NULL, NULL),
(232, 'Milena. Milena', 'milenazuniga39@gmail.com', NULL, 'Uriburu 493', '4951-8788', NULL, '2024-06-25 16:28:04', '2024-06-25 16:28:04', 13676, 3197, 'En proceso', 1, 1, NULL, NULL, NULL, 0, NULL, NULL, NULL, NULL),
(233, 'Cotillon El Principito SRL. Cotillon El Principito SRL', 'elprincipitosrl@hotmail.com', NULL, 'Jose Hernandez 3269, Laferrere', '4457-2637', NULL, '2024-06-25 21:00:16', '2024-06-26 23:42:17', 682108, 3221, 'En proceso', 1, 1, NULL, 10, 682108, 0, 'public/pdfs/facturas/factura_pedido_233_comprobante_1505.pdf', 100, 1505, NULL),
(234, 'López. María Mercedes', 'merce.ls07@gmail.com', NULL, 'Gorriti 1393', '+5493875180017', NULL, '2024-06-26 22:34:31', '2024-06-27 07:28:34', 72365, 3199, 'En proceso', 1, 1, NULL, 10, 62564.4, 0, 'public/pdfs/facturas/factura_pedido_234_comprobante_1507.pdf', 50, 1507, NULL),
(235, 'casa alberto. casa alberto', 'ADMINISTRACIONCHILAVERT@COTILLONCASAALBERTO.COM.AR', NULL, 'Libertad (Calle 49) 6310 entre Avellaneda (calle 154) y Rio Negro (Calle 150)', '4843-5246 3526-', NULL, '2024-06-27 07:32:44', '2024-06-27 07:32:44', 18333, 3224, 'En proceso', 1, 1, NULL, NULL, NULL, 0, NULL, NULL, NULL, NULL),
(236, 'Cotillon Pulgarcito. Cotillon Pulgarcito', 'cotillon.pulgarcito@gmail.com', NULL, 'Peatonal Belgrano 3288 - Deposito: Sobre 25 de Mayo, al lado del Movistar, puerta azul.', '4713-2169', NULL, '2024-06-27 07:32:50', '2024-06-27 07:32:50', 35043, 3223, 'En proceso', 1, 1, NULL, NULL, NULL, 0, NULL, NULL, NULL, NULL),
(237, 'López. María Mercedes', 'merce.ls07@gmail.com', NULL, 'Gorriti 1393', '+5493875180017', NULL, '2024-06-27 07:34:04', '2024-06-27 07:34:04', 35043, 3199, 'En proceso', 1, 1, NULL, NULL, NULL, 0, NULL, NULL, NULL, NULL),
(238, 'COTILLON. DTODO', 'juliocmarzoratti@yahooo.com.ar', NULL, 'rivadavia 890 local 3', '3813301555', NULL, '2024-06-27 07:34:08', '2024-06-27 07:34:08', 21824, 3322, 'En proceso', 1, 1, NULL, NULL, NULL, 0, NULL, NULL, NULL, NULL),
(239, 'Mi Payaso Cotillón. Mi Payaso Cotillón', 'compras@mipayaso.com.ar', NULL, 'O\'Higgins 1997, Río Cuarto, Cordoba', '0358-4650012', NULL, '2024-06-27 07:35:59', '2024-06-27 07:35:59', 24189, 3295, 'En proceso', 1, 1, NULL, NULL, NULL, 0, NULL, NULL, NULL, NULL),
(240, 'Un Poco Loco. Un Poco Loco', 'fuentes_aniana86@hotmail.com', NULL, 'Av. Rioja 747 Norte, Santa Lucia, San Juan', '0264-4219444 /', NULL, '2024-06-27 07:41:18', '2024-06-27 07:41:18', 35043, 3355, 'En proceso', 1, 1, NULL, NULL, NULL, 0, NULL, NULL, NULL, NULL),
(241, 'Un Poco Loco. Un Poco Loco', 'fuentes_aniana86@hotmail.com', NULL, 'Av. Rioja 747 Norte, Santa Lucia, San Juan', '0264-4219444 /', NULL, '2024-06-27 07:44:25', '2024-06-27 07:44:25', 18804, 3355, 'En proceso', 1, 1, NULL, NULL, NULL, 0, NULL, NULL, NULL, NULL),
(242, 'Un Poco Loco. Un Poco Loco', 'fuentes_aniana86@hotmail.com', NULL, 'Av. Rioja 747 Norte, Santa Lucia, San Juan', '0264-4219444 /', NULL, '2024-06-27 07:45:25', '2024-06-27 07:45:25', 32736, 3355, 'En proceso', 1, 1, NULL, NULL, NULL, 0, NULL, NULL, NULL, NULL),
(243, 'Un Poco Loco. Un Poco Loco', 'fuentes_aniana86@hotmail.com', NULL, 'Av. Rioja 747 Norte, Santa Lucia, San Juan', '0264-4219444 /', NULL, '2024-06-27 07:46:16', '2024-06-27 07:46:16', 16497, 3355, 'En proceso', 1, 1, NULL, NULL, 16497, 0, NULL, NULL, NULL, NULL),
(244, 'Un Poco Loco. Un Poco Loco', 'fuentes_aniana86@hotmail.com', NULL, 'Av. Rioja 747 Norte, Santa Lucia, San Juan', '0264-4219444 /', NULL, '2024-06-27 08:07:59', '2024-06-27 08:07:59', 17094, 3355, 'En proceso', 1, 1, NULL, NULL, 17094, 0, NULL, NULL, NULL, 'Transporte Interno');

-- --------------------------------------------------------

--
-- Estructura de tabla para la tabla `pedido_productos`
--

CREATE TABLE `pedido_productos` (
  `id` bigint(20) UNSIGNED NOT NULL,
  `pedido_id` bigint(20) UNSIGNED NOT NULL,
  `product_id` bigint(20) UNSIGNED NOT NULL,
  `quantity` int(11) NOT NULL,
  `created_at` timestamp NULL DEFAULT NULL,
  `updated_at` timestamp NULL DEFAULT NULL,
  `precio` int(11) DEFAULT NULL,
  `descuento` float DEFAULT NULL,
  `precio_con_descuento` float DEFAULT NULL
) ENGINE=InnoDB DEFAULT CHARSET=utf8mb4 COLLATE=utf8mb4_unicode_ci;

--
-- Volcado de datos para la tabla `pedido_productos`
--

INSERT INTO `pedido_productos` (`id`, `pedido_id`, `product_id`, `quantity`, `created_at`, `updated_at`, `precio`, `descuento`, `precio_con_descuento`) VALUES
(137, 54, 6, 5, '2024-01-19 20:53:48', '2024-01-19 20:53:48', NULL, NULL, NULL),
(138, 55, 6, 5, '2024-01-20 02:24:14', '2024-01-20 02:24:14', NULL, NULL, NULL),
(139, 56, 6, 3, '2024-01-20 04:36:19', '2024-01-20 04:36:19', NULL, NULL, NULL),
(140, 56, 1, 3, '2024-01-20 04:36:19', '2024-01-20 04:36:19', NULL, NULL, NULL),
(141, 57, 4, 2, '2024-01-23 19:53:42', '2024-01-23 19:53:42', NULL, NULL, NULL),
(142, 58, 6, 2, '2024-02-11 23:59:17', '2024-02-11 23:59:17', NULL, NULL, NULL),
(143, 59, 4, 2, '2024-04-26 23:33:58', '2024-04-26 23:33:58', NULL, NULL, NULL),
(144, 60, 24740, 3, '2024-05-22 21:47:04', '2024-05-22 21:47:04', NULL, NULL, NULL),
(145, 60, 24739, 3, '2024-05-22 21:47:04', '2024-05-22 21:47:04', NULL, NULL, NULL),
(146, 61, 24740, 2, '2024-05-22 21:50:18', '2024-05-22 21:50:18', NULL, NULL, NULL),
(147, 61, 24737, 2, '2024-05-22 21:50:18', '2024-05-22 21:50:18', NULL, NULL, NULL),
(148, 62, 39659, 2, '2024-05-23 19:45:40', '2024-05-23 19:45:40', NULL, NULL, NULL),
(149, 63, 39659, 3, '2024-05-23 21:36:17', '2024-05-23 21:36:17', NULL, NULL, NULL),
(150, 63, 39660, 2, '2024-05-23 21:36:17', '2024-05-23 21:36:17', NULL, NULL, NULL),
(151, 64, 39659, 3, '2024-05-25 02:56:39', '2024-05-25 02:56:39', NULL, NULL, NULL),
(152, 65, 39659, 3, '2024-05-25 02:57:53', '2024-05-25 02:57:53', NULL, NULL, NULL),
(153, 66, 39659, 6, '2024-05-25 03:09:41', '2024-05-25 03:09:41', NULL, NULL, NULL),
(154, 66, 39660, 14, '2024-05-25 03:09:41', '2024-05-25 03:09:41', NULL, NULL, NULL),
(155, 67, 39659, 3, '2024-05-27 02:02:01', '2024-05-27 02:02:01', NULL, NULL, NULL),
(156, 68, 39659, 3, '2024-05-27 02:02:36', '2024-05-27 02:02:36', NULL, NULL, NULL),
(157, 69, 39660, 3, '2024-05-27 02:03:40', '2024-05-27 02:03:40', NULL, NULL, NULL),
(158, 69, 39659, 2, '2024-05-27 02:03:40', '2024-05-27 02:03:40', NULL, NULL, NULL),
(159, 70, 39662, 3, '2024-05-27 02:06:46', '2024-05-27 02:06:46', NULL, NULL, NULL),
(160, 71, 39659, 3, '2024-05-27 06:30:02', '2024-05-27 06:30:02', NULL, NULL, NULL),
(161, 72, 39660, 6, '2024-05-27 21:22:06', '2024-05-27 21:22:06', NULL, NULL, NULL),
(162, 72, 39661, 6, '2024-05-27 21:22:06', '2024-05-27 21:22:06', NULL, NULL, NULL),
(163, 72, 39668, 3, '2024-05-27 21:22:06', '2024-05-27 21:22:06', NULL, NULL, NULL),
(164, 72, 39659, 3, '2024-05-27 21:22:06', '2024-05-27 21:22:06', NULL, NULL, NULL),
(165, 73, 39659, 3, '2024-05-27 21:43:31', '2024-05-27 21:43:31', NULL, NULL, NULL),
(166, 74, 39659, 3, '2024-05-27 21:43:35', '2024-05-27 21:43:35', NULL, NULL, NULL),
(167, 74, 39660, 6, '2024-05-27 21:43:35', '2024-05-27 21:43:35', NULL, NULL, NULL),
(168, 74, 39661, 2, '2024-05-27 21:43:35', '2024-05-27 21:43:35', NULL, NULL, NULL),
(169, 75, 39659, 4, '2024-05-29 17:12:47', '2024-05-29 17:12:47', NULL, NULL, NULL),
(170, 75, 39664, 3, '2024-05-29 17:12:47', '2024-05-29 17:12:47', NULL, NULL, NULL),
(173, 78, 39659, 2, '2024-05-31 19:00:54', '2024-05-31 19:00:54', NULL, NULL, NULL),
(174, 79, 39660, 14, '2024-05-31 19:01:25', '2024-05-31 19:01:25', NULL, NULL, NULL),
(175, 80, 39663, 3, '2024-05-31 19:57:39', '2024-05-31 19:57:39', NULL, NULL, NULL),
(176, 80, 39666, 3, '2024-05-31 19:57:39', '2024-05-31 19:57:39', NULL, NULL, NULL),
(177, 81, 39664, 7, '2024-05-31 20:05:05', '2024-05-31 20:05:05', NULL, NULL, NULL),
(186, 87, 39659, 2, '2024-06-01 19:33:47', '2024-06-01 19:33:47', NULL, NULL, NULL),
(187, 87, 39660, 3, '2024-06-01 19:33:47', '2024-06-01 19:33:47', NULL, NULL, NULL),
(188, 87, 42078, 3, '2024-06-01 19:33:47', '2024-06-01 19:33:47', NULL, NULL, NULL),
(189, 88, 42078, 5, '2024-06-01 19:35:01', '2024-06-01 19:35:01', NULL, NULL, NULL),
(190, 89, 42078, 5, '2024-06-01 19:35:51', '2024-06-01 19:35:51', NULL, NULL, NULL),
(191, 90, 42078, 4, '2024-06-01 19:36:25', '2024-06-01 19:36:25', NULL, NULL, NULL),
(197, 96, 42078, 3, '2024-06-01 19:39:19', '2024-06-01 19:39:19', NULL, NULL, NULL),
(198, 97, 42078, 8, '2024-06-01 19:39:45', '2024-06-01 19:39:45', NULL, NULL, NULL),
(199, 98, 42078, 4, '2024-06-01 19:41:40', '2024-06-01 19:41:40', NULL, NULL, NULL),
(200, 99, 42078, 5, '2024-06-01 19:42:26', '2024-06-01 19:42:26', NULL, NULL, NULL),
(201, 100, 42078, 10, '2024-06-01 19:42:59', '2024-06-01 19:42:59', NULL, NULL, NULL),
(202, 101, 39659, 3, '2024-06-01 19:45:30', '2024-06-01 19:45:30', NULL, NULL, NULL),
(203, 101, 39662, 4, '2024-06-01 19:45:30', '2024-06-01 19:45:30', NULL, NULL, NULL),
(204, 101, 42078, 7, '2024-06-01 19:45:30', '2024-06-01 19:45:30', NULL, NULL, NULL),
(205, 102, 44612, 5, '2024-06-01 20:40:20', '2024-06-01 20:40:20', NULL, NULL, NULL),
(206, 102, 44555, 5, '2024-06-01 20:40:20', '2024-06-01 20:40:20', NULL, NULL, NULL),
(210, 106, 44612, 2, '2024-06-01 22:37:44', '2024-06-01 22:37:44', NULL, NULL, NULL),
(213, 109, 44612, 3, '2024-06-01 22:43:53', '2024-06-01 22:43:53', NULL, NULL, NULL),
(217, 113, 44617, 3, '2024-06-01 22:51:04', '2024-06-01 22:51:04', NULL, NULL, NULL),
(218, 114, 44759, 2, '2024-06-04 18:03:03', '2024-06-04 18:03:03', NULL, NULL, NULL),
(222, 118, 44613, 2, '2024-06-04 19:55:11', '2024-06-04 19:55:11', NULL, NULL, NULL),
(226, 122, 44614, 3, '2024-06-04 20:08:10', '2024-06-04 20:08:10', NULL, NULL, NULL),
(227, 123, 44612, 3, '2024-06-04 20:09:31', '2024-06-04 20:09:31', NULL, NULL, NULL),
(231, 127, 44612, 2, '2024-06-04 20:14:51', '2024-06-04 20:14:51', NULL, NULL, NULL),
(232, 128, 44612, 2, '2024-06-04 20:15:04', '2024-06-04 20:15:04', NULL, NULL, NULL),
(233, 129, 44613, 3, '2024-06-04 20:15:41', '2024-06-04 20:15:41', NULL, NULL, NULL),
(235, 131, 44617, 3, '2024-06-04 20:18:09', '2024-06-04 20:18:09', NULL, NULL, NULL),
(236, 132, 44614, 2, '2024-06-04 20:19:28', '2024-06-04 20:19:28', NULL, NULL, NULL),
(237, 133, 44618, 3, '2024-06-04 20:23:38', '2024-06-04 20:23:38', NULL, NULL, NULL),
(252, 148, 44614, 2, '2024-06-04 20:40:23', '2024-06-04 20:40:23', NULL, NULL, NULL),
(254, 150, 44615, 3, '2024-06-04 20:43:14', '2024-06-04 20:43:14', NULL, NULL, NULL),
(255, 151, 44618, 2, '2024-06-04 21:45:15', '2024-06-04 21:45:15', NULL, NULL, NULL),
(256, 152, 44615, 2, '2024-06-04 21:45:36', '2024-06-04 21:45:36', NULL, NULL, NULL),
(257, 153, 44618, 2, '2024-06-04 21:48:43', '2024-06-04 21:48:43', NULL, NULL, NULL),
(258, 154, 44612, 3, '2024-06-04 21:49:31', '2024-06-04 21:49:31', NULL, NULL, NULL),
(259, 155, 44612, 6, '2024-06-04 21:50:01', '2024-06-04 21:50:01', NULL, NULL, NULL),
(260, 156, 44612, 4, '2024-06-04 21:50:18', '2024-06-04 21:50:18', NULL, NULL, NULL),
(261, 157, 44612, 2, '2024-06-04 21:55:14', '2024-06-04 21:55:14', NULL, NULL, NULL),
(262, 158, 44612, 4, '2024-06-04 22:39:28', '2024-06-04 22:39:28', NULL, NULL, NULL),
(263, 159, 44618, 3, '2024-06-04 23:02:20', '2024-06-04 23:02:20', NULL, NULL, NULL),
(264, 160, 47094, 3, '2024-06-05 23:14:56', '2024-06-05 23:14:56', NULL, NULL, NULL),
(265, 161, 47094, 3, '2024-06-05 23:16:20', '2024-06-05 23:16:20', NULL, NULL, NULL),
(266, 162, 47095, 3, '2024-06-05 23:17:58', '2024-06-05 23:17:58', NULL, NULL, NULL),
(267, 162, 47121, 3, '2024-06-05 23:17:58', '2024-06-05 23:17:58', NULL, NULL, NULL),
(268, 162, 47130, 3, '2024-06-05 23:17:58', '2024-06-05 23:17:58', NULL, NULL, NULL),
(269, 163, 47095, 2, '2024-06-05 23:20:19', '2024-06-05 23:20:19', NULL, NULL, NULL),
(270, 163, 47096, 2, '2024-06-05 23:20:19', '2024-06-05 23:20:19', NULL, NULL, NULL),
(271, 164, 47094, 4, '2024-06-05 23:20:57', '2024-06-05 23:20:57', NULL, NULL, NULL),
(272, 164, 47124, 3, '2024-06-05 23:20:57', '2024-06-05 23:20:57', NULL, NULL, NULL),
(273, 165, 47095, 3, '2024-06-05 23:21:22', '2024-06-05 23:21:22', NULL, NULL, NULL),
(274, 165, 47126, 1, '2024-06-05 23:21:22', '2024-06-05 23:21:22', NULL, NULL, NULL),
(275, 166, 49571, 3, '2024-06-08 18:23:38', '2024-06-08 18:23:38', NULL, NULL, NULL),
(276, 166, 49573, 4, '2024-06-08 18:23:38', '2024-06-08 18:23:38', NULL, NULL, NULL),
(279, 168, 49571, 3, '2024-06-08 18:27:40', '2024-06-08 18:27:40', NULL, NULL, NULL),
(280, 168, 49573, 4, '2024-06-08 18:27:40', '2024-06-08 18:27:40', NULL, NULL, NULL),
(281, 169, 51934, 3, '2024-06-08 18:31:38', '2024-06-08 18:31:38', NULL, NULL, NULL),
(293, 181, 49571, 1, '2024-06-08 18:37:52', '2024-06-08 18:37:52', NULL, NULL, NULL),
(294, 182, 49570, 1, '2024-06-08 19:47:45', '2024-06-08 19:47:45', NULL, NULL, NULL),
(295, 183, 49571, 2, '2024-06-08 19:49:29', '2024-06-08 19:49:29', 6838, NULL, NULL),
(296, 184, 49570, 1, '2024-06-08 19:49:57', '2024-06-08 19:49:57', 6838, NULL, NULL),
(297, 184, 49576, 2, '2024-06-08 19:49:57', '2024-06-08 19:49:57', 6838, NULL, NULL),
(298, 184, 49602, 6, '2024-06-08 19:49:57', '2024-06-08 19:49:57', 1666, NULL, NULL),
(299, 185, 49570, 4, '2024-06-10 18:16:35', '2024-06-10 18:16:35', 8547, NULL, NULL),
(300, 185, 49575, 4, '2024-06-10 18:16:35', '2024-06-10 18:16:35', 8547, NULL, NULL),
(301, 186, 49596, 3, '2024-06-10 18:17:45', '2024-06-10 18:17:45', 2507, NULL, NULL),
(302, 186, 49600, 4, '2024-06-10 18:17:45', '2024-06-10 18:17:45', 2507, NULL, NULL),
(303, 187, 49576, 2, '2024-06-10 18:18:36', '2024-06-10 18:18:36', 6838, NULL, NULL),
(304, 188, 51934, 2, '2024-06-10 18:39:40', '2024-06-10 18:39:40', 3836, NULL, NULL),
(305, 189, 49604, 2, '2024-06-10 18:41:16', '2024-06-10 18:41:16', 2365, NULL, NULL),
(306, 190, 49595, 5, '2024-06-10 18:44:31', '2024-06-10 18:44:31', 3134, NULL, NULL),
(307, 191, 49865, 4, '2024-06-10 18:45:51', '2024-06-10 18:45:51', 3134, NULL, NULL),
(308, 192, 49570, 5, '2024-06-10 18:46:54', '2024-06-10 18:46:54', 8547, NULL, NULL),
(309, 193, 49576, 2, '2024-06-10 18:47:37', '2024-06-10 18:47:37', 8547, NULL, NULL),
(310, 194, 49576, 2, '2024-06-10 19:04:37', '2024-06-10 19:04:37', 6838, NULL, NULL),
(311, 195, 49575, 1, '2024-06-10 19:59:51', '2024-06-10 19:59:51', 6838, NULL, NULL),
(313, 197, 49575, 5, '2024-06-10 23:54:35', '2024-06-11 00:23:43', 8547, NULL, NULL),
(314, 197, 49597, 10, '2024-06-10 23:54:35', '2024-06-11 00:07:06', 3134, NULL, NULL),
(315, 197, 49604, 1, '2024-06-10 23:54:35', '2024-06-11 00:06:53', 2365, NULL, NULL),
(339, 196, 49517, 10, NULL, '2024-06-11 22:03:02', 9877, 30, 6913.9),
(340, 196, 50858, 20, NULL, '2024-06-11 22:03:21', 4786, 10, 4307.4),
(341, 198, 51934, 3, '2024-06-11 22:07:38', '2024-06-11 22:12:53', 3836, 50, 1918),
(342, 198, 49572, 3, '2024-06-11 22:07:38', '2024-06-11 22:07:38', 8547, NULL, NULL),
(352, 199, 49559, 20, NULL, '2024-06-12 02:25:35', 8932, 10, 8038.8),
(353, 199, 49518, 15, NULL, '2024-06-12 02:25:20', 8932, 30, 6252.4),
(364, 210, 52004, 1, '2024-06-12 07:39:23', '2024-06-12 07:39:23', 33319, NULL, NULL),
(365, 211, 52004, 3, '2024-06-12 07:40:27', '2024-06-12 07:40:27', 33319, NULL, NULL),
(366, 212, 52004, 3, '2024-06-12 07:40:52', '2024-06-12 07:40:52', 33319, NULL, NULL),
(367, 213, 52004, 3, '2024-06-12 07:42:20', '2024-06-12 07:42:20', 33319, NULL, NULL),
(368, 214, 52004, 2, '2024-06-12 07:45:36', '2024-06-12 07:45:36', 33319, NULL, NULL),
(369, 215, 52006, 1, '2024-06-12 07:48:52', '2024-06-12 07:48:52', 167903, NULL, NULL),
(370, 216, 52007, 1, '2024-06-12 07:50:54', '2024-06-12 07:50:54', 345682, NULL, NULL),
(371, 217, 52007, 3, '2024-06-12 07:52:46', '2024-06-12 07:52:46', 345682, NULL, NULL),
(372, 218, 52006, 4, '2024-06-12 07:53:32', '2024-06-12 07:53:32', 167903, NULL, NULL),
(373, 219, 52007, 1, '2024-06-12 07:54:30', '2024-06-12 07:54:30', 345682, NULL, NULL),
(374, 219, 52006, 1, '2024-06-12 07:54:30', '2024-06-12 07:54:30', 167903, NULL, NULL),
(375, 220, 49570, 5, '2024-06-12 16:45:56', '2024-06-24 22:39:46', 6111, 25, 4583.25),
(376, 221, 52007, 2, '2024-06-12 16:58:12', '2024-06-12 16:58:12', 345682, NULL, NULL),
(377, 221, 52006, 2, '2024-06-12 16:58:12', '2024-06-12 16:58:12', 167903, NULL, NULL),
(378, 221, 49570, 2, '2024-06-12 16:58:12', '2024-06-12 16:58:12', 6838, NULL, NULL),
(379, 221, 49515, 3, '2024-06-12 16:58:12', '2024-06-12 16:58:12', 9877, NULL, NULL),
(380, 222, 49570, 34, '2024-06-12 18:39:11', '2024-06-12 20:24:32', 8547, 10, 7692.3),
(381, 222, 49958, 20, NULL, NULL, 2635, NULL, NULL),
(383, 223, 49570, 3, '2024-06-18 21:28:42', '2024-06-18 21:28:42', 8547, NULL, NULL),
(384, 224, 49576, 2, '2024-06-18 21:34:52', '2024-06-18 21:34:52', 8547, NULL, NULL),
(385, 225, 51934, 2, '2024-06-20 23:36:33', '2024-06-20 23:36:33', 2743, NULL, NULL),
(386, 225, 49572, 2, '2024-06-20 23:36:33', '2024-06-20 23:36:33', 6111, NULL, NULL),
(387, 225, 49576, 2, '2024-06-20 23:36:33', '2024-06-20 23:36:33', 6111, NULL, NULL),
(388, 226, 51948, 5, '2024-06-20 23:37:29', '2024-06-20 23:37:29', 121, NULL, NULL),
(389, 226, 49570, 2, '2024-06-20 23:37:29', '2024-06-20 23:37:29', 6111, NULL, NULL),
(390, 226, 49596, 2, '2024-06-20 23:37:29', '2024-06-20 23:37:29', 2240, NULL, NULL),
(393, 228, 49572, 2, '2024-06-20 23:43:18', '2024-06-20 23:43:18', 6111, NULL, NULL),
(394, 228, 49599, 2, '2024-06-20 23:43:18', '2024-06-20 23:43:18', 2240, NULL, NULL),
(395, 229, 49573, 4, '2024-06-21 00:19:00', '2024-06-21 00:19:00', 6111, NULL, NULL),
(396, 229, 49576, 4, '2024-06-21 00:19:00', '2024-06-21 00:19:00', 6111, NULL, NULL),
(397, 230, 51948, 1, '2024-06-21 00:33:03', '2024-06-21 00:33:03', 121, NULL, NULL),
(398, 230, 49573, 5, '2024-06-21 00:33:03', '2024-06-21 00:33:03', 6111, NULL, NULL),
(399, 230, 49599, 7, '2024-06-21 00:33:03', '2024-06-21 00:33:03', 2240, NULL, NULL),
(400, 225, 49514, 5, NULL, NULL, 8932, NULL, NULL),
(401, 231, 49570, 2, '2024-06-25 16:27:58', '2024-06-25 16:27:58', 6838, NULL, NULL),
(402, 232, 49570, 2, '2024-06-25 16:28:04', '2024-06-25 16:28:04', 6838, NULL, NULL),
(407, 234, 49570, 4, '2024-06-26 22:34:31', '2024-06-26 22:35:26', 8547, 10, 7692.3),
(408, 234, 49573, 3, '2024-06-26 22:34:31', '2024-06-26 22:46:14', 8547, 20, 6837.6),
(409, 234, 49595, 4, '2024-06-26 22:34:31', '2024-06-26 22:47:58', 3134, 10, 2820.6),
(420, 233, 49801, 100, NULL, '2024-06-26 23:13:37', 1358, 25, 1018.5),
(421, 233, 49567, 30, NULL, '2024-06-26 23:13:54', 12346, 10, 11111.4),
(422, 233, 49569, 20, NULL, NULL, 12346, NULL, 12345.8),
(423, 235, 49570, 3, '2024-06-27 07:32:44', '2024-06-27 07:32:44', 6111, NULL, 6111),
(424, 236, 49570, 3, '2024-06-27 07:32:50', '2024-06-27 07:32:50', 8547, NULL, 8547),
(425, 236, 49598, 3, '2024-06-27 07:32:50', '2024-06-27 07:32:50', 3134, NULL, 3134),
(426, 237, 49570, 3, '2024-06-27 07:34:04', '2024-06-27 07:34:04', 8547, NULL, 8547),
(427, 237, 49596, 3, '2024-06-27 07:34:04', '2024-06-27 07:34:04', 3134, NULL, 3134),
(428, 238, 49570, 2, '2024-06-27 07:34:08', '2024-06-27 07:34:08', 8547, NULL, 8547),
(429, 238, 49603, 2, '2024-06-27 07:34:08', '2024-06-27 07:34:08', 2365, NULL, 2365),
(430, 239, 49573, 2, '2024-06-27 07:35:59', '2024-06-27 07:35:59', 8547, NULL, 8547),
(431, 239, 49603, 3, '2024-06-27 07:35:59', '2024-06-27 07:35:59', 2365, NULL, 2365),
(432, 240, 49570, 3, '2024-06-27 07:41:18', '2024-06-27 07:41:18', 8547, NULL, 8547),
(433, 240, 49596, 3, '2024-06-27 07:41:18', '2024-06-27 07:41:18', 3134, NULL, 3134),
(434, 241, 49596, 3, '2024-06-27 07:44:25', '2024-06-27 07:44:25', 3134, NULL, 3134),
(435, 241, 49597, 3, '2024-06-27 07:44:25', '2024-06-27 07:44:25', 3134, NULL, 3134),
(436, 242, 49573, 3, '2024-06-27 07:45:25', '2024-06-27 07:45:25', 8547, NULL, 8547),
(437, 242, 49606, 3, '2024-06-27 07:45:25', '2024-06-27 07:45:25', 2365, NULL, 2365),
(438, 243, 49598, 3, '2024-06-27 07:46:16', '2024-06-27 07:46:16', 3134, NULL, 3134),
(439, 243, 49606, 3, '2024-06-27 07:46:16', '2024-06-27 07:46:16', 2365, NULL, 2365),
(440, 244, 49570, 2, '2024-06-27 08:07:59', '2024-06-27 08:07:59', 8547, NULL, 8547);

-- --------------------------------------------------------

--
-- Estructura de tabla para la tabla `permissions`
--

CREATE TABLE `permissions` (
  `id` bigint(20) UNSIGNED NOT NULL,
  `key` varchar(255) NOT NULL,
  `table_name` varchar(255) DEFAULT NULL,
  `created_at` timestamp NULL DEFAULT NULL,
  `updated_at` timestamp NULL DEFAULT NULL
) ENGINE=InnoDB DEFAULT CHARSET=utf8mb4 COLLATE=utf8mb4_unicode_ci;

--
-- Volcado de datos para la tabla `permissions`
--

INSERT INTO `permissions` (`id`, `key`, `table_name`, `created_at`, `updated_at`) VALUES
(1, 'browse_admin', NULL, '2023-11-24 01:55:46', '2023-11-24 01:55:46'),
(2, 'browse_bread', NULL, '2023-11-24 01:55:46', '2023-11-24 01:55:46'),
(3, 'browse_database', NULL, '2023-11-24 01:55:46', '2023-11-24 01:55:46'),
(4, 'browse_media', NULL, '2023-11-24 01:55:46', '2023-11-24 01:55:46'),
(5, 'browse_compass', NULL, '2023-11-24 01:55:46', '2023-11-24 01:55:46'),
(6, 'browse_menus', 'menus', '2023-11-24 01:55:46', '2023-11-24 01:55:46'),
(7, 'read_menus', 'menus', '2023-11-24 01:55:46', '2023-11-24 01:55:46'),
(8, 'edit_menus', 'menus', '2023-11-24 01:55:46', '2023-11-24 01:55:46'),
(9, 'add_menus', 'menus', '2023-11-24 01:55:46', '2023-11-24 01:55:46'),
(10, 'delete_menus', 'menus', '2023-11-24 01:55:46', '2023-11-24 01:55:46'),
(11, 'browse_roles', 'roles', '2023-11-24 01:55:46', '2023-11-24 01:55:46'),
(12, 'read_roles', 'roles', '2023-11-24 01:55:46', '2023-11-24 01:55:46'),
(13, 'edit_roles', 'roles', '2023-11-24 01:55:46', '2023-11-24 01:55:46'),
(14, 'add_roles', 'roles', '2023-11-24 01:55:46', '2023-11-24 01:55:46'),
(15, 'delete_roles', 'roles', '2023-11-24 01:55:46', '2023-11-24 01:55:46'),
(16, 'browse_users', 'users', '2023-11-24 01:55:46', '2023-11-24 01:55:46'),
(17, 'read_users', 'users', '2023-11-24 01:55:46', '2023-11-24 01:55:46'),
(18, 'edit_users', 'users', '2023-11-24 01:55:46', '2023-11-24 01:55:46'),
(19, 'add_users', 'users', '2023-11-24 01:55:46', '2023-11-24 01:55:46'),
(20, 'delete_users', 'users', '2023-11-24 01:55:46', '2023-11-24 01:55:46'),
(21, 'browse_settings', 'settings', '2023-11-24 01:55:46', '2023-11-24 01:55:46'),
(22, 'read_settings', 'settings', '2023-11-24 01:55:46', '2023-11-24 01:55:46'),
(23, 'edit_settings', 'settings', '2023-11-24 01:55:46', '2023-11-24 01:55:46'),
(24, 'add_settings', 'settings', '2023-11-24 01:55:46', '2023-11-24 01:55:46'),
(25, 'delete_settings', 'settings', '2023-11-24 01:55:46', '2023-11-24 01:55:46'),
(26, 'browse_categories', 'categories', '2023-11-24 01:55:46', '2023-11-24 01:55:46'),
(27, 'read_categories', 'categories', '2023-11-24 01:55:46', '2023-11-24 01:55:46'),
(28, 'edit_categories', 'categories', '2023-11-24 01:55:46', '2023-11-24 01:55:46'),
(29, 'add_categories', 'categories', '2023-11-24 01:55:46', '2023-11-24 01:55:46'),
(30, 'delete_categories', 'categories', '2023-11-24 01:55:46', '2023-11-24 01:55:46'),
(31, 'browse_posts', 'posts', '2023-11-24 01:55:46', '2023-11-24 01:55:46'),
(32, 'read_posts', 'posts', '2023-11-24 01:55:46', '2023-11-24 01:55:46'),
(33, 'edit_posts', 'posts', '2023-11-24 01:55:46', '2023-11-24 01:55:46'),
(34, 'add_posts', 'posts', '2023-11-24 01:55:46', '2023-11-24 01:55:46'),
(35, 'delete_posts', 'posts', '2023-11-24 01:55:46', '2023-11-24 01:55:46'),
(36, 'browse_pages', 'pages', '2023-11-24 01:55:46', '2023-11-24 01:55:46'),
(37, 'read_pages', 'pages', '2023-11-24 01:55:46', '2023-11-24 01:55:46'),
(38, 'edit_pages', 'pages', '2023-11-24 01:55:46', '2023-11-24 01:55:46'),
(39, 'add_pages', 'pages', '2023-11-24 01:55:46', '2023-11-24 01:55:46'),
(40, 'delete_pages', 'pages', '2023-11-24 01:55:46', '2023-11-24 01:55:46'),
(41, 'browse_category', 'category', '2023-11-26 05:00:13', '2023-11-26 05:00:13'),
(42, 'read_category', 'category', '2023-11-26 05:00:13', '2023-11-26 05:00:13'),
(43, 'edit_category', 'category', '2023-11-26 05:00:13', '2023-11-26 05:00:13'),
(44, 'add_category', 'category', '2023-11-26 05:00:13', '2023-11-26 05:00:13'),
(45, 'delete_category', 'category', '2023-11-26 05:00:13', '2023-11-26 05:00:13'),
(46, 'browse_products', 'products', '2023-11-26 05:03:09', '2023-11-26 05:03:09'),
(47, 'read_products', 'products', '2023-11-26 05:03:09', '2023-11-26 05:03:09'),
(48, 'edit_products', 'products', '2023-11-26 05:03:09', '2023-11-26 05:03:09'),
(49, 'add_products', 'products', '2023-11-26 05:03:09', '2023-11-26 05:03:09'),
(50, 'delete_products', 'products', '2023-11-26 05:03:09', '2023-11-26 05:03:09'),
(51, 'browse_sliders', 'sliders', '2023-12-06 03:56:30', '2023-12-06 03:56:30'),
(52, 'read_sliders', 'sliders', '2023-12-06 03:56:30', '2023-12-06 03:56:30'),
(53, 'edit_sliders', 'sliders', '2023-12-06 03:56:30', '2023-12-06 03:56:30'),
(54, 'add_sliders', 'sliders', '2023-12-06 03:56:30', '2023-12-06 03:56:30'),
(55, 'delete_sliders', 'sliders', '2023-12-06 03:56:30', '2023-12-06 03:56:30'),
(56, 'browse_hero', 'hero', '2023-12-06 05:39:36', '2023-12-06 05:39:36'),
(57, 'read_hero', 'hero', '2023-12-06 05:39:36', '2023-12-06 05:39:36'),
(58, 'edit_hero', 'hero', '2023-12-06 05:39:36', '2023-12-06 05:39:36'),
(59, 'add_hero', 'hero', '2023-12-06 05:39:36', '2023-12-06 05:39:36'),
(60, 'delete_hero', 'hero', '2023-12-06 05:39:36', '2023-12-06 05:39:36'),
(61, 'browse_subcategorias', 'subcategorias', '2023-12-07 05:48:47', '2023-12-07 05:48:47'),
(62, 'read_subcategorias', 'subcategorias', '2023-12-07 05:48:47', '2023-12-07 05:48:47'),
(63, 'edit_subcategorias', 'subcategorias', '2023-12-07 05:48:47', '2023-12-07 05:48:47'),
(64, 'add_subcategorias', 'subcategorias', '2023-12-07 05:48:47', '2023-12-07 05:48:47'),
(65, 'delete_subcategorias', 'subcategorias', '2023-12-07 05:48:47', '2023-12-07 05:48:47'),
(66, 'browse_trabajos', 'trabajos', '2023-12-12 20:48:52', '2023-12-12 20:48:52'),
(67, 'read_trabajos', 'trabajos', '2023-12-12 20:48:52', '2023-12-12 20:48:52'),
(68, 'edit_trabajos', 'trabajos', '2023-12-12 20:48:52', '2023-12-12 20:48:52'),
(69, 'add_trabajos', 'trabajos', '2023-12-12 20:48:52', '2023-12-12 20:48:52'),
(70, 'delete_trabajos', 'trabajos', '2023-12-12 20:48:52', '2023-12-12 20:48:52'),
(71, 'browse_category_trabajos', 'category_trabajos', '2023-12-12 20:51:21', '2023-12-12 20:51:21'),
(72, 'read_category_trabajos', 'category_trabajos', '2023-12-12 20:51:21', '2023-12-12 20:51:21'),
(73, 'edit_category_trabajos', 'category_trabajos', '2023-12-12 20:51:21', '2023-12-12 20:51:21'),
(74, 'add_category_trabajos', 'category_trabajos', '2023-12-12 20:51:21', '2023-12-12 20:51:21'),
(75, 'delete_category_trabajos', 'category_trabajos', '2023-12-12 20:51:21', '2023-12-12 20:51:21'),
(76, 'browse_pedidos', 'pedidos', '2024-01-19 04:34:20', '2024-01-19 04:34:20'),
(77, 'read_pedidos', 'pedidos', '2024-01-19 04:34:20', '2024-01-19 04:34:20'),
(78, 'edit_pedidos', 'pedidos', '2024-01-19 04:34:20', '2024-01-19 04:34:20'),
(79, 'add_pedidos', 'pedidos', '2024-01-19 04:34:20', '2024-01-19 04:34:20'),
(80, 'delete_pedidos', 'pedidos', '2024-01-19 04:34:20', '2024-01-19 04:34:20'),
(81, 'browse_products_excel', 'products_excel', '2024-05-17 01:06:05', '2024-05-17 01:06:05'),
(82, 'read_products_excel', 'products_excel', '2024-05-17 01:06:05', '2024-05-17 01:06:05'),
(83, 'edit_products_excel', 'products_excel', '2024-05-17 01:06:05', '2024-05-17 01:06:05'),
(84, 'add_products_excel', 'products_excel', '2024-05-17 01:06:05', '2024-05-17 01:06:05'),
(85, 'delete_products_excel', 'products_excel', '2024-05-17 01:06:05', '2024-05-17 01:06:05'),
(86, 'browse_familia', 'familia', '2024-05-23 05:30:21', '2024-05-23 05:30:21'),
(87, 'read_familia', 'familia', '2024-05-23 05:30:21', '2024-05-23 05:30:21'),
(88, 'edit_familia', 'familia', '2024-05-23 05:30:21', '2024-05-23 05:30:21'),
(89, 'add_familia', 'familia', '2024-05-23 05:30:21', '2024-05-23 05:30:21'),
(90, 'delete_familia', 'familia', '2024-05-23 05:30:21', '2024-05-23 05:30:21'),
(91, 'browse_rubros', 'rubros', '2024-05-31 00:26:18', '2024-05-31 00:26:18'),
(92, 'read_rubros', 'rubros', '2024-05-31 00:26:18', '2024-05-31 00:26:18'),
(93, 'edit_rubros', 'rubros', '2024-05-31 00:26:18', '2024-05-31 00:26:18'),
(94, 'add_rubros', 'rubros', '2024-05-31 00:26:18', '2024-05-31 00:26:18'),
(95, 'delete_rubros', 'rubros', '2024-05-31 00:26:18', '2024-05-31 00:26:18'),
(96, 'browse_transportes', 'transportes', '2024-06-08 17:07:34', '2024-06-08 17:07:34'),
(97, 'read_transportes', 'transportes', '2024-06-08 17:07:34', '2024-06-08 17:07:34'),
(98, 'edit_transportes', 'transportes', '2024-06-08 17:07:34', '2024-06-08 17:07:34'),
(99, 'add_transportes', 'transportes', '2024-06-08 17:07:34', '2024-06-08 17:07:34'),
(100, 'delete_transportes', 'transportes', '2024-06-08 17:07:34', '2024-06-08 17:07:34'),
(101, 'browse_razon_social', 'razon_social', '2024-06-24 23:42:55', '2024-06-24 23:42:55'),
(102, 'read_razon_social', 'razon_social', '2024-06-24 23:42:55', '2024-06-24 23:42:55'),
(103, 'edit_razon_social', 'razon_social', '2024-06-24 23:42:55', '2024-06-24 23:42:55'),
(104, 'add_razon_social', 'razon_social', '2024-06-24 23:42:55', '2024-06-24 23:42:55'),
(105, 'delete_razon_social', 'razon_social', '2024-06-24 23:42:55', '2024-06-24 23:42:55');

-- --------------------------------------------------------

--
-- Estructura de tabla para la tabla `permission_role`
--

CREATE TABLE `permission_role` (
  `permission_id` bigint(20) UNSIGNED NOT NULL,
  `role_id` bigint(20) UNSIGNED NOT NULL
) ENGINE=InnoDB DEFAULT CHARSET=utf8mb4 COLLATE=utf8mb4_unicode_ci;

--
-- Volcado de datos para la tabla `permission_role`
--

INSERT INTO `permission_role` (`permission_id`, `role_id`) VALUES
(1, 1),
(2, 1),
(3, 1),
(4, 1),
(5, 1),
(6, 1),
(7, 1),
(8, 1),
(9, 1),
(10, 1),
(11, 1),
(12, 1),
(13, 1),
(14, 1),
(15, 1),
(16, 1),
(17, 1),
(18, 1),
(19, 1),
(20, 1),
(21, 1),
(22, 1),
(23, 1),
(24, 1),
(25, 1),
(26, 1),
(27, 1),
(28, 1),
(29, 1),
(30, 1),
(31, 1),
(32, 1),
(33, 1),
(34, 1),
(35, 1),
(36, 1),
(37, 1),
(38, 1),
(39, 1),
(40, 1),
(41, 1),
(42, 1),
(43, 1),
(44, 1),
(45, 1),
(46, 1),
(47, 1),
(48, 1),
(49, 1),
(50, 1),
(51, 1),
(52, 1),
(53, 1),
(54, 1),
(55, 1),
(56, 1),
(57, 1),
(58, 1),
(59, 1),
(60, 1),
(61, 1),
(62, 1),
(63, 1),
(64, 1),
(65, 1),
(66, 1),
(67, 1),
(68, 1),
(69, 1),
(70, 1),
(71, 1),
(72, 1),
(73, 1),
(74, 1),
(75, 1),
(76, 1),
(77, 1),
(78, 1),
(79, 1),
(80, 1),
(81, 1),
(82, 1),
(83, 1),
(84, 1),
(85, 1),
(86, 1),
(87, 1),
(88, 1),
(89, 1),
(90, 1),
(91, 1),
(92, 1),
(93, 1),
(94, 1),
(95, 1),
(96, 1),
(97, 1),
(98, 1),
(99, 1),
(100, 1),
(101, 1),
(102, 1),
(103, 1),
(104, 1),
(105, 1);

-- --------------------------------------------------------

--
-- Estructura de tabla para la tabla `personal_access_tokens`
--

CREATE TABLE `personal_access_tokens` (
  `id` bigint(20) UNSIGNED NOT NULL,
  `tokenable_type` varchar(255) NOT NULL,
  `tokenable_id` bigint(20) UNSIGNED NOT NULL,
  `name` varchar(255) NOT NULL,
  `token` varchar(64) NOT NULL,
  `abilities` text DEFAULT NULL,
  `last_used_at` timestamp NULL DEFAULT NULL,
  `expires_at` timestamp NULL DEFAULT NULL,
  `created_at` timestamp NULL DEFAULT NULL,
  `updated_at` timestamp NULL DEFAULT NULL
) ENGINE=InnoDB DEFAULT CHARSET=utf8mb4 COLLATE=utf8mb4_unicode_ci;

-- --------------------------------------------------------

--
-- Estructura de tabla para la tabla `posts`
--

CREATE TABLE `posts` (
  `id` int(10) UNSIGNED NOT NULL,
  `author_id` int(11) NOT NULL,
  `category_id` int(11) DEFAULT NULL,
  `title` varchar(255) NOT NULL,
  `seo_title` varchar(255) DEFAULT NULL,
  `excerpt` text DEFAULT NULL,
  `body` text NOT NULL,
  `image` varchar(255) DEFAULT NULL,
  `slug` varchar(255) NOT NULL,
  `meta_description` text DEFAULT NULL,
  `meta_keywords` text DEFAULT NULL,
  `status` enum('PUBLISHED','DRAFT','PENDING') NOT NULL DEFAULT 'DRAFT',
  `featured` tinyint(1) NOT NULL DEFAULT 0,
  `created_at` timestamp NULL DEFAULT NULL,
  `updated_at` timestamp NULL DEFAULT NULL,
  `imagenes` longtext DEFAULT NULL
) ENGINE=InnoDB DEFAULT CHARSET=utf8mb4 COLLATE=utf8mb4_unicode_ci;

--
-- Volcado de datos para la tabla `posts`
--

INSERT INTO `posts` (`id`, `author_id`, `category_id`, `title`, `seo_title`, `excerpt`, `body`, `image`, `slug`, `meta_description`, `meta_keywords`, `status`, `featured`, `created_at`, `updated_at`, `imagenes`) VALUES
(1, 0, NULL, 'Lorem Ipsum Post', NULL, 'This is the excerpt for the Lorem Ipsum Post', '<p>This is the body of the lorem ipsum post</p>', 'posts/post1.jpg', 'lorem-ipsum-post', 'This is the meta description', 'keyword1, keyword2, keyword3', 'PUBLISHED', 0, '2023-11-24 01:55:46', '2023-11-24 01:55:46', NULL),
(2, 0, NULL, 'My Sample Post', NULL, 'This is the excerpt for the sample Post', '<p>This is the body for the sample post, which includes the body.</p>\n                <h2>We can use all kinds of format!</h2>\n                <p>And include a bunch of other stuff.</p>', 'posts/post2.jpg', 'my-sample-post', 'Meta Description for sample post', 'keyword1, keyword2, keyword3', 'PUBLISHED', 0, '2023-11-24 01:55:46', '2023-11-24 01:55:46', NULL),
(3, 0, NULL, 'Latest Post', NULL, 'This is the excerpt for the latest post', '<p>This is the body for the latest post</p>', 'posts/post3.jpg', 'latest-post', 'This is the meta description', 'keyword1, keyword2, keyword3', 'PUBLISHED', 0, '2023-11-24 01:55:46', '2023-11-24 01:55:46', NULL),
(4, 0, NULL, 'Yarr Post', NULL, 'Reef sails nipperkin bring a spring upon her cable coffer jury mast spike marooned Pieces of Eight poop deck pillage. Clipper driver coxswain galleon hempen halter come about pressgang gangplank boatswain swing the lead. Nipperkin yard skysail swab lanyard Blimey bilge water ho quarter Buccaneer.', '<p>Swab deadlights Buccaneer fire ship square-rigged dance the hempen jig weigh anchor cackle fruit grog furl. Crack Jennys tea cup chase guns pressgang hearties spirits hogshead Gold Road six pounders fathom measured fer yer chains. Main sheet provost come about trysail barkadeer crimp scuttle mizzenmast brig plunder.</p>\n<p>Mizzen league keelhaul galleon tender cog chase Barbary Coast doubloon crack Jennys tea cup. Blow the man down lugsail fire ship pinnace cackle fruit line warp Admiral of the Black strike colors doubloon. Tackle Jack Ketch come about crimp rum draft scuppers run a shot across the bow haul wind maroon.</p>\n<p>Interloper heave down list driver pressgang holystone scuppers tackle scallywag bilged on her anchor. Jack Tar interloper draught grapple mizzenmast hulk knave cable transom hogshead. Gaff pillage to go on account grog aft chase guns piracy yardarm knave clap of thunder.</p>', 'posts/post4.jpg', 'yarr-post', 'this be a meta descript', 'keyword1, keyword2, keyword3', 'PUBLISHED', 0, '2023-11-24 01:55:46', '2023-11-24 01:55:46', NULL),
(5, 1, 1, 'Lorem ipsum dadada', NULL, NULL, '<p>dadqad</p>', 'posts\\November2023\\68cjxW3p8ROSFQdblPSs.jpg', 'lorem-ipsum-dadada', NULL, NULL, 'PUBLISHED', 0, '2023-11-24 02:30:00', '2023-11-24 02:30:00', NULL),
(6, 1, 1, 'Cómo cuidar tus muebles de melamina', NULL, 'Cómo cuidar tus muebles de melamina', '<p data-sourcepos=\"1:1-1:39\">&nbsp;</p>\r\n<p data-sourcepos=\"3:1-3:224\">Los muebles de melamina son una opci&oacute;n popular para el hogar, ya que son duraderos, asequibles y vienen en una variedad de colores y estilos. Sin embargo, para que duren en buen estado, es importante cuidarlos adecuadamente.</p>\r\n<p data-sourcepos=\"5:1-5:84\">A continuaci&oacute;n, te presentamos algunos consejos para cuidar tus muebles de melamina:</p>\r\n<ul data-sourcepos=\"7:1-11:0\">\r\n<li data-sourcepos=\"7:1-7:328\"><strong>L&iacute;mpialos con regularidad.</strong>&nbsp;La limpieza regular es esencial para mantener tus muebles de melamina en buen estado.&nbsp;Para limpiarlos,&nbsp;simplemente pasa un pa&ntilde;o limpio y suave humedecido con agua jabonosa.&nbsp;Evita usar productos de limpieza abrasivos o que contengan alcohol o solventes fuertes,&nbsp;ya que pueden da&ntilde;ar la superficie.</li>\r\n<li data-sourcepos=\"8:1-8:305\"><strong>Evita la exposici&oacute;n a la luz solar directa y al calor excesivo.</strong>&nbsp;La luz solar directa y el calor excesivo pueden hacer que la melamina se decolore o se deforme.&nbsp;Por lo tanto,&nbsp;es importante colocar los muebles de melamina en lugares donde est&eacute;n protegidos de la luz solar directa y del calor excesivo.</li>\r\n<li data-sourcepos=\"9:1-9:228\"><strong>Evita el uso de objetos afilados o abrasivos.</strong>&nbsp;Los objetos afilados o abrasivos pueden rayar o da&ntilde;ar la superficie de los muebles de melamina.&nbsp;Por lo tanto,&nbsp;es importante evitar utilizarlos para limpiar o mover los muebles.</li>\r\n<li data-sourcepos=\"10:1-11:0\"><strong>Repara las imperfecciones de inmediato.</strong>&nbsp;Si los muebles de melamina tienen alguna imperfecci&oacute;n,&nbsp;como una mancha o un rasgu&ntilde;o,&nbsp;es importante repararla de inmediato.&nbsp;Para ello,&nbsp;puedes usar un kit de reparaci&oacute;n de melamina o un producto de pintura especial para melamina.</li>\r\n</ul>\r\n<p data-sourcepos=\"12:1-12:101\">Siguiendo estos consejos, podr&aacute;s mantener tus muebles de melamina en buen estado durante muchos a&ntilde;os.</p>\r\n<p data-sourcepos=\"14:1-14:25\"><strong>Consejos adicionales:</strong></p>\r\n<ul data-sourcepos=\"16:1-19:0\">\r\n<li data-sourcepos=\"16:1-16:112\">Si tus muebles de melamina est&aacute;n expuestos a la humedad,&nbsp;puedes aplicar un sellador especial para protegerlos.</li>\r\n<li data-sourcepos=\"17:1-17:116\">Para evitar que los muebles de melamina se deformen con el paso del tiempo,&nbsp;es importante que est&eacute;n bien apoyados.</li>\r\n<li data-sourcepos=\"18:1-19:0\">Si los muebles de melamina tienen ruedas,&nbsp;es importante lubricarlas regularmente para que no se atasquen.</li>\r\n</ul>\r\n<p data-sourcepos=\"20:1-20:83\">Con un poco de cuidado y atenci&oacute;n, tus muebles de melamina te durar&aacute;n toda la vida.</p>', 'posts\\January2024\\EjtYh5kXwDZNQJtjVc89.png', 'como-cuidar-tus-muebles-de-melamina', NULL, NULL, 'PUBLISHED', 0, '2024-01-03 19:47:26', '2024-01-03 21:54:46', '[\"posts\\\\January2024\\\\wmC8626kp2ZLOGZlYQ81.jpg\",\"posts\\\\January2024\\\\eFhZOVkAErRUCbNIGNM3.png\"]');

-- --------------------------------------------------------

--
-- Estructura de tabla para la tabla `price_changes`
--

CREATE TABLE `price_changes` (
  `id` bigint(20) UNSIGNED NOT NULL,
  `product_familia` varchar(255) DEFAULT NULL,
  `product_categoria` varchar(255) DEFAULT NULL,
  `product_id` bigint(20) UNSIGNED NOT NULL,
  `operation_id` bigint(20) UNSIGNED DEFAULT NULL,
  `old_price_1` decimal(10,2) NOT NULL,
  `old_price_2` decimal(10,2) DEFAULT NULL,
  `old_price_3` decimal(10,2) DEFAULT NULL,
  `old_price_4` decimal(10,2) DEFAULT NULL,
  `new_price_1` decimal(10,2) NOT NULL,
  `new_price_2` decimal(10,2) DEFAULT NULL,
  `new_price_3` decimal(10,2) DEFAULT NULL,
  `new_price_4` decimal(10,2) DEFAULT NULL,
  `created_at` timestamp NULL DEFAULT NULL,
  `updated_at` timestamp NULL DEFAULT NULL
) ENGINE=InnoDB DEFAULT CHARSET=utf8mb4 COLLATE=utf8mb4_general_ci;

-- --------------------------------------------------------

--
-- Estructura de tabla para la tabla `price_change_operations`
--

CREATE TABLE `price_change_operations` (
  `id` bigint(20) UNSIGNED NOT NULL,
  `families` text DEFAULT NULL,
  `categories` text DEFAULT NULL,
  `percentage` decimal(5,2) NOT NULL,
  `created_at` timestamp NULL DEFAULT NULL,
  `updated_at` timestamp NULL DEFAULT NULL
) ENGINE=InnoDB DEFAULT CHARSET=utf8mb4 COLLATE=utf8mb4_general_ci;

--
-- Volcado de datos para la tabla `price_change_operations`
--

INSERT INTO `price_change_operations` (`id`, `families`, `categories`, `percentage`, `created_at`, `updated_at`) VALUES
(15, NULL, '1258,1259,1306', 30.00, '2024-05-29 22:00:41', '2024-05-29 22:00:41'),
(16, NULL, '1260,1263,1275,1277,1289,1291,1299,1303,1334,1341,1342,1343,1348,1350,1351,1409,1421,1427', 100.00, '2024-05-29 23:18:55', '2024-05-29 23:18:55'),
(17, NULL, '1260', 50.00, '2024-05-31 19:24:07', '2024-05-31 19:24:07'),
(18, NULL, '1258,1259,1260,1261,1262,1263,1264,1265,1266,1267,1268,1269,1270,1271,1272,1273,1274,1275,1276,1277,1278,1279,1280,1281,1282,1283,1284,1285,1286,1287,1288,1289,1290,1291,1292,1293,1294,1295,1296,1297,1298,1299,1300,1301,1302,1303,1304,1305,1306,1307,1308,1309,1310,1311,1312,1313,1314,1315,1316,1317,1318,1319,1320,1321,1322,1323,1324,1325,1326,1327,1328,1329,1330,1331,1332,1333,1334,1335,1336,1337,1338,1339,1340,1341,1342,1343,1344,1345,1346,1347,1348,1349,1350,1351,1352,1353,1354,1355,1356,1357,1358,1359,1360,1361,1362,1363,1364,1365,1366,1367,1368,1369,1370,1371,1372,1373,1374,1375,1376,1377,1378,1379,1380,1381,1382,1383,1384,1385,1386,1387,1388,1389,1390,1391,1392,1393,1394,1395,1396,1397,1398,1399,1400,1401,1402,1403,1404,1405,1406,1407,1408,1409,1410,1411,1412,1413,1414,1415,1416,1417,1418,1419,1420,1421,1422,1423,1424,1425,1426,1427,1428,1429,1430,1431,1432,1433,1434,1435,1436,1441', 30.00, '2024-06-01 22:13:05', '2024-06-01 22:13:05'),
(19, NULL, '1258,1259,1260,1261,1262,1263,1264,1265,1266,1267,1268,1269,1270,1271,1272,1273,1274,1275,1276,1277,1278,1279,1280,1281,1282,1283,1284,1285,1286,1287,1288,1289,1290,1291,1292,1293,1294,1295,1296,1297,1298,1299,1300,1301,1302,1303,1304,1305,1306,1307,1308,1309,1310,1311,1312,1313,1314,1315,1316,1317,1318,1319,1320,1321,1322,1323,1324,1325,1326,1327,1328,1329,1330,1331,1332,1333,1334,1335,1336,1337,1338,1339,1340,1341,1342,1343,1344,1345,1346,1347,1348,1349,1350,1351,1352,1353,1354,1355,1356,1357,1358,1359,1360,1361,1362,1363,1364,1365,1366,1367,1368,1369,1370,1371,1372,1373,1374,1375,1376,1377,1378,1379,1380,1381,1382,1383,1384,1385,1386,1387,1388,1389,1390,1391,1392,1393,1394,1395,1396,1397,1398,1399,1400,1401,1402,1403,1404,1405,1406,1407,1408,1409,1410,1411,1412,1413,1414,1415,1416,1417,1418,1419,1420,1421,1422,1423,1424,1425,1426,1427,1428,1429,1430,1431,1432,1433,1434,1435,1436,1441', -30.00, '2024-06-01 22:16:12', '2024-06-01 22:16:12');

-- --------------------------------------------------------

--
-- Estructura de tabla para la tabla `products_excel`
--

CREATE TABLE `products_excel` (
  `id` bigint(20) UNSIGNED NOT NULL,
  `codigo` varchar(255) DEFAULT NULL,
  `articulo` varchar(255) DEFAULT NULL,
  `imagenes` longtext DEFAULT NULL,
  `desc_fiscal` varchar(255) DEFAULT NULL,
  `marca` varchar(255) DEFAULT NULL,
  `familia` varchar(255) DEFAULT NULL,
  `categoria` varchar(255) DEFAULT NULL,
  `sinonimo` varchar(255) DEFAULT NULL,
  `iva` decimal(10,2) DEFAULT NULL,
  `grupo_emp` varchar(255) DEFAULT NULL,
  `unidad_medida` varchar(255) DEFAULT NULL,
  `envoltorio` varchar(255) DEFAULT NULL,
  `peso_neto` decimal(10,2) DEFAULT NULL,
  `ancho` decimal(10,2) DEFAULT NULL,
  `alto` decimal(10,2) DEFAULT NULL,
  `profundidad` decimal(10,2) DEFAULT NULL,
  `meses_garantia` smallint(6) DEFAULT NULL,
  `lista_precios_1` decimal(10,2) DEFAULT NULL,
  `lista_precios_2` decimal(10,2) DEFAULT NULL,
  `lista_precios_3` decimal(10,2) DEFAULT NULL,
  `lista_precios_4` decimal(10,2) DEFAULT NULL,
  `stock_maximo` int(11) DEFAULT NULL,
  `stock_minimo` int(11) DEFAULT NULL,
  `reposicion` varchar(255) DEFAULT NULL,
  `stock_actual` int(11) DEFAULT NULL,
  `fecha_creacion` date DEFAULT NULL,
  `fecha_actualizacion` date DEFAULT NULL,
  `created_at` timestamp NULL DEFAULT NULL,
  `updated_at` timestamp NULL DEFAULT NULL,
  `quantity` int(11) DEFAULT NULL,
  `slug` varchar(255) DEFAULT NULL,
  `publicado` int(11) DEFAULT NULL,
  `combo` longtext CHARACTER SET utf8mb4 COLLATE utf8mb4_bin DEFAULT NULL CHECK (json_valid(`combo`)),
  `rubro_id` int(11) DEFAULT NULL,
  `destacado` int(11) DEFAULT 0,
  `descuento_combo` decimal(5,2) DEFAULT NULL
) ENGINE=InnoDB DEFAULT CHARSET=utf8mb4 COLLATE=utf8mb4_unicode_ci;

--
-- Volcado de datos para la tabla `products_excel`
--

INSERT INTO `products_excel` (`id`, `codigo`, `articulo`, `imagenes`, `desc_fiscal`, `marca`, `familia`, `categoria`, `sinonimo`, `iva`, `grupo_emp`, `unidad_medida`, `envoltorio`, `peso_neto`, `ancho`, `alto`, `profundidad`, `meses_garantia`, `lista_precios_1`, `lista_precios_2`, `lista_precios_3`, `lista_precios_4`, `stock_maximo`, `stock_minimo`, `reposicion`, `stock_actual`, `fecha_creacion`, `fecha_actualizacion`, `created_at`, `updated_at`, `quantity`, `slug`, `publicado`, `combo`, `rubro_id`, `destacado`, `descuento_combo`) VALUES
(49513, '53621', 'Combo Banderines', '[\"products-excel\\/May2024\\/53621.jpg\"]', 'Combo Banderines', NULL, '153', '1441', NULL, NULL, NULL, NULL, NULL, NULL, NULL, NULL, NULL, NULL, 1523.00, 12345.00, 12345.00, 12345.00, NULL, NULL, NULL, 2000000, NULL, NULL, '2024-06-07 03:19:00', '2024-06-07 04:08:25', NULL, 'combo-banderines', 1, '[\"0058\",\"0060\"]', 1, 1, NULL),
(49514, '0001', 'Band. Red. Lunares Amarillo x5', '[\"products-excel\\/May2024\\/0001.jpg\"]', 'Band. Red. Lunares Amarillo x5', NULL, '132', '1258', NULL, NULL, NULL, NULL, NULL, NULL, NULL, NULL, NULL, NULL, 12345.80, 9876.63, 8932.27, 11111.23, NULL, NULL, NULL, -15, NULL, NULL, '2024-06-07 03:19:21', '2024-06-12 16:58:12', NULL, 'band-red-lunares-amarillo-x5', 0, NULL, 2, 0, NULL),
(49515, '0002', 'Band. Red. Lunares Azul x5', '[\"products-excel\\/May2024\\/0002.jpg\"]', 'Band. Red. Lunares Azul x5', NULL, '132', '1258', NULL, NULL, NULL, NULL, NULL, NULL, NULL, NULL, NULL, NULL, 12345.80, 9876.63, 8932.27, 11111.23, NULL, NULL, NULL, -12, NULL, NULL, '2024-06-07 03:19:21', '2024-06-12 16:58:12', NULL, 'band-red-lunares-azul-x5', 1, NULL, 1, 0, NULL),
(49516, '0003', 'Band. Red. Lunares Rojo x5', '[\"products-excel\\/May2024\\/0003.jpg\"]', 'Band. Red. Lunares Rojo x5', NULL, '132', '1258', NULL, NULL, NULL, NULL, NULL, NULL, NULL, NULL, NULL, NULL, 12345.80, 9876.63, 8932.27, 11111.23, NULL, NULL, NULL, 0, NULL, NULL, '2024-06-07 03:19:21', '2024-06-07 03:19:21', NULL, 'band-red-lunares-rojo-x5', 0, NULL, 4, 0, NULL),
(49517, '0004', 'Band. Red. Lunares Fucsia x5', '[\"products-excel\\/May2024\\/0004.jpg\"]', 'Band. Red. Lunares Fucsia x5', NULL, '132', '1258', NULL, NULL, NULL, NULL, NULL, NULL, NULL, NULL, NULL, NULL, 12345.80, 9876.63, 8932.27, 11111.23, NULL, NULL, NULL, 0, NULL, NULL, '2024-06-07 03:19:21', '2024-06-07 03:19:21', NULL, 'band-red-lunares-fucsia-x5', 0, NULL, NULL, 0, NULL),
(49518, '0005', 'Band. Red. Lunares Verde x5', '[\"products-excel\\/May2024\\/0005.jpg\"]', 'Band. Red. Lunares Verde x5', NULL, '132', '1258', NULL, NULL, NULL, NULL, NULL, NULL, NULL, NULL, NULL, NULL, 12345.80, 9876.63, 8932.27, 11111.23, NULL, NULL, NULL, 0, NULL, NULL, '2024-06-07 03:19:21', '2024-06-07 03:19:21', NULL, 'band-red-lunares-verde-x5', 0, NULL, NULL, 0, NULL),
(49519, '0006', 'Band. Red. Lunares Violeta x5', '[\"products-excel\\/May2024\\/0006.jpg\"]', 'Band. Red. Lunares Violeta x5', NULL, '132', '1258', NULL, NULL, NULL, NULL, NULL, NULL, NULL, NULL, NULL, NULL, 12345.80, 9876.63, 8932.27, 11111.23, NULL, NULL, NULL, 0, NULL, NULL, '2024-06-07 03:19:21', '2024-06-07 03:19:21', NULL, 'band-red-lunares-violeta-x5', 0, NULL, NULL, 0, NULL),
(49520, '0007', 'Band. Red. Lunares Negro x5', '[\"products-excel\\/May2024\\/0007.jpg\"]', 'Band. Red. Lunares Negro x5', NULL, '132', '1258', NULL, NULL, NULL, NULL, NULL, NULL, NULL, NULL, NULL, NULL, 12345.80, 9876.63, 8932.27, 11111.23, NULL, NULL, NULL, 0, NULL, NULL, '2024-06-07 03:19:21', '2024-06-07 03:19:21', NULL, 'band-red-lunares-negro-x5', 0, NULL, NULL, 0, NULL),
(49521, '0008', 'Band. Red. Cuadritos Amarillo x5', '[\"products-excel\\/May2024\\/0008.jpg\"]', 'Band. Red. Cuadritos Amarillo x5', NULL, '132', '1258', NULL, NULL, NULL, NULL, NULL, NULL, NULL, NULL, NULL, NULL, 12345.80, 9876.63, 8932.27, 11111.23, NULL, NULL, NULL, 0, NULL, NULL, '2024-06-07 03:19:21', '2024-06-07 03:19:21', NULL, 'band-red-cuadritos-amarillo-x5', 0, NULL, NULL, 0, NULL),
(49522, '0009', 'Band. Red. Cuadritos Azul x5', '[\"products-excel\\/May2024\\/0009.jpg\"]', 'Band. Red. Cuadritos Azul x5', NULL, '132', '1258', NULL, NULL, NULL, NULL, NULL, NULL, NULL, NULL, NULL, NULL, 12345.80, 9876.63, 8932.27, 11111.23, NULL, NULL, NULL, 0, NULL, NULL, '2024-06-07 03:19:21', '2024-06-07 03:19:21', NULL, 'band-red-cuadritos-azul-x5', 0, NULL, NULL, 0, NULL),
(49523, '0010', 'Band. Red. Cuadritos Rojo x5', '[\"products-excel\\/May2024\\/0010.jpg\"]', 'Band. Red. Cuadritos Rojo x5', NULL, '132', '1258', NULL, NULL, NULL, NULL, NULL, NULL, NULL, NULL, NULL, NULL, 12345.80, 9876.63, 8932.27, 11111.23, NULL, NULL, NULL, 0, NULL, NULL, '2024-06-07 03:19:21', '2024-06-07 03:19:21', NULL, 'band-red-cuadritos-rojo-x5', 0, NULL, NULL, 0, NULL),
(49524, '0011', 'Band. Red. Cuadritos Fucsia x5', '[\"products-excel\\/May2024\\/0011.jpg\"]', 'Band. Red. Cuadritos Fucsia x5', NULL, '132', '1258', NULL, NULL, NULL, NULL, NULL, NULL, NULL, NULL, NULL, NULL, 12345.80, 9876.63, 8932.27, 11111.23, NULL, NULL, NULL, 0, NULL, NULL, '2024-06-07 03:19:21', '2024-06-07 03:19:21', NULL, 'band-red-cuadritos-fucsia-x5', 0, NULL, NULL, 0, NULL),
(49525, '0012', 'Band. Red. Cuadritos Verde x5', '[\"products-excel\\/May2024\\/0012.jpg\"]', 'Band. Red. Cuadritos Verde x5', NULL, '132', '1258', NULL, NULL, NULL, NULL, NULL, NULL, NULL, NULL, NULL, NULL, 12345.80, 9876.63, 8932.27, 11111.23, NULL, NULL, NULL, 0, NULL, NULL, '2024-06-07 03:19:21', '2024-06-07 03:19:21', NULL, 'band-red-cuadritos-verde-x5', 0, NULL, NULL, 0, NULL),
(49526, '0013', 'Band. Red. Cuadritos Violeta x5', '[\"products-excel\\/May2024\\/0013.jpg\"]', 'Band. Red. Cuadritos Violeta x5', NULL, '132', '1258', NULL, NULL, NULL, NULL, NULL, NULL, NULL, NULL, NULL, NULL, 12345.80, 9876.63, 8932.27, 11111.23, NULL, NULL, NULL, 0, NULL, NULL, '2024-06-07 03:19:21', '2024-06-07 03:19:21', NULL, 'band-red-cuadritos-violeta-x5', 0, NULL, NULL, 0, NULL),
(49527, '0014', 'Band. Red. Cuadritos Negro x5', '[\"products-excel\\/May2024\\/0014.jpg\"]', 'Band. Red. Cuadritos Negro x5', NULL, '132', '1258', NULL, NULL, NULL, NULL, NULL, NULL, NULL, NULL, NULL, NULL, 12345.80, 9876.63, 8932.27, 11111.23, NULL, NULL, NULL, 0, NULL, NULL, '2024-06-07 03:19:21', '2024-06-07 03:19:21', NULL, 'band-red-cuadritos-negro-x5', 0, NULL, NULL, 0, NULL),
(49528, '0015', 'Band. Red. Animal Amarillo x5', '[\"products-excel\\/May2024\\/0015.jpg\"]', 'Band. Red. Animal Amarillo x5', NULL, '132', '1258', NULL, NULL, NULL, NULL, NULL, NULL, NULL, NULL, NULL, NULL, 12345.80, 9876.63, 8932.27, 11111.23, NULL, NULL, NULL, 0, NULL, NULL, '2024-06-07 03:19:21', '2024-06-07 03:19:21', NULL, 'band-red-animal-amarillo-x5', 0, NULL, NULL, 0, NULL),
(49529, '0016', 'Band. Red. Animal Azul x5', '[\"products-excel\\/May2024\\/0016.jpg\"]', 'Band. Red. Animal Azul x5', NULL, '132', '1258', NULL, NULL, NULL, NULL, NULL, NULL, NULL, NULL, NULL, NULL, 12345.80, 9876.63, 8932.27, 11111.23, NULL, NULL, NULL, 0, NULL, NULL, '2024-06-07 03:19:21', '2024-06-07 03:19:21', NULL, 'band-red-animal-azul-x5', 0, NULL, NULL, 0, NULL),
(49530, '0017', 'Band. Red. Animal Rojo x5', '[\"products-excel\\/May2024\\/0017.jpg\"]', 'Band. Red. Animal Rojo x5', NULL, '132', '1258', NULL, NULL, NULL, NULL, NULL, NULL, NULL, NULL, NULL, NULL, 12345.80, 9876.63, 8932.27, 11111.23, NULL, NULL, NULL, 0, NULL, NULL, '2024-06-07 03:19:21', '2024-06-07 03:19:21', NULL, 'band-red-animal-rojo-x5', 0, NULL, NULL, 0, NULL),
(49531, '0018', 'Band. Red. Animal Fucsia x5', '[\"products-excel\\/May2024\\/0018.jpg\"]', 'Band. Red. Animal Fucsia x5', NULL, '132', '1258', NULL, NULL, NULL, NULL, NULL, NULL, NULL, NULL, NULL, NULL, 12345.80, 9876.63, 8932.27, 11111.23, NULL, NULL, NULL, 0, NULL, NULL, '2024-06-07 03:19:21', '2024-06-07 03:19:21', NULL, 'band-red-animal-fucsia-x5', 0, NULL, NULL, 0, NULL),
(49532, '0019', 'Band. Red. Animal Verde x5', '[\"products-excel\\/May2024\\/0019.jpg\"]', 'Band. Red. Animal Verde x5', NULL, '132', '1258', NULL, NULL, NULL, NULL, NULL, NULL, NULL, NULL, NULL, NULL, 12345.80, 9876.63, 8932.27, 11111.23, NULL, NULL, NULL, 0, NULL, NULL, '2024-06-07 03:19:21', '2024-06-07 03:19:21', NULL, 'band-red-animal-verde-x5', 0, NULL, NULL, 0, NULL),
(49533, '0020', 'Band. Red. Animal Violeta x5', '[\"products-excel\\/May2024\\/0020.jpg\"]', 'Band. Red. Animal Violeta x5', NULL, '132', '1258', NULL, NULL, NULL, NULL, NULL, NULL, NULL, NULL, NULL, NULL, 12345.80, 9876.63, 8932.27, 11111.23, NULL, NULL, NULL, 0, NULL, NULL, '2024-06-07 03:19:21', '2024-06-07 03:19:21', NULL, 'band-red-animal-violeta-x5', 0, NULL, NULL, 0, NULL),
(49534, '0021', 'Band. Red. Animal Negro x5', '[\"products-excel\\/May2024\\/0021.jpg\"]', 'Band. Red. Animal Negro x5', NULL, '132', '1258', NULL, NULL, NULL, NULL, NULL, NULL, NULL, NULL, NULL, NULL, 12345.80, 9876.63, 8932.27, 11111.23, NULL, NULL, NULL, 0, NULL, NULL, '2024-06-07 03:19:21', '2024-06-07 03:19:21', NULL, 'band-red-animal-negro-x5', 0, NULL, NULL, 0, NULL),
(49535, '0022', 'Band. Red. Rayas Amarillo x5', '[\"products-excel\\/May2024\\/0022.jpg\"]', 'Band. Red. Rayas Amarillo x5', NULL, '132', '1258', NULL, NULL, NULL, NULL, NULL, NULL, NULL, NULL, NULL, NULL, 12345.80, 9876.63, 8932.27, 11111.23, NULL, NULL, NULL, 0, NULL, NULL, '2024-06-07 03:19:21', '2024-06-07 03:19:21', NULL, 'band-red-rayas-amarillo-x5', 0, NULL, NULL, 0, NULL),
(49536, '0023', 'Band. Red. Rayas Azul x5', '[\"products-excel\\/May2024\\/0023.jpg\"]', 'Band. Red. Rayas Azul x5', NULL, '132', '1258', NULL, NULL, NULL, NULL, NULL, NULL, NULL, NULL, NULL, NULL, 12345.80, 9876.63, 8932.27, 11111.23, NULL, NULL, NULL, 0, NULL, NULL, '2024-06-07 03:19:21', '2024-06-07 03:19:21', NULL, 'band-red-rayas-azul-x5', 0, NULL, NULL, 0, NULL),
(49537, '0024', 'Band. Red. Rayas Rojo x5', '[\"products-excel\\/May2024\\/0024.jpg\"]', 'Band. Red. Rayas Rojo x5', NULL, '132', '1258', NULL, NULL, NULL, NULL, NULL, NULL, NULL, NULL, NULL, NULL, 12345.80, 9876.63, 8932.27, 11111.23, NULL, NULL, NULL, 0, NULL, NULL, '2024-06-07 03:19:21', '2024-06-07 03:19:21', NULL, 'band-red-rayas-rojo-x5', 0, NULL, NULL, 0, NULL),
(49538, '0025', 'Band. Red. Rayas Fucsia x5', '[\"products-excel\\/May2024\\/0025.jpg\"]', 'Band. Red. Rayas Fucsia x5', NULL, '132', '1258', NULL, NULL, NULL, NULL, NULL, NULL, NULL, NULL, NULL, NULL, 12345.80, 9876.63, 8932.27, 11111.23, NULL, NULL, NULL, 0, NULL, NULL, '2024-06-07 03:19:21', '2024-06-07 03:19:21', NULL, 'band-red-rayas-fucsia-x5', 0, NULL, NULL, 0, NULL),
(49539, '0026', 'Band. Red. Rayas Verde x5', '[\"products-excel\\/May2024\\/0026.jpg\"]', 'Band. Red. Rayas Verde x5', NULL, '132', '1258', NULL, NULL, NULL, NULL, NULL, NULL, NULL, NULL, NULL, NULL, 12345.80, 9876.63, 8932.27, 11111.23, NULL, NULL, NULL, 0, NULL, NULL, '2024-06-07 03:19:21', '2024-06-07 03:19:21', NULL, 'band-red-rayas-verde-x5', 0, NULL, NULL, 0, NULL),
(49540, '0027', 'Band. Red. Rayas Violeta x5', '[\"products-excel\\/May2024\\/0027.jpg\"]', 'Band. Red. Rayas Violeta x5', NULL, '132', '1258', NULL, NULL, NULL, NULL, NULL, NULL, NULL, NULL, NULL, NULL, 12345.80, 9876.63, 8932.27, 11111.23, NULL, NULL, NULL, 0, NULL, NULL, '2024-06-07 03:19:21', '2024-06-07 03:19:21', NULL, 'band-red-rayas-violeta-x5', 0, NULL, NULL, 0, NULL),
(49541, '0028', 'Band. Red. Rayas Negro x5', '[\"products-excel\\/May2024\\/0028.jpg\"]', 'Band. Red. Rayas Negro x5', NULL, '132', '1258', NULL, NULL, NULL, NULL, NULL, NULL, NULL, NULL, NULL, NULL, 12345.80, 9876.63, 8932.27, 11111.23, NULL, NULL, NULL, 0, NULL, NULL, '2024-06-07 03:19:21', '2024-06-07 03:19:21', NULL, 'band-red-rayas-negro-x5', 0, NULL, NULL, 0, NULL),
(49542, '0029', 'Band. Rect. Lunares Amarillo x5', '[\"products-excel\\/May2024\\/0029.jpg\"]', 'Band. Rect. Lunares Amarillo x5', NULL, '132', '1259', NULL, NULL, NULL, NULL, NULL, NULL, NULL, NULL, NULL, NULL, 12345.80, 9876.63, 8932.27, 11111.23, NULL, NULL, NULL, 0, NULL, NULL, '2024-06-07 03:19:21', '2024-06-07 03:19:21', NULL, 'band-rect-lunares-amarillo-x5', 0, NULL, NULL, 0, NULL),
(49543, '0030', 'Band. Rect. Lunares Azul x5', '[\"products-excel\\/May2024\\/0030.jpg\"]', 'Band. Rect. Lunares Azul x5', NULL, '132', '1259', NULL, NULL, NULL, NULL, NULL, NULL, NULL, NULL, NULL, NULL, 12345.80, 9876.63, 8932.27, 11111.23, NULL, NULL, NULL, 0, NULL, NULL, '2024-06-07 03:19:21', '2024-06-07 03:19:21', NULL, 'band-rect-lunares-azul-x5', 0, NULL, NULL, 0, NULL),
(49544, '0031', 'Band. Rect. Lunares Rojo x5', '[\"products-excel\\/May2024\\/0031.jpg\"]', 'Band. Rect. Lunares Rojo x5', NULL, '132', '1259', NULL, NULL, NULL, NULL, NULL, NULL, NULL, NULL, NULL, NULL, 12345.80, 9876.63, 8932.27, 11111.23, NULL, NULL, NULL, 0, NULL, NULL, '2024-06-07 03:19:21', '2024-06-07 03:19:21', NULL, 'band-rect-lunares-rojo-x5', 0, NULL, NULL, 0, NULL),
(49545, '0032', 'Band. Rect. Lunares Fucsia x5', '[\"products-excel\\/May2024\\/0032.jpg\"]', 'Band. Rect. Lunares Fucsia x5', NULL, '132', '1259', NULL, NULL, NULL, NULL, NULL, NULL, NULL, NULL, NULL, NULL, 12345.80, 9876.63, 8932.27, 11111.23, NULL, NULL, NULL, 0, NULL, NULL, '2024-06-07 03:19:21', '2024-06-07 03:19:21', NULL, 'band-rect-lunares-fucsia-x5', 0, NULL, NULL, 0, NULL),
(49546, '0033', 'Band. Rect. Lunares Verde x5', '[\"products-excel\\/May2024\\/0033.jpg\"]', 'Band. Rect. Lunares Verde x5', NULL, '132', '1259', NULL, NULL, NULL, NULL, NULL, NULL, NULL, NULL, NULL, NULL, 12345.80, 9876.63, 8932.27, 11111.23, NULL, NULL, NULL, 0, NULL, NULL, '2024-06-07 03:19:21', '2024-06-07 03:19:21', NULL, 'band-rect-lunares-verde-x5', 0, NULL, NULL, 0, NULL),
(49547, '0034', 'Band. Rect. Lunares Violeta x5', '[\"products-excel\\/May2024\\/0034.jpg\"]', 'Band. Rect. Lunares Violeta x5', NULL, '132', '1259', NULL, NULL, NULL, NULL, NULL, NULL, NULL, NULL, NULL, NULL, 12345.80, 9876.63, 8932.27, 11111.23, NULL, NULL, NULL, 0, NULL, NULL, '2024-06-07 03:19:21', '2024-06-07 03:19:21', NULL, 'band-rect-lunares-violeta-x5', 0, NULL, NULL, 0, NULL),
(49548, '0035', 'Band. Rect. Lunares Negro x5', '[\"products-excel\\/May2024\\/0035.jpg\"]', 'Band. Rect. Lunares Negro x5', NULL, '132', '1259', NULL, NULL, NULL, NULL, NULL, NULL, NULL, NULL, NULL, NULL, 12345.80, 9876.63, 8932.27, 11111.23, NULL, NULL, NULL, 0, NULL, NULL, '2024-06-07 03:19:21', '2024-06-07 03:19:21', NULL, 'band-rect-lunares-negro-x5', 0, NULL, NULL, 0, NULL),
(49549, '0036', 'Band. Rect. Cuadritos Amarillo x5', '[\"products-excel\\/May2024\\/0036.jpg\"]', 'Band. Rect. Cuadritos Amarillo x5', NULL, '132', '1259', NULL, NULL, NULL, NULL, NULL, NULL, NULL, NULL, NULL, NULL, 12345.80, 9876.63, 8932.27, 11111.23, NULL, NULL, NULL, 0, NULL, NULL, '2024-06-07 03:19:21', '2024-06-07 03:19:21', NULL, 'band-rect-cuadritos-amarillo-x5', 0, NULL, NULL, 0, NULL),
(49550, '0037', 'Band. Rect. Cuadritos Azul x5', '[\"products-excel\\/May2024\\/0037.jpg\"]', 'Band. Rect. Cuadritos Azul x5', NULL, '132', '1259', NULL, NULL, NULL, NULL, NULL, NULL, NULL, NULL, NULL, NULL, 12345.80, 9876.63, 8932.27, 11111.23, NULL, NULL, NULL, 0, NULL, NULL, '2024-06-07 03:19:21', '2024-06-07 03:19:21', NULL, 'band-rect-cuadritos-azul-x5', 0, NULL, NULL, 0, NULL),
(49551, '0038', 'Band. Rect. Cuadritos Rojo x5', '[\"products-excel\\/May2024\\/0038.jpg\"]', 'Band. Rect. Cuadritos Rojo x5', NULL, '132', '1259', NULL, NULL, NULL, NULL, NULL, NULL, NULL, NULL, NULL, NULL, 12345.80, 9876.63, 8932.27, 11111.23, NULL, NULL, NULL, 0, NULL, NULL, '2024-06-07 03:19:21', '2024-06-07 03:19:21', NULL, 'band-rect-cuadritos-rojo-x5', 0, NULL, NULL, 0, NULL),
(49552, '0039', 'Band. Rect. Cuaditos Fucsia x5', '[\"products-excel\\/May2024\\/0039.jpg\"]', 'Band. Rect. Cuaditos Fucsia x5', NULL, '132', '1259', NULL, NULL, NULL, NULL, NULL, NULL, NULL, NULL, NULL, NULL, 12345.80, 9876.63, 8932.27, 11111.23, NULL, NULL, NULL, 0, NULL, NULL, '2024-06-07 03:19:21', '2024-06-07 03:19:21', NULL, 'band-rect-cuaditos-fucsia-x5', 0, NULL, NULL, 0, NULL),
(49553, '0040', 'Band. Rect. Cuadritos Verde x5', '[\"products-excel\\/May2024\\/0040.jpg\"]', 'Band. Rect. Cuadritos Verde x5', NULL, '132', '1259', NULL, NULL, NULL, NULL, NULL, NULL, NULL, NULL, NULL, NULL, 12345.80, 9876.63, 8932.27, 11111.23, NULL, NULL, NULL, 0, NULL, NULL, '2024-06-07 03:19:21', '2024-06-07 03:19:21', NULL, 'band-rect-cuadritos-verde-x5', 0, NULL, NULL, 0, NULL),
(49554, '0041', 'Band. Rect. Cuadritos Violeta x5', '[\"products-excel\\/May2024\\/0041.jpg\"]', 'Band. Rect. Cuadritos Violeta x5', NULL, '132', '1259', NULL, NULL, NULL, NULL, NULL, NULL, NULL, NULL, NULL, NULL, 12345.80, 9876.63, 8932.27, 11111.23, NULL, NULL, NULL, 0, NULL, NULL, '2024-06-07 03:19:21', '2024-06-07 03:19:21', NULL, 'band-rect-cuadritos-violeta-x5', 0, NULL, NULL, 0, NULL),
(49555, '0042', 'Band. Rect. Cuadritos Negro x5', '[\"products-excel\\/May2024\\/0042.jpg\"]', 'Band. Rect. Cuadritos Negro x5', NULL, '132', '1259', NULL, NULL, NULL, NULL, NULL, NULL, NULL, NULL, NULL, NULL, 12345.80, 9876.63, 8932.27, 11111.23, NULL, NULL, NULL, 0, NULL, NULL, '2024-06-07 03:19:21', '2024-06-07 03:19:21', NULL, 'band-rect-cuadritos-negro-x5', 0, NULL, NULL, 0, NULL),
(49556, '0043', 'Band. Rect. Animal Amarillo x5', '[\"products-excel\\/May2024\\/0043.jpg\"]', 'Band. Rect. Animal Amarillo x5', NULL, '132', '1259', NULL, NULL, NULL, NULL, NULL, NULL, NULL, NULL, NULL, NULL, 12345.80, 9876.63, 8932.27, 11111.23, NULL, NULL, NULL, 0, NULL, NULL, '2024-06-07 03:19:21', '2024-06-07 03:19:21', NULL, 'band-rect-animal-amarillo-x5', 0, NULL, NULL, 0, NULL),
(49557, '0044', 'Band. Rect. Animal Azul x5', '[\"products-excel\\/May2024\\/0044.jpg\"]', 'Band. Rect. Animal Azul x5', NULL, '132', '1259', NULL, NULL, NULL, NULL, NULL, NULL, NULL, NULL, NULL, NULL, 12345.80, 9876.63, 8932.27, 11111.23, NULL, NULL, NULL, 0, NULL, NULL, '2024-06-07 03:19:21', '2024-06-07 03:19:21', NULL, 'band-rect-animal-azul-x5', 0, NULL, NULL, 0, NULL),
(49558, '0045', 'Band. Rect. Animal Fucsia x5', '[\"products-excel\\/May2024\\/0045.jpg\"]', 'Band. Rect. Animal Fucsia x5', NULL, '132', '1259', NULL, NULL, NULL, NULL, NULL, NULL, NULL, NULL, NULL, NULL, 12345.80, 9876.63, 8932.27, 11111.23, NULL, NULL, NULL, 0, NULL, NULL, '2024-06-07 03:19:21', '2024-06-07 03:19:21', NULL, 'band-rect-animal-fucsia-x5', 0, NULL, NULL, 0, NULL),
(49559, '0046', 'Band. Rect. Animal Rojo x5', '[\"products-excel\\/May2024\\/0046.jpg\"]', 'Band. Rect. Animal Rojo x5', NULL, '132', '1259', NULL, NULL, NULL, NULL, NULL, NULL, NULL, NULL, NULL, NULL, 12345.80, 9876.63, 8932.27, 11111.23, NULL, NULL, NULL, 0, NULL, NULL, '2024-06-07 03:19:21', '2024-06-07 03:19:21', NULL, 'band-rect-animal-rojo-x5', 0, NULL, NULL, 0, NULL),
(49560, '0047', 'Band. Rect. Animal Verde x5', '[\"products-excel\\/May2024\\/0047.jpg\"]', 'Band. Rect. Animal Verde x5', NULL, '132', '1259', NULL, NULL, NULL, NULL, NULL, NULL, NULL, NULL, NULL, NULL, 12345.80, 9876.63, 8932.27, 11111.23, NULL, NULL, NULL, 0, NULL, NULL, '2024-06-07 03:19:21', '2024-06-07 03:19:21', NULL, 'band-rect-animal-verde-x5', 0, NULL, NULL, 0, NULL),
(49561, '0048', 'Band. Rect. Animal Violeta x5', '[\"products-excel\\/May2024\\/0048.jpg\"]', 'Band. Rect. Animal Violeta x5', NULL, '132', '1259', NULL, NULL, NULL, NULL, NULL, NULL, NULL, NULL, NULL, NULL, 12345.80, 9876.63, 8932.27, 11111.23, NULL, NULL, NULL, 0, NULL, NULL, '2024-06-07 03:19:21', '2024-06-07 03:19:21', NULL, 'band-rect-animal-violeta-x5', 0, NULL, NULL, 0, NULL),
(49562, '0049', 'Band. Rect. Animal Negro x5', '[\"products-excel\\/May2024\\/0049.jpg\"]', 'Band. Rect. Animal Negro x5', NULL, '132', '1259', NULL, NULL, NULL, NULL, NULL, NULL, NULL, NULL, NULL, NULL, 12345.80, 9876.63, 8932.27, 11111.23, NULL, NULL, NULL, 0, NULL, NULL, '2024-06-07 03:19:21', '2024-06-07 03:19:21', NULL, 'band-rect-animal-negro-x5', 0, NULL, NULL, 0, NULL),
(49563, '0050', 'Band. Rect. Rayas Amarillo x5', '[\"products-excel\\/May2024\\/0050.jpg\"]', 'Band. Rect. Rayas Amarillo x5', NULL, '132', '1259', NULL, NULL, NULL, NULL, NULL, NULL, NULL, NULL, NULL, NULL, 12345.80, 9876.63, 8932.27, 11111.23, NULL, NULL, NULL, 0, NULL, NULL, '2024-06-07 03:19:21', '2024-06-07 03:19:21', NULL, 'band-rect-rayas-amarillo-x5', 0, NULL, NULL, 0, NULL),
(49564, '0051', 'Band. Rect. Rayas Azul x5', '[\"products-excel\\/May2024\\/0051.jpg\"]', 'Band. Rect. Rayas Azul x5', NULL, '132', '1259', NULL, NULL, NULL, NULL, NULL, NULL, NULL, NULL, NULL, NULL, 12345.80, 9876.63, 8932.27, 11111.23, NULL, NULL, NULL, 0, NULL, NULL, '2024-06-07 03:19:21', '2024-06-07 03:19:21', NULL, 'band-rect-rayas-azul-x5', 0, NULL, NULL, 0, NULL),
(49565, '0052', 'Band. Rect. Rayas Rojo x5', '[\"products-excel\\/May2024\\/0052.jpg\"]', 'Band. Rect. Rayas Rojo x5', NULL, '132', '1259', NULL, NULL, NULL, NULL, NULL, NULL, NULL, NULL, NULL, NULL, 12345.80, 9876.63, 8932.27, 11111.23, NULL, NULL, NULL, 0, NULL, NULL, '2024-06-07 03:19:21', '2024-06-07 03:19:21', NULL, 'band-rect-rayas-rojo-x5', 0, NULL, NULL, 0, NULL),
(49566, '0053', 'Band. Rect. Rayas Fucsia x5', '[\"products-excel\\/May2024\\/0053.jpg\"]', 'Band. Rect. Rayas Fucsia x5', NULL, '132', '1259', NULL, NULL, NULL, NULL, NULL, NULL, NULL, NULL, NULL, NULL, 12345.80, 9876.63, 8932.27, 11111.23, NULL, NULL, NULL, 0, NULL, NULL, '2024-06-07 03:19:21', '2024-06-07 03:19:21', NULL, 'band-rect-rayas-fucsia-x5', 0, NULL, NULL, 0, NULL),
(49567, '0054', 'Band. Rect. Rayas Verde x5', '[\"products-excel\\/May2024\\/0054.jpg\"]', 'Band. Rect. Rayas Verde x5', NULL, '132', '1259', NULL, NULL, NULL, NULL, NULL, NULL, NULL, NULL, NULL, NULL, 12345.80, 9876.63, 8932.27, 11111.23, NULL, NULL, NULL, 0, NULL, NULL, '2024-06-07 03:19:21', '2024-06-07 03:19:21', NULL, 'band-rect-rayas-verde-x5', 0, NULL, NULL, 0, NULL),
(49568, '0055', 'Band. Rect. Rayas Violeta x5', '[\"products-excel\\/May2024\\/0055.jpg\"]', 'Band. Rect. Rayas Violeta x5', NULL, '132', '1259', NULL, NULL, NULL, NULL, NULL, NULL, NULL, NULL, NULL, NULL, 12345.80, 9876.63, 8932.27, 11111.23, NULL, NULL, NULL, 0, NULL, NULL, '2024-06-07 03:19:21', '2024-06-07 03:19:21', NULL, 'band-rect-rayas-violeta-x5', 0, NULL, NULL, 0, NULL),
(49569, '0056', 'Band. Rect. Rayas Negro x5', '[\"products-excel\\/May2024\\/0056.jpg\"]', 'Band. Rect. Rayas Negro x5', NULL, '132', '1259', NULL, NULL, NULL, NULL, NULL, NULL, NULL, NULL, NULL, NULL, 12345.80, 9876.63, 8932.27, 11111.23, NULL, NULL, NULL, 0, NULL, NULL, '2024-06-07 03:19:21', '2024-06-07 03:19:21', NULL, 'band-rect-rayas-negro-x5', 0, NULL, NULL, 0, NULL),
(49570, '0058', 'Banderin Multicolor x5', '[\"products-excel\\/May2024\\/0058.jpg\"]', 'Banderin Multicolor x5', NULL, '133', '1260', NULL, NULL, NULL, NULL, NULL, NULL, NULL, NULL, NULL, NULL, 8547.13, 6837.76, 6111.22, 7692.45, NULL, NULL, NULL, 2974, NULL, NULL, '2024-06-07 03:19:21', '2024-06-27 08:07:59', NULL, 'banderin-multicolor-x5', 1, NULL, 2, 0, NULL),
(49571, '0060', 'Banderin Azul y Blanco x5', '[\"products-excel\\/May2024\\/0060.jpg\"]', 'Banderin Azul y Blanco x5', NULL, '133', '1260', NULL, NULL, NULL, NULL, NULL, NULL, NULL, NULL, NULL, NULL, 8547.13, 6837.76, 6111.22, 7692.45, NULL, NULL, NULL, 0, NULL, NULL, '2024-06-07 03:19:21', '2024-06-08 19:49:29', NULL, 'banderin-azul-y-blanco-x5', 1, NULL, 5, 0, NULL),
(49572, '0061', 'Banderin Rosa y Blanco x5', '[\"products-excel\\/May2024\\/0061.jpg\"]', 'Banderin Rosa y Blanco x5', NULL, '133', '1260', NULL, NULL, NULL, NULL, NULL, NULL, NULL, NULL, NULL, NULL, 8547.13, 6837.76, 6111.22, 7692.45, NULL, NULL, NULL, -1, NULL, NULL, '2024-06-07 03:19:21', '2024-06-20 23:43:18', NULL, 'banderin-rosa-y-blanco-x5', 1, NULL, 6, 0, NULL),
(49573, '0062', 'Banderin Azul y Amarillo x5', '[\"products-excel\\/May2024\\/0062.jpg\"]', 'Banderin Azul y Amarillo x5', NULL, '134', '1261', NULL, NULL, NULL, NULL, NULL, NULL, NULL, NULL, NULL, NULL, 8547.13, 6837.76, 6111.22, 7692.45, NULL, NULL, NULL, 40, NULL, NULL, '2024-06-07 03:19:21', '2024-06-27 07:45:25', NULL, 'banderin-azul-y-amarillo-x5', 1, NULL, 7, 0, NULL),
(49574, '0063', 'Banderin Celeste y Blanco x5', '[\"products-excel\\/May2024\\/0063.jpg\"]', 'Banderin Celeste y Blanco x5', NULL, '133', '1260', NULL, NULL, NULL, NULL, NULL, NULL, NULL, NULL, NULL, NULL, 8547.13, 6837.76, 6111.22, 7692.45, NULL, NULL, NULL, 0, NULL, NULL, '2024-06-07 03:19:21', '2024-06-07 03:19:47', NULL, 'banderin-celeste-y-blanco-x5', 1, NULL, NULL, 0, NULL),
(49575, '0064', 'Banderin Amarillo y Blanco x5', '[\"products-excel\\/May2024\\/0064.jpg\"]', 'Banderin Amarillo y Blanco x5', NULL, '133', '1260', NULL, NULL, NULL, NULL, NULL, NULL, NULL, NULL, NULL, NULL, 8547.13, 6837.76, 6111.22, 7692.45, NULL, NULL, NULL, -2, NULL, NULL, '2024-06-07 03:19:21', '2024-06-10 23:54:35', NULL, 'banderin-amarillo-y-blanco-x5', 1, NULL, NULL, 0, NULL),
(49576, '0065', 'Banderin Rojo y Blanco x5', '[\"products-excel\\/May2024\\/0065.jpg\"]', 'Banderin Rojo y Blanco x5', NULL, '134', '1262', NULL, NULL, NULL, NULL, NULL, NULL, NULL, NULL, NULL, NULL, 8547.13, 6837.76, 6111.22, 7692.45, NULL, NULL, NULL, 52, NULL, NULL, '2024-06-07 03:19:21', '2024-06-21 00:19:00', NULL, 'banderin-rojo-y-blanco-x5', 1, NULL, NULL, 0, NULL),
(49577, '0066', 'Banderin Lunares Amarillo x5', '[\"products-excel\\/May2024\\/0066.jpg\"]', 'Banderin Lunares Amarillo x5', NULL, '133', '1263', NULL, NULL, NULL, NULL, NULL, NULL, NULL, NULL, NULL, NULL, 8547.13, 6837.76, 6111.22, 7692.45, NULL, NULL, NULL, 0, NULL, NULL, '2024-06-07 03:19:21', '2024-06-07 03:19:47', NULL, 'banderin-lunares-amarillo-x5', 1, NULL, NULL, 0, NULL),
(49578, '0067', 'Banderin Lunares Azul x5', '[\"products-excel\\/May2024\\/0067.jpg\"]', 'Banderin Lunares Azul x5', NULL, '133', '1263', NULL, NULL, NULL, NULL, NULL, NULL, NULL, NULL, NULL, NULL, 8547.13, 6837.76, 6111.22, 7692.45, NULL, NULL, NULL, 0, NULL, NULL, '2024-06-07 03:19:21', '2024-06-07 03:19:47', NULL, 'banderin-lunares-azul-x5', 1, NULL, NULL, 0, NULL),
(49579, '0068', 'Banderin Lunares Rojo x5', '[\"products-excel\\/May2024\\/0068.jpg\"]', 'Banderin Lunares Rojo x5', NULL, '133', '1263', NULL, NULL, NULL, NULL, NULL, NULL, NULL, NULL, NULL, NULL, 8547.13, 6837.76, 6111.22, 7692.45, NULL, NULL, NULL, -1, NULL, NULL, '2024-06-07 03:19:21', '2024-06-07 03:19:47', NULL, 'banderin-lunares-rojo-x5', 1, NULL, NULL, 0, NULL),
(49580, '0069', 'Banderin Lunares Fucsia x5', '[\"products-excel\\/May2024\\/0069.jpg\"]', 'Banderin Lunares Fucsia x5', NULL, '133', '1263', NULL, NULL, NULL, NULL, NULL, NULL, NULL, NULL, NULL, NULL, 8547.13, 6837.76, 6111.22, 7692.45, NULL, NULL, NULL, -2, NULL, NULL, '2024-06-07 03:19:21', '2024-06-07 03:19:47', NULL, 'banderin-lunares-fucsia-x5', 1, NULL, NULL, 0, NULL),
(49581, '0070', 'Banderin Lunares Verde x5', '[\"products-excel\\/May2024\\/0070.jpg\"]', 'Banderin Lunares Verde x5', NULL, '133', '1263', NULL, NULL, NULL, NULL, NULL, NULL, NULL, NULL, NULL, NULL, 8547.13, 6837.76, 6111.22, 7692.45, NULL, NULL, NULL, -1, NULL, NULL, '2024-06-07 03:19:21', '2024-06-07 03:19:47', NULL, 'banderin-lunares-verde-x5', 1, NULL, NULL, 0, NULL),
(49582, '0071', 'Banderin Lunares Violeta x5', '[\"products-excel\\/May2024\\/0071.jpg\"]', 'Banderin Lunares Violeta x5', NULL, '133', '1263', NULL, NULL, NULL, NULL, NULL, NULL, NULL, NULL, NULL, NULL, 8547.13, 6837.76, 6111.22, 7692.45, NULL, NULL, NULL, -1, NULL, NULL, '2024-06-07 03:19:21', '2024-06-07 03:19:47', NULL, 'banderin-lunares-violeta-x5', 1, NULL, NULL, 0, NULL),
(49583, '0072', 'Banderin Cuadritos Negros x5', '[\"products-excel\\/May2024\\/0072.jpg\"]', 'Banderin Cuadritos Negros x5', NULL, '133', '1263', NULL, NULL, NULL, NULL, NULL, NULL, NULL, NULL, NULL, NULL, 8547.13, 6837.76, 6111.22, 7692.45, NULL, NULL, NULL, -59, NULL, NULL, '2024-06-07 03:19:21', '2024-06-07 03:19:47', NULL, 'banderin-cuadritos-negros-x5', 1, NULL, NULL, 0, NULL),
(49584, '0073', 'Banderin Cuadritos Azul x5', '[\"products-excel\\/May2024\\/0073.jpg\"]', 'Banderin Cuadritos Azul x5', NULL, '133', '1263', NULL, NULL, NULL, NULL, NULL, NULL, NULL, NULL, NULL, NULL, 8547.13, 6837.76, 6111.22, 7692.45, NULL, NULL, NULL, 0, NULL, NULL, '2024-06-07 03:19:21', '2024-06-07 03:19:47', NULL, 'banderin-cuadritos-azul-x5', 1, NULL, NULL, 0, NULL),
(49585, '0074', 'Banderin Cuadritos Fucsia x5', '[\"products-excel\\/May2024\\/0074.jpg\"]', 'Banderin Cuadritos Fucsia x5', NULL, '133', '1263', NULL, NULL, NULL, NULL, NULL, NULL, NULL, NULL, NULL, NULL, 8547.13, 6837.76, 6111.22, 7692.45, NULL, NULL, NULL, 0, NULL, NULL, '2024-06-07 03:19:21', '2024-06-07 03:19:47', NULL, 'banderin-cuadritos-fucsia-x5', 1, NULL, NULL, 0, NULL),
(49586, '0075', 'Banderin Cuadritos Rojo x5', '[\"products-excel\\/May2024\\/0075.jpg\"]', 'Banderin Cuadritos Rojo x5', NULL, '133', '1263', NULL, NULL, NULL, NULL, NULL, NULL, NULL, NULL, NULL, NULL, 8547.13, 6837.76, 6111.22, 7692.45, NULL, NULL, NULL, -2, NULL, NULL, '2024-06-07 03:19:21', '2024-06-07 03:19:47', NULL, 'banderin-cuadritos-rojo-x5', 1, NULL, NULL, 0, NULL),
(49587, '0076', 'Banderin Cuadritos Verde x5', '[\"products-excel\\/May2024\\/0076.jpg\"]', 'Banderin Cuadritos Verde x5', NULL, '133', '1263', NULL, NULL, NULL, NULL, NULL, NULL, NULL, NULL, NULL, NULL, 8547.13, 6837.76, 6111.22, 7692.45, NULL, NULL, NULL, -2, NULL, NULL, '2024-06-07 03:19:21', '2024-06-07 03:19:47', NULL, 'banderin-cuadritos-verde-x5', 1, NULL, NULL, 0, NULL),
(49588, '0077', 'Banderin Cuadritos Violeta x5', '[\"products-excel\\/May2024\\/0077.jpg\"]', 'Banderin Cuadritos Violeta x5', NULL, '133', '1263', NULL, NULL, NULL, NULL, NULL, NULL, NULL, NULL, NULL, NULL, 8547.13, 6837.76, 6111.22, 7692.45, NULL, NULL, NULL, 0, NULL, NULL, '2024-06-07 03:19:21', '2024-06-07 03:19:47', NULL, 'banderin-cuadritos-violeta-x5', 1, NULL, NULL, 0, NULL),
(49589, '0078', 'Banderin Animal Print Azul x5', '[\"products-excel\\/May2024\\/0078.jpg\"]', 'Banderin Animal Print Azul x5', NULL, '133', '1263', NULL, NULL, NULL, NULL, NULL, NULL, NULL, NULL, NULL, NULL, 8547.13, 6837.76, 6111.22, 7692.45, NULL, NULL, NULL, -2, NULL, NULL, '2024-06-07 03:19:21', '2024-06-07 03:19:47', NULL, 'banderin-animal-print-azul-x5', 1, NULL, NULL, 0, NULL),
(49590, '0079', 'Banderin Animal Print Fucsia x5', '[\"products-excel\\/May2024\\/0079.jpg\"]', 'Banderin Animal Print Fucsia x5', NULL, '133', '1263', NULL, NULL, NULL, NULL, NULL, NULL, NULL, NULL, NULL, NULL, 8547.13, 6837.76, 6111.22, 7692.45, NULL, NULL, NULL, -4, NULL, NULL, '2024-06-07 03:19:21', '2024-06-07 03:19:47', NULL, 'banderin-animal-print-fucsia-x5', 1, NULL, NULL, 0, NULL),
(49591, '0080', 'Banderin Animal Print Negro x5', '[\"products-excel\\/May2024\\/0080.jpg\"]', 'Banderin Animal Print Negro x5', NULL, '133', '1263', NULL, NULL, NULL, NULL, NULL, NULL, NULL, NULL, NULL, NULL, 8547.13, 6837.76, 6111.22, 7692.45, NULL, NULL, NULL, -2, NULL, NULL, '2024-06-07 03:19:21', '2024-06-07 03:19:47', NULL, 'banderin-animal-print-negro-x5', 1, NULL, NULL, 0, NULL),
(49592, '0081', 'Banderin Animal Print Rojo x5', '[\"products-excel\\/May2024\\/0081.jpg\"]', 'Banderin Animal Print Rojo x5', NULL, '133', '1263', NULL, NULL, NULL, NULL, NULL, NULL, NULL, NULL, NULL, NULL, 8547.13, 6837.76, 6111.22, 7692.45, NULL, NULL, NULL, 0, NULL, NULL, '2024-06-07 03:19:21', '2024-06-07 03:19:47', NULL, 'banderin-animal-print-rojo-x5', 1, NULL, NULL, 0, NULL),
(49593, '0082', 'Banderin Animal Print Verde x5', '[\"products-excel\\/May2024\\/0082.jpg\"]', 'Banderin Animal Print Verde x5', NULL, '133', '1263', NULL, NULL, NULL, NULL, NULL, NULL, NULL, NULL, NULL, NULL, 8547.13, 6837.76, 6111.22, 7692.45, NULL, NULL, NULL, -4, NULL, NULL, '2024-06-07 03:19:21', '2024-06-07 03:19:47', NULL, 'banderin-animal-print-verde-x5', 1, NULL, NULL, 0, NULL),
(49594, '0083', 'Banderin Animal Print Violeta x5', '[\"products-excel\\/May2024\\/0083.jpg\"]', 'Banderin Animal Print Violeta x5', NULL, '133', '1263', NULL, NULL, NULL, NULL, NULL, NULL, NULL, NULL, NULL, NULL, 8547.13, 6837.76, 6111.22, 7692.45, NULL, NULL, NULL, -4, NULL, NULL, '2024-06-07 03:19:21', '2024-06-07 03:19:47', NULL, 'banderin-animal-print-violeta-x5', 1, NULL, NULL, 0, NULL),
(49595, '0088', 'Bolsita Coti Lunar Amarillo x10', '[\"products-excel\\/May2024\\/0088.jpg\"]', 'Bolsita Coti Lunar Amarillo x10', NULL, '135', '1264', NULL, NULL, NULL, NULL, NULL, NULL, NULL, NULL, NULL, NULL, 3133.75, 2506.83, 2240.44, 2820.38, NULL, NULL, NULL, 171, NULL, NULL, '2024-06-07 03:19:21', '2024-06-26 22:34:31', NULL, 'bolsita-coti-lunar-amarillo-x10', 1, NULL, NULL, 0, NULL),
(49596, '0089', 'Bolsita Coti Lunar Azul x10', '[\"products-excel\\/May2024\\/0089.jpg\"]', 'Bolsita Coti Lunar Azul x10', NULL, '135', '1264', NULL, NULL, NULL, NULL, NULL, NULL, NULL, NULL, NULL, NULL, 3133.75, 2506.83, 2240.44, 2820.38, NULL, NULL, NULL, 96, NULL, NULL, '2024-06-07 03:19:21', '2024-06-27 07:44:25', NULL, 'bolsita-coti-lunar-azul-x10', 1, NULL, NULL, 0, NULL),
(49597, '0090', 'Bolsita Coti Lunar Rojo x10', '[\"products-excel\\/May2024\\/0090.jpg\"]', 'Bolsita Coti Lunar Rojo x10', NULL, '135', '1264', NULL, NULL, NULL, NULL, NULL, NULL, NULL, NULL, NULL, NULL, 3133.75, 2506.83, 2240.44, 2820.38, NULL, NULL, NULL, 74, NULL, NULL, '2024-06-07 03:19:21', '2024-06-27 07:44:25', NULL, 'bolsita-coti-lunar-rojo-x10', 1, NULL, NULL, 0, NULL),
(49598, '0091', 'Bolsita Coti Lunar Fucsia x10', '[\"products-excel\\/May2024\\/0091.jpg\"]', 'Bolsita Coti Lunar Fucsia x10', NULL, '135', '1264', NULL, NULL, NULL, NULL, NULL, NULL, NULL, NULL, NULL, NULL, 3133.75, 2506.83, 2240.44, 2820.38, NULL, NULL, NULL, 214, NULL, NULL, '2024-06-07 03:19:21', '2024-06-27 07:46:16', NULL, 'bolsita-coti-lunar-fucsia-x10', 1, NULL, NULL, 0, NULL),
(49599, '0092', 'Bolsita Coti Lunar Verde x10', '[\"products-excel\\/May2024\\/0092.jpg\"]', 'Bolsita Coti Lunar Verde x10', NULL, '135', '1264', NULL, NULL, NULL, NULL, NULL, NULL, NULL, NULL, NULL, NULL, 3133.75, 2506.83, 2240.44, 2820.38, NULL, NULL, NULL, 191, NULL, NULL, '2024-06-07 03:19:21', '2024-06-21 00:33:03', NULL, 'bolsita-coti-lunar-verde-x10', 1, NULL, NULL, 0, NULL),
(49600, '0093', 'Bolsita Coti Lunar Violeta x10', '[\"products-excel\\/May2024\\/0093.jpg\"]', 'Bolsita Coti Lunar Violeta x10', NULL, '135', '1264', NULL, NULL, NULL, NULL, NULL, NULL, NULL, NULL, NULL, NULL, 3133.75, 2506.83, 2240.44, 2820.38, NULL, NULL, NULL, 236, NULL, NULL, '2024-06-07 03:19:21', '2024-06-10 18:17:45', NULL, 'bolsita-coti-lunar-violeta-x10', 1, NULL, NULL, 0, NULL),
(49601, '0094', 'Bolsita Coti Cuadritos B/N x10', '[\"products-excel\\/May2024\\/0094.jpg\"]', 'Bolsita Coti Cuadritos B/N x10', NULL, '135', '1264', NULL, NULL, NULL, NULL, NULL, NULL, NULL, NULL, NULL, NULL, 3133.75, 2506.83, 2240.44, 2820.38, NULL, NULL, NULL, 0, NULL, NULL, '2024-06-07 03:19:21', '2024-06-07 03:19:47', NULL, 'bolsita-coti-cuadritos-b-n-x10', 1, NULL, NULL, 0, NULL),
(49602, '0107', 'Mantel Rectangular Amarillo', '[\"products-excel\\/May2024\\/0107.jpg\"]', 'Mantel Rectangular Amarillo', NULL, '136', '1265', NULL, NULL, NULL, NULL, NULL, NULL, NULL, NULL, NULL, NULL, 2364.70, 1665.95, 1637.38, 2128.21, NULL, NULL, NULL, 413, NULL, NULL, '2024-06-07 03:19:21', '2024-06-08 19:49:58', NULL, 'mantel-rectangular-amarillo', 1, NULL, NULL, 0, NULL),
(49603, '0108', 'Mantel Rectangular Azul', '[\"products-excel\\/May2024\\/0108.jpg\"]', 'Mantel Rectangular Azul', NULL, '136', '1265', NULL, NULL, NULL, NULL, NULL, NULL, NULL, NULL, NULL, NULL, 2364.70, 1665.95, 1637.38, 2128.21, NULL, NULL, NULL, 498, NULL, NULL, '2024-06-07 03:19:21', '2024-06-27 07:35:59', NULL, 'mantel-rectangular-azul', 1, NULL, NULL, 0, NULL),
(49604, '0109', 'Mantel Rectangular Blanco', '[\"products-excel\\/May2024\\/0109.jpg\"]', 'Mantel Rectangular Blanco', NULL, '136', '1265', NULL, NULL, NULL, NULL, NULL, NULL, NULL, NULL, NULL, NULL, 2364.70, 1665.95, 1637.38, 2128.21, NULL, NULL, NULL, 982, NULL, NULL, '2024-06-07 03:19:21', '2024-06-10 23:54:35', NULL, 'mantel-rectangular-blanco', 1, NULL, NULL, 0, NULL),
(49605, '0110', 'Mantel Rectangular Celeste', '[\"products-excel\\/May2024\\/0110.jpg\"]', 'Mantel Rectangular Celeste', NULL, '136', '1265', NULL, NULL, NULL, NULL, NULL, NULL, NULL, NULL, NULL, NULL, 2364.70, 1665.95, 1637.38, 2128.21, NULL, NULL, NULL, 403, NULL, NULL, '2024-06-07 03:19:21', '2024-06-07 03:19:47', NULL, 'mantel-rectangular-celeste', 1, NULL, NULL, 0, NULL),
(49606, '0111', 'Mantel Rectangular Fucsia', '[\"products-excel\\/May2024\\/0111.jpg\"]', 'Mantel Rectangular Fucsia', NULL, '136', '1265', NULL, NULL, NULL, NULL, NULL, NULL, NULL, NULL, NULL, NULL, 2364.70, 1665.95, 1637.38, 2128.21, NULL, NULL, NULL, 484, NULL, NULL, '2024-06-07 03:19:21', '2024-06-27 07:46:16', NULL, 'mantel-rectangular-fucsia', 1, NULL, NULL, 0, NULL),
(49607, '0112', 'Mantel Rectangular Naranja', '[\"products-excel\\/May2024\\/0112.jpg\"]', 'Mantel Rectangular Naranja', NULL, '136', '1265', NULL, NULL, NULL, NULL, NULL, NULL, NULL, NULL, NULL, NULL, 2364.70, 1665.95, 1637.38, 2128.21, NULL, NULL, NULL, 259, NULL, NULL, '2024-06-07 03:19:21', '2024-06-12 07:45:36', NULL, 'mantel-rectangular-naranja', 1, NULL, NULL, 0, NULL),
(49608, '0113', 'Mantel Rectangular Negro', '[\"products-excel\\/May2024\\/0113.jpg\"]', 'Mantel Rectangular Negro', NULL, '136', '1265', NULL, NULL, NULL, NULL, NULL, NULL, NULL, NULL, NULL, NULL, 2364.70, 1665.95, 1637.38, 2128.21, NULL, NULL, NULL, 1, NULL, NULL, '2024-06-07 03:19:21', '2024-06-07 03:19:47', NULL, 'mantel-rectangular-negro', 1, NULL, NULL, 0, NULL),
(49609, '0114', 'Mantel Rectangular Rojo', '[\"products-excel\\/May2024\\/0114.jpg\"]', 'Mantel Rectangular Rojo', NULL, '136', '1265', NULL, NULL, NULL, NULL, NULL, NULL, NULL, NULL, NULL, NULL, 2364.70, 1665.95, 1637.38, 2128.21, NULL, NULL, NULL, 313, NULL, NULL, '2024-06-07 03:19:21', '2024-06-07 03:19:47', NULL, 'mantel-rectangular-rojo', 1, NULL, NULL, 0, NULL),
(49610, '0115', 'Mantel Rectangular Rosa', '[\"products-excel\\/May2024\\/0115.jpg\"]', 'Mantel Rectangular Rosa', NULL, '136', '1265', NULL, NULL, NULL, NULL, NULL, NULL, NULL, NULL, NULL, NULL, 2364.70, 1665.95, 1637.38, 2128.21, NULL, NULL, NULL, 595, NULL, NULL, '2024-06-07 03:19:21', '2024-06-07 03:19:47', NULL, 'mantel-rectangular-rosa', 1, NULL, NULL, 0, NULL),
(49611, '0116', 'Mantel Rectangular V. Manzana', '[\"products-excel\\/May2024\\/0116.jpg\"]', 'Mantel Rectangular V. Manzana', NULL, '136', '1265', NULL, NULL, NULL, NULL, NULL, NULL, NULL, NULL, NULL, NULL, 2364.70, 1665.95, 1637.38, 2128.21, NULL, NULL, NULL, 510, NULL, NULL, '2024-06-07 03:19:21', '2024-06-12 07:45:36', NULL, 'mantel-rectangular-v-manzana', 1, NULL, NULL, 0, NULL),
(49612, '0117', 'Mantel Rectangular Verde', '[\"products-excel\\/May2024\\/0117.jpg\"]', 'Mantel Rectangular Verde', NULL, '136', '1265', NULL, NULL, NULL, NULL, NULL, NULL, NULL, NULL, NULL, NULL, 2364.70, 1665.95, 1637.38, 2128.21, NULL, NULL, NULL, 670, NULL, NULL, '2024-06-07 03:19:21', '2024-06-07 03:19:47', NULL, 'mantel-rectangular-verde', 1, NULL, NULL, 0, NULL),
(49613, '0118', 'Mantel Rectangular Violeta', '[\"products-excel\\/May2024\\/0118.jpg\"]', 'Mantel Rectangular Violeta', NULL, '136', '1265', NULL, NULL, NULL, NULL, NULL, NULL, NULL, NULL, NULL, NULL, 2364.70, 1665.95, 1637.38, 2128.21, NULL, NULL, NULL, 377, NULL, NULL, '2024-06-07 03:19:21', '2024-06-07 03:19:47', NULL, 'mantel-rectangular-violeta', 1, NULL, NULL, 0, NULL),
(49614, '0119', 'Mantel Redondo Amarillo', '[\"products-excel\\/May2024\\/0119.jpg\"]', 'Mantel Redondo Amarillo', NULL, '136', '1266', NULL, NULL, NULL, NULL, NULL, NULL, NULL, NULL, NULL, NULL, 2364.70, 1665.95, 1637.38, 2128.21, NULL, NULL, NULL, 377, NULL, NULL, '2024-06-07 03:19:21', '2024-06-07 03:19:47', NULL, 'mantel-redondo-amarillo', 1, NULL, NULL, 0, NULL),
(49615, '0120', 'Mantel Redondo Azul', '[\"products-excel\\/May2024\\/0120.jpg\"]', 'Mantel Redondo Azul', NULL, '136', '1266', NULL, NULL, NULL, NULL, NULL, NULL, NULL, NULL, NULL, NULL, 2364.70, 1665.95, 1637.38, 2128.21, NULL, NULL, NULL, 149, NULL, NULL, '2024-06-07 03:19:21', '2024-06-07 03:19:47', NULL, 'mantel-redondo-azul', 1, NULL, NULL, 0, NULL),
(49616, '0121', 'Mantel Redondo Blanco', '[\"products-excel\\/May2024\\/0121.jpg\"]', 'Mantel Redondo Blanco', NULL, '136', '1266', NULL, NULL, NULL, NULL, NULL, NULL, NULL, NULL, NULL, NULL, 2364.70, 1665.95, 1637.38, 2128.21, NULL, NULL, NULL, 298, NULL, NULL, '2024-06-07 03:19:21', '2024-06-07 03:19:47', NULL, 'mantel-redondo-blanco', 1, NULL, NULL, 0, NULL),
(49617, '0122', 'Mantel Redondo Celeste', '[\"products-excel\\/May2024\\/0122.jpg\"]', 'Mantel Redondo Celeste', NULL, '136', '1266', NULL, NULL, NULL, NULL, NULL, NULL, NULL, NULL, NULL, NULL, 2364.70, 1665.95, 1637.38, 2128.21, NULL, NULL, NULL, 150, NULL, NULL, '2024-06-07 03:19:21', '2024-06-07 03:19:47', NULL, 'mantel-redondo-celeste', 1, NULL, NULL, 0, NULL),
(49618, '0123', 'Mantel Redondo Fucsia', '[\"products-excel\\/May2024\\/0123.jpg\"]', 'Mantel Redondo Fucsia', NULL, '136', '1266', NULL, NULL, NULL, NULL, NULL, NULL, NULL, NULL, NULL, NULL, 2364.70, 1665.95, 1637.38, 2128.21, NULL, NULL, NULL, 231, NULL, NULL, '2024-06-07 03:19:21', '2024-06-07 03:19:47', NULL, 'mantel-redondo-fucsia', 1, NULL, NULL, 0, NULL),
(49619, '0124', 'Mantel Redondo Naranja', '[\"products-excel\\/May2024\\/0124.jpg\"]', 'Mantel Redondo Naranja', NULL, '136', '1266', NULL, NULL, NULL, NULL, NULL, NULL, NULL, NULL, NULL, NULL, 2364.70, 1665.95, 1637.38, 2128.21, NULL, NULL, NULL, 174, NULL, NULL, '2024-06-07 03:19:21', '2024-06-07 03:19:47', NULL, 'mantel-redondo-naranja', 1, NULL, NULL, 0, NULL),
(49620, '0125', 'Mantel Redondo Negro', '[\"products-excel\\/May2024\\/0125.jpg\"]', 'Mantel Redondo Negro', NULL, '136', '1266', NULL, NULL, NULL, NULL, NULL, NULL, NULL, NULL, NULL, NULL, 2364.70, 1665.95, 1637.38, 2128.21, NULL, NULL, NULL, 534, NULL, NULL, '2024-06-07 03:19:21', '2024-06-07 03:19:47', NULL, 'mantel-redondo-negro', 1, NULL, NULL, 0, NULL),
(49621, '0126', 'Mantel Redondo Rojo', '[\"products-excel\\/May2024\\/0126.jpg\"]', 'Mantel Redondo Rojo', NULL, '136', '1266', NULL, NULL, NULL, NULL, NULL, NULL, NULL, NULL, NULL, NULL, 2364.70, 1665.95, 1637.38, 2128.21, NULL, NULL, NULL, 227, NULL, NULL, '2024-06-07 03:19:21', '2024-06-07 03:19:47', NULL, 'mantel-redondo-rojo', 1, NULL, NULL, 0, NULL),
(49622, '0127', 'Mantel Redondo Rosa', '[\"products-excel\\/May2024\\/0127.jpg\"]', 'Mantel Redondo Rosa', NULL, '136', '1266', NULL, NULL, NULL, NULL, NULL, NULL, NULL, NULL, NULL, NULL, 2364.70, 1665.95, 1637.38, 2128.21, NULL, NULL, NULL, 197, NULL, NULL, '2024-06-07 03:19:21', '2024-06-07 03:19:47', NULL, 'mantel-redondo-rosa', 1, NULL, NULL, 0, NULL),
(49623, '0128', 'Mantel Redondo V. Manzana', '[\"products-excel\\/May2024\\/0128.jpg\"]', 'Mantel Redondo V. Manzana', NULL, '136', '1266', NULL, NULL, NULL, NULL, NULL, NULL, NULL, NULL, NULL, NULL, 2364.70, 1665.95, 1637.38, 2128.21, NULL, NULL, NULL, 176, NULL, NULL, '2024-06-07 03:19:21', '2024-06-07 03:19:47', NULL, 'mantel-redondo-v-manzana', 1, NULL, NULL, 0, NULL),
(49624, '0129', 'Mantel Redondo Verde', '[\"products-excel\\/May2024\\/0129.jpg\"]', 'Mantel Redondo Verde', NULL, '136', '1266', NULL, NULL, NULL, NULL, NULL, NULL, NULL, NULL, NULL, NULL, 2364.70, 1665.95, 1637.38, 2128.21, NULL, NULL, NULL, 48, NULL, NULL, '2024-06-07 03:19:21', '2024-06-07 03:19:47', NULL, 'mantel-redondo-verde', 1, NULL, NULL, 0, NULL),
(49625, '0130', 'Mantel Redondo Violeta', '[\"products-excel\\/May2024\\/0130.jpg\"]', 'Mantel Redondo Violeta', NULL, '136', '1266', NULL, NULL, NULL, NULL, NULL, NULL, NULL, NULL, NULL, NULL, 2364.70, 1665.95, 1637.38, 2128.21, NULL, NULL, NULL, 188, NULL, NULL, '2024-06-07 03:19:21', '2024-06-07 03:19:47', NULL, 'mantel-redondo-violeta', 1, NULL, NULL, 0, NULL),
(49626, '0131', 'Mantel Lunares Amarillo', '[\"products-excel\\/May2024\\/0131.jpg\"]', 'Mantel Lunares Amarillo', NULL, '136', '1267', NULL, NULL, NULL, NULL, NULL, NULL, NULL, NULL, NULL, NULL, 3637.17, 2909.69, 2600.21, 3273.46, NULL, NULL, NULL, 6, NULL, NULL, '2024-06-07 03:19:21', '2024-06-07 03:19:21', NULL, 'mantel-lunares-amarillo', 0, NULL, NULL, 0, NULL),
(49627, '0132', 'Mantel Lunares Azul', '[\"products-excel\\/May2024\\/0132.jpg\"]', 'Mantel Lunares Azul', NULL, '136', '1267', NULL, NULL, NULL, NULL, NULL, NULL, NULL, NULL, NULL, NULL, 3637.17, 2909.69, 2600.21, 3273.46, NULL, NULL, NULL, 0, NULL, NULL, '2024-06-07 03:19:21', '2024-06-07 03:19:21', NULL, 'mantel-lunares-azul', 0, NULL, NULL, 0, NULL),
(49628, '0133', 'Mantel Lunares Rojo', '[\"products-excel\\/May2024\\/0133.jpg\"]', 'Mantel Lunares Rojo', NULL, '136', '1267', NULL, NULL, NULL, NULL, NULL, NULL, NULL, NULL, NULL, NULL, 3637.17, 2909.69, 2600.21, 3273.46, NULL, NULL, NULL, 3, NULL, NULL, '2024-06-07 03:19:21', '2024-06-07 03:19:21', NULL, 'mantel-lunares-rojo', 0, NULL, NULL, 0, NULL),
(49629, '0134', 'Mantel Lunares Fucsia', '[\"products-excel\\/May2024\\/0134.jpg\"]', 'Mantel Lunares Fucsia', NULL, '136', '1267', NULL, NULL, NULL, NULL, NULL, NULL, NULL, NULL, NULL, NULL, 3637.17, 2909.69, 2600.21, 3273.46, NULL, NULL, NULL, 0, NULL, NULL, '2024-06-07 03:19:21', '2024-06-07 03:19:21', NULL, 'mantel-lunares-fucsia', 0, NULL, NULL, 0, NULL),
(49630, '0135', 'Mantel Lunares Verde', '[\"products-excel\\/May2024\\/0135.jpg\"]', 'Mantel Lunares Verde', NULL, '136', '1267', NULL, NULL, NULL, NULL, NULL, NULL, NULL, NULL, NULL, NULL, 3637.17, 2909.69, 2600.21, 3273.46, NULL, NULL, NULL, -7, NULL, NULL, '2024-06-07 03:19:21', '2024-06-07 03:19:21', NULL, 'mantel-lunares-verde', 0, NULL, NULL, 0, NULL),
(49631, '0136', 'Mantel Lunares Violeta', '[\"products-excel\\/May2024\\/0136.jpg\"]', 'Mantel Lunares Violeta', NULL, '136', '1267', NULL, NULL, NULL, NULL, NULL, NULL, NULL, NULL, NULL, NULL, 3637.17, 2909.69, 2600.21, 3273.46, NULL, NULL, NULL, -5, NULL, NULL, '2024-06-07 03:19:21', '2024-06-07 03:19:21', NULL, 'mantel-lunares-violeta', 0, NULL, NULL, 0, NULL),
(49632, '0137', 'Mantel Cuadritos Negros', '[\"products-excel\\/May2024\\/0137.jpg\"]', 'Mantel Cuadritos Negros', NULL, '136', '1268', NULL, NULL, NULL, NULL, NULL, NULL, NULL, NULL, NULL, NULL, 3637.17, 2909.69, 2600.21, 3273.46, NULL, NULL, NULL, 0, NULL, NULL, '2024-06-07 03:19:21', '2024-06-07 03:19:21', NULL, 'mantel-cuadritos-negros', 0, NULL, NULL, 0, NULL),
(49633, '0138', 'Mantel con Camino Smile', '[\"products-excel\\/May2024\\/0138.jpg\"]', 'Mantel con Camino Smile', NULL, '136', '1268', NULL, NULL, NULL, NULL, NULL, NULL, NULL, NULL, NULL, NULL, 3038.99, 2431.19, 2172.74, 2735.09, NULL, NULL, NULL, 0, NULL, NULL, '2024-06-07 03:19:21', '2024-06-07 03:19:21', NULL, 'mantel-con-camino-smile', 0, NULL, NULL, 0, NULL),
(49634, '0140', 'Móvil Comunion Rosa x5', '[\"products-excel\\/May2024\\/0140.jpg\"]', 'Móvil Comunion Rosa x5', NULL, '137', '1269', NULL, NULL, NULL, NULL, NULL, NULL, NULL, NULL, NULL, NULL, 9577.42, 7662.03, 6848.11, 8619.71, NULL, NULL, NULL, 0, NULL, NULL, '2024-06-07 03:19:21', '2024-06-07 03:19:47', NULL, 'm-vil-comunion-rosa-x5', 1, NULL, NULL, 0, NULL),
(49635, '0141', 'Móvil Comunión Celeste x5', '[\"products-excel\\/May2024\\/0141.jpg\"]', 'Móvil Comunión Celeste x5', NULL, '137', '1269', NULL, NULL, NULL, NULL, NULL, NULL, NULL, NULL, NULL, NULL, 9577.42, 7662.03, 6848.11, 8619.71, NULL, NULL, NULL, 0, NULL, NULL, '2024-06-07 03:19:21', '2024-06-07 03:19:47', NULL, 'm-vil-comuni-n-celeste-x5', 1, NULL, NULL, 0, NULL),
(49636, '0149', 'Banderin Lunares Negro x5', '[\"products-excel\\/May2024\\/0149.jpg\"]', 'Banderin Lunares Negro x5', NULL, '133', '1263', NULL, NULL, NULL, NULL, NULL, NULL, NULL, NULL, NULL, NULL, 8547.13, 6837.76, 6111.22, 7692.45, NULL, NULL, NULL, -1, NULL, NULL, '2024-06-07 03:19:21', '2024-06-07 03:19:47', NULL, 'banderin-lunares-negro-x5', 1, NULL, NULL, 0, NULL),
(49637, '0150', 'Banderin con Foto Negro x5', '[\"products-excel\\/May2024\\/0150.jpg\"]', 'Banderin con Foto Negro x5', NULL, '137', '1270', NULL, NULL, NULL, NULL, NULL, NULL, NULL, NULL, NULL, NULL, 16669.03, 13335.01, 11918.18, 15002.19, NULL, NULL, NULL, -19, NULL, NULL, '2024-06-07 03:19:21', '2024-06-07 03:19:47', NULL, 'banderin-con-foto-negro-x5', 1, NULL, NULL, 0, NULL),
(49638, '0151', 'Set de Cocinero Niño Lunares Verde', '[\"products-excel\\/May2024\\/0151.jpg\"]', 'Set de Cocinero Niño Lunares Verde', NULL, '138', '1271', NULL, NULL, NULL, NULL, NULL, NULL, NULL, NULL, NULL, NULL, 3784.58, 3027.54, 2705.69, 3406.13, NULL, NULL, NULL, 0, NULL, NULL, '2024-06-07 03:19:21', '2024-06-07 03:19:21', NULL, 'set-de-cocinero-ni-o-lunares-verde', 0, NULL, NULL, 0, NULL),
(49639, '0152', 'Pechera Sexy Hombre', '[\"products-excel\\/May2024\\/0152.jpg\"]', 'Pechera Sexy Hombre', NULL, '139', '1272', NULL, NULL, NULL, NULL, NULL, NULL, NULL, NULL, NULL, NULL, 2589.83, 2072.21, 1852.11, 2330.82, NULL, NULL, NULL, -21, NULL, NULL, '2024-06-07 03:19:21', '2024-06-07 03:19:47', NULL, 'pechera-sexy-hombre', 1, NULL, NULL, 0, NULL),
(49640, '0154', 'Pechera Sexy Mujer', '[\"products-excel\\/May2024\\/0154.jpg\"]', 'Pechera Sexy Mujer', NULL, '139', '1272', NULL, NULL, NULL, NULL, NULL, NULL, NULL, NULL, NULL, NULL, 2589.83, 2072.21, 1852.11, 2330.82, NULL, NULL, NULL, -21, NULL, NULL, '2024-06-07 03:19:21', '2024-06-07 03:19:47', NULL, 'pechera-sexy-mujer', 1, NULL, NULL, 0, NULL),
(49641, '0156', 'Bolsita Redonda Celeste a Lunares Negros x10', '[\"products-excel\\/May2024\\/0156.jpg\"]', 'Bolsita Redonda Celeste a Lunares Negros x10', NULL, '135', '1273', NULL, NULL, NULL, NULL, NULL, NULL, NULL, NULL, NULL, NULL, 2634.54, 2107.56, 1883.32, 2371.12, NULL, NULL, NULL, 0, NULL, NULL, '2024-06-07 03:19:21', '2024-06-07 03:19:47', NULL, 'bolsita-redonda-celeste-a-lunares-negros-x10', 1, NULL, NULL, 0, NULL),
(49642, '0158', 'Banderin con Foto Naranja x5', '[\"products-excel\\/May2024\\/0158.jpg\"]', 'Banderin con Foto Naranja x5', NULL, '137', '1270', NULL, NULL, NULL, NULL, NULL, NULL, NULL, NULL, NULL, NULL, 16669.03, 13335.01, 11918.18, 15002.19, NULL, NULL, NULL, -7, NULL, NULL, '2024-06-07 03:19:21', '2024-06-07 03:19:47', NULL, 'banderin-con-foto-naranja-x5', 1, NULL, NULL, 0, NULL),
(49643, '0159', 'Photo Props Sexy', '[\"products-excel\\/May2024\\/0159.jpg\"]', 'Photo Props Sexy', NULL, '139', '1274', NULL, NULL, NULL, NULL, NULL, NULL, NULL, NULL, NULL, NULL, 2791.91, 1895.89, 1694.67, 2512.70, NULL, NULL, NULL, 104, NULL, NULL, '2024-06-07 03:19:21', '2024-06-07 03:19:47', NULL, 'photo-props-sexy', 1, NULL, NULL, 0, NULL);
INSERT INTO `products_excel` (`id`, `codigo`, `articulo`, `imagenes`, `desc_fiscal`, `marca`, `familia`, `categoria`, `sinonimo`, `iva`, `grupo_emp`, `unidad_medida`, `envoltorio`, `peso_neto`, `ancho`, `alto`, `profundidad`, `meses_garantia`, `lista_precios_1`, `lista_precios_2`, `lista_precios_3`, `lista_precios_4`, `stock_maximo`, `stock_minimo`, `reposicion`, `stock_actual`, `fecha_creacion`, `fecha_actualizacion`, `created_at`, `updated_at`, `quantity`, `slug`, `publicado`, `combo`, `rubro_id`, `destacado`, `descuento_combo`) VALUES
(49644, '0160', 'Guirnalda Hawaiana Multicolor 3mt. x1', '[\"products-excel\\/May2024\\/0160.jpg\"]', 'Guirnalda Hawaiana Multicolor 3mt. x1', NULL, '133', '1275', NULL, NULL, NULL, NULL, NULL, NULL, NULL, NULL, NULL, NULL, 3399.90, 2719.80, 2431.19, 3059.87, NULL, NULL, NULL, 108, NULL, NULL, '2024-06-07 03:19:21', '2024-06-07 03:19:47', NULL, 'guirnalda-hawaiana-multicolor-3mt-x1', 1, NULL, NULL, 0, NULL),
(49645, '0161', 'Banderin Rayas Azul x5', '[\"products-excel\\/May2024\\/0161.jpg\"]', 'Banderin Rayas Azul x5', NULL, '133', '1263', NULL, NULL, NULL, NULL, NULL, NULL, NULL, NULL, NULL, NULL, 8547.13, 6837.76, 6111.22, 7692.45, NULL, NULL, NULL, 0, NULL, NULL, '2024-06-07 03:19:21', '2024-06-07 03:19:47', NULL, 'banderin-rayas-azul-x5', 1, NULL, NULL, 0, NULL),
(49646, '0162', 'Banderin Rayas Fucsia x5', '[\"products-excel\\/May2024\\/0162.jpg\"]', 'Banderin Rayas Fucsia x5', NULL, '133', '1263', NULL, NULL, NULL, NULL, NULL, NULL, NULL, NULL, NULL, NULL, 8547.13, 6837.76, 6111.22, 7692.45, NULL, NULL, NULL, 0, NULL, NULL, '2024-06-07 03:19:21', '2024-06-07 03:19:47', NULL, 'banderin-rayas-fucsia-x5', 1, NULL, NULL, 0, NULL),
(49647, '0163', 'Banderin Rayas Rojo x5', '[\"products-excel\\/May2024\\/0163.jpg\"]', 'Banderin Rayas Rojo x5', NULL, '133', '1263', NULL, NULL, NULL, NULL, NULL, NULL, NULL, NULL, NULL, NULL, 8547.13, 6837.76, 6111.22, 7692.45, NULL, NULL, NULL, -2, NULL, NULL, '2024-06-07 03:19:21', '2024-06-07 03:19:47', NULL, 'banderin-rayas-rojo-x5', 1, NULL, NULL, 0, NULL),
(49648, '0164', 'Banderin Rayas Verde x5', '[\"products-excel\\/May2024\\/0164.jpg\"]', 'Banderin Rayas Verde x5', NULL, '133', '1263', NULL, NULL, NULL, NULL, NULL, NULL, NULL, NULL, NULL, NULL, 8547.13, 6837.76, 6111.22, 7692.45, NULL, NULL, NULL, -1, NULL, NULL, '2024-06-07 03:19:21', '2024-06-07 03:19:47', NULL, 'banderin-rayas-verde-x5', 1, NULL, NULL, 0, NULL),
(49649, '0165', 'Banderin Rayas Violeta x5', '[\"products-excel\\/May2024\\/0165.jpg\"]', 'Banderin Rayas Violeta x5', NULL, '133', '1263', NULL, NULL, NULL, NULL, NULL, NULL, NULL, NULL, NULL, NULL, 8547.13, 6837.76, 6111.22, 7692.45, NULL, NULL, NULL, -2, NULL, NULL, '2024-06-07 03:19:21', '2024-06-07 03:19:47', NULL, 'banderin-rayas-violeta-x5', 1, NULL, NULL, 0, NULL),
(49650, '0166', 'Banderin Rayas Negro x5', '[\"products-excel\\/May2024\\/0166.jpg\"]', 'Banderin Rayas Negro x5', NULL, '133', '1263', NULL, NULL, NULL, NULL, NULL, NULL, NULL, NULL, NULL, NULL, 8547.13, 6837.76, 6111.22, 7692.45, NULL, NULL, NULL, 0, NULL, NULL, '2024-06-07 03:19:21', '2024-06-07 03:19:47', NULL, 'banderin-rayas-negro-x5', 1, NULL, NULL, 0, NULL),
(49651, '0167', 'Mantel Verde Oscuro Con Camino Liso Rojo', '[\"products-excel\\/May2024\\/0167.jpg\"]', 'Mantel Verde Oscuro Con Camino Liso Rojo', NULL, '137', '1276', NULL, NULL, NULL, NULL, NULL, NULL, NULL, NULL, NULL, NULL, 3038.98, 2431.19, 2172.74, 2735.09, NULL, NULL, NULL, 0, NULL, NULL, '2024-06-07 03:19:21', '2024-06-07 03:19:47', NULL, 'mantel-verde-oscuro-con-camino-liso-rojo', 1, NULL, NULL, 0, NULL),
(49652, '0168', 'Mantel Rojo Con Camino Liso Verde Oscuro', '[\"products-excel\\/May2024\\/0168.jpg\"]', 'Mantel Rojo Con Camino Liso Verde Oscuro', NULL, '137', '1276', NULL, NULL, NULL, NULL, NULL, NULL, NULL, NULL, NULL, NULL, 3038.98, 2431.19, 2172.74, 2735.09, NULL, NULL, NULL, 0, NULL, NULL, '2024-06-07 03:19:21', '2024-06-07 03:19:47', NULL, 'mantel-rojo-con-camino-liso-verde-oscuro', 1, NULL, NULL, 0, NULL),
(49653, '0169', 'Cartel Bienvenidos Globitos y Banderines', '[\"products-excel\\/May2024\\/0169.jpg\"]', 'Cartel Bienvenidos Globitos y Banderines', NULL, '133', '1277', NULL, NULL, NULL, NULL, NULL, NULL, NULL, NULL, NULL, NULL, 2469.11, 1975.23, 1765.40, 2222.20, NULL, NULL, NULL, -13, NULL, NULL, '2024-06-07 03:19:21', '2024-06-07 03:19:47', NULL, 'cartel-bienvenidos-globitos-y-banderines', 1, NULL, NULL, 0, NULL),
(49654, '0174', 'Bruja Telaraña Fluo Base Negra x5', '[\"products-excel\\/May2024\\/0174.jpg\"]', 'Bruja Telaraña Fluo Base Negra x5', NULL, '137', '1278', NULL, NULL, NULL, NULL, NULL, NULL, NULL, NULL, NULL, NULL, 14704.07, 11763.26, 10513.41, 13233.66, NULL, NULL, NULL, -17, NULL, NULL, '2024-06-07 03:19:21', '2024-06-07 03:19:47', NULL, 'bruja-telara-a-fluo-base-negra-x5', 1, NULL, NULL, 0, NULL),
(49655, '0175', 'Bruja Telaraña Fantasia x5', '[\"products-excel\\/May2024\\/0175.jpg\"]', 'Bruja Telaraña Fantasia x5', NULL, '137', '1278', NULL, NULL, NULL, NULL, NULL, NULL, NULL, NULL, NULL, NULL, 10446.92, 8357.17, 7469.65, 9402.21, NULL, NULL, NULL, -36, NULL, NULL, '2024-06-07 03:19:21', '2024-06-07 03:19:47', NULL, 'bruja-telara-a-fantasia-x5', 1, NULL, NULL, 0, NULL),
(49656, '0176', 'Moño Telaraña x5', '[\"products-excel\\/May2024\\/0176.jpg\"]', 'Moño Telaraña x5', NULL, '137', '1279', NULL, NULL, NULL, NULL, NULL, NULL, NULL, NULL, NULL, NULL, 4843.39, 3874.68, 3463.48, 4359.03, NULL, NULL, NULL, 0, NULL, NULL, '2024-06-07 03:19:21', '2024-06-07 03:19:47', NULL, 'mo-o-telara-a-x5', 1, NULL, NULL, 0, NULL),
(49657, '0177', 'Corbata Telaraña x5', '[\"products-excel\\/May2024\\/0177.jpg\"]', 'Corbata Telaraña x5', NULL, '137', '1280', NULL, NULL, NULL, NULL, NULL, NULL, NULL, NULL, NULL, NULL, 5047.40, 4038.07, 3608.66, 4542.70, NULL, NULL, NULL, 0, NULL, NULL, '2024-06-07 03:19:21', '2024-06-07 03:19:47', NULL, 'corbata-telara-a-x5', 1, NULL, NULL, 0, NULL),
(49658, '0178', 'Cartel Bienvenidos Globos', '[\"products-excel\\/May2024\\/0178.jpg\"]', 'Cartel Bienvenidos Globos', NULL, '133', '1277', NULL, NULL, NULL, NULL, NULL, NULL, NULL, NULL, NULL, NULL, 2469.11, 1975.23, 1765.40, 2222.20, NULL, NULL, NULL, -1, NULL, NULL, '2024-06-07 03:19:21', '2024-06-07 03:19:47', NULL, 'cartel-bienvenidos-globos', 1, NULL, NULL, 0, NULL),
(49659, '0180', 'Cartel Halloween 2 Calabazas Horizontal', '[\"products-excel\\/May2024\\/0180.jpg\"]', 'Cartel Halloween 2 Calabazas Horizontal', NULL, '137', '1281', NULL, NULL, NULL, NULL, NULL, NULL, NULL, NULL, NULL, NULL, 2469.11, 1975.23, 1765.40, 2222.20, NULL, NULL, NULL, -6, NULL, NULL, '2024-06-07 03:19:21', '2024-06-07 03:19:47', NULL, 'cartel-halloween-2-calabazas-horizontal', 1, NULL, NULL, 0, NULL),
(49660, '0182', 'Mantel Estrellas Fucsia', '[\"products-excel\\/May2024\\/0182.jpg\"]', 'Mantel Estrellas Fucsia', NULL, '136', '1267', NULL, NULL, NULL, NULL, NULL, NULL, NULL, NULL, NULL, NULL, 3637.17, 2909.69, 2600.21, 3273.46, NULL, NULL, NULL, 15, NULL, NULL, '2024-06-07 03:19:21', '2024-06-07 03:19:21', NULL, 'mantel-estrellas-fucsia', 0, NULL, NULL, 0, NULL),
(49661, '0183', 'Mantel Estrellas Violeta', '[\"products-excel\\/May2024\\/0183.jpg\"]', 'Mantel Estrellas Violeta', NULL, '136', '1267', NULL, NULL, NULL, NULL, NULL, NULL, NULL, NULL, NULL, NULL, 3637.17, 2909.69, 2600.21, 3273.46, NULL, NULL, NULL, 19, NULL, NULL, '2024-06-07 03:19:21', '2024-06-07 03:19:21', NULL, 'mantel-estrellas-violeta', 0, NULL, NULL, 0, NULL),
(49662, '0184', 'Mantel Estrellas Rojo', '[\"products-excel\\/May2024\\/0184.jpg\"]', 'Mantel Estrellas Rojo', NULL, '136', '1267', NULL, NULL, NULL, NULL, NULL, NULL, NULL, NULL, NULL, NULL, 3637.17, 2909.69, 2600.21, 3273.46, NULL, NULL, NULL, 18, NULL, NULL, '2024-06-07 03:19:21', '2024-06-07 03:19:21', NULL, 'mantel-estrellas-rojo', 0, NULL, NULL, 0, NULL),
(49663, '0185', 'Mantel Estrellas Azul', '[\"products-excel\\/May2024\\/0185.jpg\"]', 'Mantel Estrellas Azul', NULL, '136', '1267', NULL, NULL, NULL, NULL, NULL, NULL, NULL, NULL, NULL, NULL, 3637.17, 2909.69, 2600.21, 3273.46, NULL, NULL, NULL, 19, NULL, NULL, '2024-06-07 03:19:21', '2024-06-07 03:19:21', NULL, 'mantel-estrellas-azul', 0, NULL, NULL, 0, NULL),
(49664, '0186', 'Mantel Corazon Fucsia', '[\"products-excel\\/May2024\\/0186.jpg\"]', 'Mantel Corazon Fucsia', NULL, '136', '1268', NULL, NULL, NULL, NULL, NULL, NULL, NULL, NULL, NULL, NULL, 3637.17, 2909.69, 2600.21, 3273.46, NULL, NULL, NULL, 18, NULL, NULL, '2024-06-07 03:19:21', '2024-06-07 03:19:21', NULL, 'mantel-corazon-fucsia', 0, NULL, NULL, 0, NULL),
(49665, '0187', 'Mantel Corazon Violeta', '[\"products-excel\\/May2024\\/0187.jpg\"]', 'Mantel Corazon Violeta', NULL, '136', '1268', NULL, NULL, NULL, NULL, NULL, NULL, NULL, NULL, NULL, NULL, 3637.17, 2909.69, 2600.21, 3273.46, NULL, NULL, NULL, 19, NULL, NULL, '2024-06-07 03:19:21', '2024-06-07 03:19:21', NULL, 'mantel-corazon-violeta', 0, NULL, NULL, 0, NULL),
(49666, '0188', 'Mantel Corazon Rojo', '[\"products-excel\\/May2024\\/0188.jpg\"]', 'Mantel Corazon Rojo', NULL, '136', '1268', NULL, NULL, NULL, NULL, NULL, NULL, NULL, NULL, NULL, NULL, 3637.17, 2909.69, 2600.21, 3273.46, NULL, NULL, NULL, 8, NULL, NULL, '2024-06-07 03:19:21', '2024-06-07 03:19:21', NULL, 'mantel-corazon-rojo', 0, NULL, NULL, 0, NULL),
(49667, '0189', 'Banderin Estrellas Fucsia x5', '[\"products-excel\\/May2024\\/0189.jpg\"]', 'Banderin Estrellas Fucsia x5', NULL, '133', '1263', NULL, NULL, NULL, NULL, NULL, NULL, NULL, NULL, NULL, NULL, 8547.13, 6837.76, 6111.22, 7692.45, NULL, NULL, NULL, -2, NULL, NULL, '2024-06-07 03:19:21', '2024-06-07 03:19:47', NULL, 'banderin-estrellas-fucsia-x5', 1, NULL, NULL, 0, NULL),
(49668, '0190', 'Banderin Estrellas Violeta x5', '[\"products-excel\\/May2024\\/0190.jpg\"]', 'Banderin Estrellas Violeta x5', NULL, '133', '1263', NULL, NULL, NULL, NULL, NULL, NULL, NULL, NULL, NULL, NULL, 8547.13, 6837.76, 6111.22, 7692.45, NULL, NULL, NULL, 0, NULL, NULL, '2024-06-07 03:19:21', '2024-06-07 03:19:47', NULL, 'banderin-estrellas-violeta-x5', 1, NULL, NULL, 0, NULL),
(49669, '0191', 'Banderin Estrellas Rojo x5', '[\"products-excel\\/May2024\\/0191.jpg\"]', 'Banderin Estrellas Rojo x5', NULL, '133', '1263', NULL, NULL, NULL, NULL, NULL, NULL, NULL, NULL, NULL, NULL, 8547.13, 6837.76, 6111.22, 7692.45, NULL, NULL, NULL, -2, NULL, NULL, '2024-06-07 03:19:21', '2024-06-07 03:19:47', NULL, 'banderin-estrellas-rojo-x5', 1, NULL, NULL, 0, NULL),
(49670, '0192', 'Banderin Estrellas Azul x5', '[\"products-excel\\/May2024\\/0192.jpg\"]', 'Banderin Estrellas Azul x5', NULL, '133', '1263', NULL, NULL, NULL, NULL, NULL, NULL, NULL, NULL, NULL, NULL, 8547.13, 6837.76, 6111.22, 7692.45, NULL, NULL, NULL, -2, NULL, NULL, '2024-06-07 03:19:21', '2024-06-07 03:19:47', NULL, 'banderin-estrellas-azul-x5', 1, NULL, NULL, 0, NULL),
(49671, '0193', 'Banderin Corazon Fucsia x5', '[\"products-excel\\/May2024\\/0193.jpg\"]', 'Banderin Corazon Fucsia x5', NULL, '133', '1263', NULL, NULL, NULL, NULL, NULL, NULL, NULL, NULL, NULL, NULL, 8547.13, 6837.76, 6111.22, 7692.45, NULL, NULL, NULL, 0, NULL, NULL, '2024-06-07 03:19:21', '2024-06-07 03:19:47', NULL, 'banderin-corazon-fucsia-x5', 1, NULL, NULL, 0, NULL),
(49672, '0194', 'Banderin Corazon Violeta x5', '[\"products-excel\\/May2024\\/0194.jpg\"]', 'Banderin Corazon Violeta x5', NULL, '133', '1263', NULL, NULL, NULL, NULL, NULL, NULL, NULL, NULL, NULL, NULL, 8547.13, 6837.76, 6111.22, 7692.45, NULL, NULL, NULL, 0, NULL, NULL, '2024-06-07 03:19:21', '2024-06-07 03:19:47', NULL, 'banderin-corazon-violeta-x5', 1, NULL, NULL, 0, NULL),
(49673, '0195', 'Banderin Corazon Rojo x5', '[\"products-excel\\/May2024\\/0195.jpg\"]', 'Banderin Corazon Rojo x5', NULL, '133', '1263', NULL, NULL, NULL, NULL, NULL, NULL, NULL, NULL, NULL, NULL, 8547.13, 6837.76, 6111.22, 7692.45, NULL, NULL, NULL, -2, NULL, NULL, '2024-06-07 03:19:21', '2024-06-07 03:19:47', NULL, 'banderin-corazon-rojo-x5', 1, NULL, NULL, 0, NULL),
(49674, '0196', 'Bolsita Estrellas Fucsia x10', '[\"products-excel\\/May2024\\/0196.jpg\"]', 'Bolsita Estrellas Fucsia x10', NULL, '135', '1264', NULL, NULL, NULL, NULL, NULL, NULL, NULL, NULL, NULL, NULL, 3133.75, 2506.83, 2240.44, 2820.38, NULL, NULL, NULL, 144, NULL, NULL, '2024-06-07 03:19:21', '2024-06-07 03:19:47', NULL, 'bolsita-estrellas-fucsia-x10', 1, NULL, NULL, 0, NULL),
(49675, '0197', 'Bolsita Estrellas Violeta x10', '[\"products-excel\\/May2024\\/0197.jpg\"]', 'Bolsita Estrellas Violeta x10', NULL, '135', '1264', NULL, NULL, NULL, NULL, NULL, NULL, NULL, NULL, NULL, NULL, 3133.75, 2506.83, 2240.44, 2820.38, NULL, NULL, NULL, 60, NULL, NULL, '2024-06-07 03:19:21', '2024-06-07 03:19:47', NULL, 'bolsita-estrellas-violeta-x10', 1, NULL, NULL, 0, NULL),
(49676, '0198', 'Bolsita Estrellas Rojo x10', '[\"products-excel\\/May2024\\/0198.jpg\"]', 'Bolsita Estrellas Rojo x10', NULL, '135', '1264', NULL, NULL, NULL, NULL, NULL, NULL, NULL, NULL, NULL, NULL, 3133.75, 2506.83, 2240.44, 2820.38, NULL, NULL, NULL, 322, NULL, NULL, '2024-06-07 03:19:21', '2024-06-07 03:19:47', NULL, 'bolsita-estrellas-rojo-x10', 1, NULL, NULL, 0, NULL),
(49677, '0199', 'Bolsita Estrellas Azul x10', '[\"products-excel\\/May2024\\/0199.jpg\"]', 'Bolsita Estrellas Azul x10', NULL, '135', '1264', NULL, NULL, NULL, NULL, NULL, NULL, NULL, NULL, NULL, NULL, 3133.75, 2506.83, 2240.44, 2820.38, NULL, NULL, NULL, 32, NULL, NULL, '2024-06-07 03:19:21', '2024-06-07 03:19:47', NULL, 'bolsita-estrellas-azul-x10', 1, NULL, NULL, 0, NULL),
(49678, '0200', 'Vincha Fantasia Blanco y Rojo x50', '[\"products-excel\\/May2024\\/0200.jpg\"]', 'Vincha Fantasia Blanco y Rojo x50', NULL, '134', '1282', NULL, NULL, NULL, NULL, NULL, NULL, NULL, NULL, NULL, NULL, 9496.53, 7597.78, 6790.26, 8546.91, NULL, NULL, NULL, 0, NULL, NULL, '2024-06-07 03:19:21', '2024-06-07 03:19:47', NULL, 'vincha-fantasia-blanco-y-rojo-x50', 1, NULL, NULL, 0, NULL),
(49679, '0201', 'Mantel Azul con Camino Lunares Azul', '[\"products-excel\\/May2024\\/0201.jpg\"]', 'Mantel Azul con Camino Lunares Azul', NULL, '136', '1268', NULL, NULL, NULL, NULL, NULL, NULL, NULL, NULL, NULL, NULL, 3038.99, 2431.19, 2172.74, 2735.09, NULL, NULL, NULL, 0, NULL, NULL, '2024-06-07 03:19:21', '2024-06-07 03:19:21', NULL, 'mantel-azul-con-camino-lunares-azul', 0, NULL, NULL, 0, NULL),
(49680, '0203', 'Mantel Fucsia con Camino Lunares Fucsia', '[\"products-excel\\/May2024\\/0203.jpg\"]', 'Mantel Fucsia con Camino Lunares Fucsia', NULL, '136', '1268', NULL, NULL, NULL, NULL, NULL, NULL, NULL, NULL, NULL, NULL, 3038.99, 2431.19, 2172.74, 2735.09, NULL, NULL, NULL, 0, NULL, NULL, '2024-06-07 03:19:21', '2024-06-07 03:19:21', NULL, 'mantel-fucsia-con-camino-lunares-fucsia', 0, NULL, NULL, 0, NULL),
(49681, '0204', 'Mantel Verde con Camino Lunares Verde', '[\"products-excel\\/May2024\\/0204.jpg\"]', 'Mantel Verde con Camino Lunares Verde', NULL, '136', '1268', NULL, NULL, NULL, NULL, NULL, NULL, NULL, NULL, NULL, NULL, 3038.99, 2431.19, 2172.74, 2735.09, NULL, NULL, NULL, 0, NULL, NULL, '2024-06-07 03:19:21', '2024-06-07 03:19:21', NULL, 'mantel-verde-con-camino-lunares-verde', 0, NULL, NULL, 0, NULL),
(49682, '0205', 'Mantel Violeta con Camino Lunares Violeta', '[\"products-excel\\/May2024\\/0205.jpg\"]', 'Mantel Violeta con Camino Lunares Violeta', NULL, '136', '1268', NULL, NULL, NULL, NULL, NULL, NULL, NULL, NULL, NULL, NULL, 3038.99, 2431.19, 2172.74, 2735.09, NULL, NULL, NULL, 0, NULL, NULL, '2024-06-07 03:19:21', '2024-06-07 03:19:21', NULL, 'mantel-violeta-con-camino-lunares-violeta', 0, NULL, NULL, 0, NULL),
(49683, '0206', 'Mantel Negro con Camino Lunares Negro', '[\"products-excel\\/May2024\\/0206.jpg\"]', 'Mantel Negro con Camino Lunares Negro', NULL, '136', '1268', NULL, NULL, NULL, NULL, NULL, NULL, NULL, NULL, NULL, NULL, 3038.99, 2431.19, 2172.74, 2735.09, NULL, NULL, NULL, 0, NULL, NULL, '2024-06-07 03:19:21', '2024-06-07 03:19:21', NULL, 'mantel-negro-con-camino-lunares-negro', 0, NULL, NULL, 0, NULL),
(49684, '0207', 'Mantel Azul con Camino Cuadritos Azul', '[\"products-excel\\/May2024\\/0207.jpg\"]', 'Mantel Azul con Camino Cuadritos Azul', NULL, '136', '1268', NULL, NULL, NULL, NULL, NULL, NULL, NULL, NULL, NULL, NULL, 3038.99, 2431.19, 2172.74, 2735.09, NULL, NULL, NULL, 0, NULL, NULL, '2024-06-07 03:19:21', '2024-06-07 03:19:21', NULL, 'mantel-azul-con-camino-cuadritos-azul', 0, NULL, NULL, 0, NULL),
(49685, '0208', 'Mantel Rojo con Camino Cuadritos Rojo', '[\"products-excel\\/May2024\\/0208.jpg\"]', 'Mantel Rojo con Camino Cuadritos Rojo', NULL, '136', '1268', NULL, NULL, NULL, NULL, NULL, NULL, NULL, NULL, NULL, NULL, 3038.99, 2431.19, 2172.74, 2735.09, NULL, NULL, NULL, 0, NULL, NULL, '2024-06-07 03:19:21', '2024-06-07 03:19:21', NULL, 'mantel-rojo-con-camino-cuadritos-rojo', 0, NULL, NULL, 0, NULL),
(49686, '0209', 'Mantel Fucsia con Camino Cuadritos Fucsia', '[\"products-excel\\/May2024\\/0209.jpg\"]', 'Mantel Fucsia con Camino Cuadritos Fucsia', NULL, '136', '1268', NULL, NULL, NULL, NULL, NULL, NULL, NULL, NULL, NULL, NULL, 3038.99, 2431.19, 2172.74, 2735.09, NULL, NULL, NULL, 0, NULL, NULL, '2024-06-07 03:19:21', '2024-06-07 03:19:21', NULL, 'mantel-fucsia-con-camino-cuadritos-fucsia', 0, NULL, NULL, 0, NULL),
(49687, '0210', 'Corbata Base Color Surtido Lunares Negros x5', '[\"products-excel\\/May2024\\/0210.jpg\"]', 'Corbata Base Color Surtido Lunares Negros x5', NULL, '139', '1283', NULL, NULL, NULL, NULL, NULL, NULL, NULL, NULL, NULL, NULL, 5047.40, 4038.00, 3608.66, 4542.70, NULL, NULL, NULL, -167, NULL, NULL, '2024-06-07 03:19:21', '2024-06-07 03:19:47', NULL, 'corbata-base-color-surtido-lunares-negros-x5', 1, NULL, NULL, 0, NULL),
(49688, '0211', 'Mantel Violeta con Camino Cuadritos Violeta', '[\"products-excel\\/May2024\\/0211.jpg\"]', 'Mantel Violeta con Camino Cuadritos Violeta', NULL, '136', '1268', NULL, NULL, NULL, NULL, NULL, NULL, NULL, NULL, NULL, NULL, 3038.99, 2431.19, 2172.74, 2735.09, NULL, NULL, NULL, 0, NULL, NULL, '2024-06-07 03:19:21', '2024-06-07 03:19:21', NULL, 'mantel-violeta-con-camino-cuadritos-violeta', 0, NULL, NULL, 0, NULL),
(49689, '0212', 'Mantel Negro con Camino Cuadritos Negro', '[\"products-excel\\/May2024\\/0212.jpg\"]', 'Mantel Negro con Camino Cuadritos Negro', NULL, '136', '1268', NULL, NULL, NULL, NULL, NULL, NULL, NULL, NULL, NULL, NULL, 3038.99, 2431.19, 2172.74, 2735.09, NULL, NULL, NULL, 0, NULL, NULL, '2024-06-07 03:19:21', '2024-06-07 03:19:21', NULL, 'mantel-negro-con-camino-cuadritos-negro', 0, NULL, NULL, 0, NULL),
(49690, '0213', 'Mantel Azul con Camino Animal Azul', '[\"products-excel\\/May2024\\/0213.jpg\"]', 'Mantel Azul con Camino Animal Azul', NULL, '136', '1268', NULL, NULL, NULL, NULL, NULL, NULL, NULL, NULL, NULL, NULL, 3038.99, 2431.19, 2172.74, 2735.09, NULL, NULL, NULL, 0, NULL, NULL, '2024-06-07 03:19:21', '2024-06-07 03:19:21', NULL, 'mantel-azul-con-camino-animal-azul', 0, NULL, NULL, 0, NULL),
(49691, '0214', 'Mantel Rojo con Camino Animal Rojo', '[\"products-excel\\/May2024\\/0214.jpg\"]', 'Mantel Rojo con Camino Animal Rojo', NULL, '136', '1268', NULL, NULL, NULL, NULL, NULL, NULL, NULL, NULL, NULL, NULL, 3038.99, 2431.19, 2172.74, 2735.09, NULL, NULL, NULL, 0, NULL, NULL, '2024-06-07 03:19:21', '2024-06-07 03:19:21', NULL, 'mantel-rojo-con-camino-animal-rojo', 0, NULL, NULL, 0, NULL),
(49692, '0215', 'Mantel Fucsia con Camino Animal Fucsia', '[\"products-excel\\/May2024\\/0215.jpg\"]', 'Mantel Fucsia con Camino Animal Fucsia', NULL, '136', '1268', NULL, NULL, NULL, NULL, NULL, NULL, NULL, NULL, NULL, NULL, 3038.99, 2431.19, 2172.74, 2735.09, NULL, NULL, NULL, 0, NULL, NULL, '2024-06-07 03:19:21', '2024-06-07 03:19:21', NULL, 'mantel-fucsia-con-camino-animal-fucsia', 0, NULL, NULL, 0, NULL),
(49693, '0216', 'Mantel Verde con Camino Animal Verde', '[\"products-excel\\/May2024\\/0216.jpg\"]', 'Mantel Verde con Camino Animal Verde', NULL, '136', '1268', NULL, NULL, NULL, NULL, NULL, NULL, NULL, NULL, NULL, NULL, 3038.99, 2431.19, 2172.74, 2735.09, NULL, NULL, NULL, 0, NULL, NULL, '2024-06-07 03:19:21', '2024-06-07 03:19:21', NULL, 'mantel-verde-con-camino-animal-verde', 0, NULL, NULL, 0, NULL),
(49694, '0218', 'Mantel Negro con Camino Animal Negro', '[\"products-excel\\/May2024\\/0218.jpg\"]', 'Mantel Negro con Camino Animal Negro', NULL, '136', '1268', NULL, NULL, NULL, NULL, NULL, NULL, NULL, NULL, NULL, NULL, 3038.99, 2431.19, 2172.74, 2735.09, NULL, NULL, NULL, 0, NULL, NULL, '2024-06-07 03:19:21', '2024-06-07 03:19:21', NULL, 'mantel-negro-con-camino-animal-negro', 0, NULL, NULL, 0, NULL),
(49695, '0219', 'Mantel con Camino Rayas Azul', '[\"products-excel\\/May2024\\/0219.jpg\"]', 'Mantel con Camino Rayas Azul', NULL, '136', '1268', NULL, NULL, NULL, NULL, NULL, NULL, NULL, NULL, NULL, NULL, 3038.99, 2431.19, 2172.74, 2735.09, NULL, NULL, NULL, 0, NULL, NULL, '2024-06-07 03:19:21', '2024-06-07 03:19:21', NULL, 'mantel-con-camino-rayas-azul', 0, NULL, NULL, 0, NULL),
(49696, '0220', 'Mantel con Camino Rayas Rojo', '[\"products-excel\\/May2024\\/0220.jpg\"]', 'Mantel con Camino Rayas Rojo', NULL, '136', '1268', NULL, NULL, NULL, NULL, NULL, NULL, NULL, NULL, NULL, NULL, 3038.99, 2431.19, 2172.74, 2735.09, NULL, NULL, NULL, 0, NULL, NULL, '2024-06-07 03:19:21', '2024-06-07 03:19:21', NULL, 'mantel-con-camino-rayas-rojo', 0, NULL, NULL, 0, NULL),
(49697, '0221', 'Mantel con Camino Rayas Fucsia', '[\"products-excel\\/May2024\\/0221.jpg\"]', 'Mantel con Camino Rayas Fucsia', NULL, '136', '1268', NULL, NULL, NULL, NULL, NULL, NULL, NULL, NULL, NULL, NULL, 3038.99, 2431.19, 2172.74, 2735.09, NULL, NULL, NULL, 0, NULL, NULL, '2024-06-07 03:19:21', '2024-06-07 03:19:21', NULL, 'mantel-con-camino-rayas-fucsia', 0, NULL, NULL, 0, NULL),
(49698, '0222', 'Mantel con Camino Rayas Verde', '[\"products-excel\\/May2024\\/0222.jpg\"]', 'Mantel con Camino Rayas Verde', NULL, '136', '1268', NULL, NULL, NULL, NULL, NULL, NULL, NULL, NULL, NULL, NULL, 3038.99, 2431.19, 2172.74, 2735.09, NULL, NULL, NULL, 0, NULL, NULL, '2024-06-07 03:19:21', '2024-06-07 03:19:21', NULL, 'mantel-con-camino-rayas-verde', 0, NULL, NULL, 0, NULL),
(49699, '0223', 'Mantel con Camino Rayas Violeta', '[\"products-excel\\/May2024\\/0223.jpg\"]', 'Mantel con Camino Rayas Violeta', NULL, '136', '1268', NULL, NULL, NULL, NULL, NULL, NULL, NULL, NULL, NULL, NULL, 3038.99, 2431.19, 2172.74, 2735.09, NULL, NULL, NULL, 0, NULL, NULL, '2024-06-07 03:19:21', '2024-06-07 03:19:21', NULL, 'mantel-con-camino-rayas-violeta', 0, NULL, NULL, 0, NULL),
(49700, '0224', 'Mantel con Camino Rayas Negro', '[\"products-excel\\/May2024\\/0224.jpg\"]', 'Mantel con Camino Rayas Negro', NULL, '136', '1268', NULL, NULL, NULL, NULL, NULL, NULL, NULL, NULL, NULL, NULL, 3038.99, 2431.19, 2172.74, 2735.09, NULL, NULL, NULL, 0, NULL, NULL, '2024-06-07 03:19:21', '2024-06-07 03:19:21', NULL, 'mantel-con-camino-rayas-negro', 0, NULL, NULL, 0, NULL),
(49701, '0226', 'Mantel Fucsia con Camino Corazon Fucsia', '[\"products-excel\\/May2024\\/0226.jpg\"]', 'Mantel Fucsia con Camino Corazon Fucsia', NULL, '136', '1268', NULL, NULL, NULL, NULL, NULL, NULL, NULL, NULL, NULL, NULL, 3038.99, 2431.19, 2172.74, 2735.09, NULL, NULL, NULL, 0, NULL, NULL, '2024-06-07 03:19:21', '2024-06-07 03:19:21', NULL, 'mantel-fucsia-con-camino-corazon-fucsia', 0, NULL, NULL, 0, NULL),
(49702, '0227', 'Mantel Violeta con Camino Corazon Violeta', '[\"products-excel\\/May2024\\/0227.jpg\"]', 'Mantel Violeta con Camino Corazon Violeta', NULL, '136', '1268', NULL, NULL, NULL, NULL, NULL, NULL, NULL, NULL, NULL, NULL, 3038.99, 2431.19, 2172.74, 2735.09, NULL, NULL, NULL, 0, NULL, NULL, '2024-06-07 03:19:21', '2024-06-07 03:19:21', NULL, 'mantel-violeta-con-camino-corazon-violeta', 0, NULL, NULL, 0, NULL),
(49703, '0228', 'Mantel Rojo con Camino Estrella Rojo', '[\"products-excel\\/May2024\\/0228.jpg\"]', 'Mantel Rojo con Camino Estrella Rojo', NULL, '136', '1268', NULL, NULL, NULL, NULL, NULL, NULL, NULL, NULL, NULL, NULL, 3038.99, 2431.19, 2172.74, 2735.09, NULL, NULL, NULL, 0, NULL, NULL, '2024-06-07 03:19:21', '2024-06-07 03:19:21', NULL, 'mantel-rojo-con-camino-estrella-rojo', 0, NULL, NULL, 0, NULL),
(49704, '0229', 'Mantel Fucsia con Camino Estrella Fucsia', '[\"products-excel\\/May2024\\/0229.jpg\"]', 'Mantel Fucsia con Camino Estrella Fucsia', NULL, '136', '1268', NULL, NULL, NULL, NULL, NULL, NULL, NULL, NULL, NULL, NULL, 3038.99, 2431.19, 2172.74, 2735.09, NULL, NULL, NULL, 0, NULL, NULL, '2024-06-07 03:19:21', '2024-06-07 03:19:21', NULL, 'mantel-fucsia-con-camino-estrella-fucsia', 0, NULL, NULL, 0, NULL),
(49705, '0230', 'Mantel Violeta con Camino Estrella Violeta', '[\"products-excel\\/May2024\\/0230.jpg\"]', 'Mantel Violeta con Camino Estrella Violeta', NULL, '136', '1268', NULL, NULL, NULL, NULL, NULL, NULL, NULL, NULL, NULL, NULL, 3038.99, 2431.19, 2172.74, 2735.09, NULL, NULL, NULL, 0, NULL, NULL, '2024-06-07 03:19:21', '2024-06-07 03:19:21', NULL, 'mantel-violeta-con-camino-estrella-violeta', 0, NULL, NULL, 0, NULL),
(49706, '0256', 'Set de Cocinero Niño Lunares Amarillo', '[\"products-excel\\/May2024\\/0256.jpg\"]', 'Set de Cocinero Niño Lunares Amarillo', NULL, '138', '1271', NULL, NULL, NULL, NULL, NULL, NULL, NULL, NULL, NULL, NULL, 3784.58, 3027.54, 2705.69, 3406.13, NULL, NULL, NULL, 0, NULL, NULL, '2024-06-07 03:19:21', '2024-06-07 03:19:21', NULL, 'set-de-cocinero-ni-o-lunares-amarillo', 0, NULL, NULL, 0, NULL),
(49707, '0257', 'Set de Cocinero Niño Lunares Azul', '[\"products-excel\\/May2024\\/0257.jpg\"]', 'Set de Cocinero Niño Lunares Azul', NULL, '138', '1271', NULL, NULL, NULL, NULL, NULL, NULL, NULL, NULL, NULL, NULL, 3784.58, 3027.54, 2705.69, 3406.13, NULL, NULL, NULL, 0, NULL, NULL, '2024-06-07 03:19:21', '2024-06-07 03:19:21', NULL, 'set-de-cocinero-ni-o-lunares-azul', 0, NULL, NULL, 0, NULL),
(49708, '0258', 'Set de Cocinero Niño Lunares Rojo', '[\"products-excel\\/May2024\\/0258.jpg\"]', 'Set de Cocinero Niño Lunares Rojo', NULL, '138', '1271', NULL, NULL, NULL, NULL, NULL, NULL, NULL, NULL, NULL, NULL, 3784.58, 3027.54, 2705.69, 3406.13, NULL, NULL, NULL, 0, NULL, NULL, '2024-06-07 03:19:21', '2024-06-07 03:19:21', NULL, 'set-de-cocinero-ni-o-lunares-rojo', 0, NULL, NULL, 0, NULL),
(49709, '0259', 'Set de Cocinero Niño Lunares Fucsia', '[\"products-excel\\/May2024\\/0259.jpg\"]', 'Set de Cocinero Niño Lunares Fucsia', NULL, '138', '1271', NULL, NULL, NULL, NULL, NULL, NULL, NULL, NULL, NULL, NULL, 3784.58, 3027.54, 2705.69, 3406.13, NULL, NULL, NULL, 0, NULL, NULL, '2024-06-07 03:19:21', '2024-06-07 03:19:21', NULL, 'set-de-cocinero-ni-o-lunares-fucsia', 0, NULL, NULL, 0, NULL),
(49710, '0260', 'Mantel Blanco con Camino Lunares Amarillo', '[\"products-excel\\/May2024\\/0260.jpg\"]', 'Mantel Blanco con Camino Lunares Amarillo', NULL, '136', '1268', NULL, NULL, NULL, NULL, NULL, NULL, NULL, NULL, NULL, NULL, 3038.99, 2431.19, 2172.74, 2735.09, NULL, NULL, NULL, 0, NULL, NULL, '2024-06-07 03:19:21', '2024-06-07 03:19:21', NULL, 'mantel-blanco-con-camino-lunares-amarillo', 0, NULL, NULL, 0, NULL),
(49711, '0261', 'Mantel Amarillo Con Camino Liso Blanco', '[\"products-excel\\/May2024\\/0261.jpg\"]', 'Mantel Amarillo Con Camino Liso Blanco', NULL, '136', '1284', NULL, NULL, NULL, NULL, NULL, NULL, NULL, NULL, NULL, NULL, 3038.99, 2431.19, 2172.74, 2735.09, NULL, NULL, NULL, 0, NULL, NULL, '2024-06-07 03:19:21', '2024-06-07 03:19:21', NULL, 'mantel-amarillo-con-camino-liso-blanco', 0, NULL, NULL, 0, NULL),
(49712, '0262', 'Mantel Blanco Con Camino Liso Amarillo', '[\"products-excel\\/May2024\\/0262.jpg\"]', 'Mantel Blanco Con Camino Liso Amarillo', NULL, '136', '1284', NULL, NULL, NULL, NULL, NULL, NULL, NULL, NULL, NULL, NULL, 3038.99, 2431.19, 2172.74, 2735.09, NULL, NULL, NULL, 0, NULL, NULL, '2024-06-07 03:19:21', '2024-06-07 03:19:21', NULL, 'mantel-blanco-con-camino-liso-amarillo', 0, NULL, NULL, 0, NULL),
(49713, '0263', 'Banderin Liso Naranja x5', '[\"products-excel\\/May2024\\/0263.jpg\"]', 'Banderin Liso Naranja x5', NULL, '133', '1260', NULL, NULL, NULL, NULL, NULL, NULL, NULL, NULL, NULL, NULL, 8547.13, 6837.76, 6111.22, 7692.45, NULL, NULL, NULL, 128, NULL, NULL, '2024-06-07 03:19:21', '2024-06-07 03:19:47', NULL, 'banderin-liso-naranja-x5', 1, NULL, NULL, 0, NULL),
(49714, '0264', 'Marco FacePhoto x1', '[\"products-excel\\/May2024\\/0264.jpg\"]', 'Marco FacePhoto x1', NULL, '139', '1285', NULL, NULL, NULL, NULL, NULL, NULL, NULL, NULL, NULL, NULL, 2589.83, 2072.21, 1852.11, 2330.82, NULL, NULL, NULL, 0, NULL, NULL, '2024-06-07 03:19:21', '2024-06-07 03:19:47', NULL, 'marco-facephoto-x1', 1, NULL, NULL, 0, NULL),
(49715, '0265', 'Banderin Liso Amarillo x5', '[\"products-excel\\/May2024\\/0265.jpg\"]', 'Banderin Liso Amarillo x5', NULL, '133', '1260', NULL, NULL, NULL, NULL, NULL, NULL, NULL, NULL, NULL, NULL, 8547.13, 6837.76, 6111.22, 7692.45, NULL, NULL, NULL, 231, NULL, NULL, '2024-06-07 03:19:21', '2024-06-07 03:19:47', NULL, 'banderin-liso-amarillo-x5', 1, NULL, NULL, 0, NULL),
(49716, '0266', 'Banderin Liso Azul x5', '[\"products-excel\\/May2024\\/0266.jpg\"]', 'Banderin Liso Azul x5', NULL, '133', '1260', NULL, NULL, NULL, NULL, NULL, NULL, NULL, NULL, NULL, NULL, 8547.13, 6837.76, 6111.22, 7692.45, NULL, NULL, NULL, 311, NULL, NULL, '2024-06-07 03:19:21', '2024-06-07 03:19:47', NULL, 'banderin-liso-azul-x5', 1, NULL, NULL, 0, NULL),
(49717, '0268', 'Banderin Liso Rosa x5', '[\"products-excel\\/May2024\\/0268.jpg\"]', 'Banderin Liso Rosa x5', NULL, '133', '1260', NULL, NULL, NULL, NULL, NULL, NULL, NULL, NULL, NULL, NULL, 8547.13, 6837.76, 6111.22, 7692.45, NULL, NULL, NULL, 83, NULL, NULL, '2024-06-07 03:19:21', '2024-06-07 03:19:47', NULL, 'banderin-liso-rosa-x5', 1, NULL, NULL, 0, NULL),
(49718, '0269', 'Banderin Liso V. Manzana x5', '[\"products-excel\\/May2024\\/0269.jpg\"]', 'Banderin Liso V. Manzana x5', NULL, '133', '1260', NULL, NULL, NULL, NULL, NULL, NULL, NULL, NULL, NULL, NULL, 8547.13, 6837.76, 6111.22, 7692.45, NULL, NULL, NULL, 564, NULL, NULL, '2024-06-07 03:19:21', '2024-06-07 03:19:47', NULL, 'banderin-liso-v-manzana-x5', 1, NULL, NULL, 0, NULL),
(49719, '0270', 'Banderin Liso Violeta y Blanco x5', '[\"products-excel\\/May2024\\/0270.jpg\"]', 'Banderin Liso Violeta y Blanco x5', NULL, '133', '1260', NULL, NULL, NULL, NULL, NULL, NULL, NULL, NULL, NULL, NULL, 8547.13, 6837.76, 6111.22, 7692.45, NULL, NULL, NULL, 0, NULL, NULL, '2024-06-07 03:19:21', '2024-06-07 03:19:47', NULL, 'banderin-liso-violeta-y-blanco-x5', 1, NULL, NULL, 0, NULL),
(49720, '0271', 'Banderin Liso Naranja y Blanco x5', '[\"products-excel\\/May2024\\/0271.jpg\"]', 'Banderin Liso Naranja y Blanco x5', NULL, '133', '1260', NULL, NULL, NULL, NULL, NULL, NULL, NULL, NULL, NULL, NULL, 8547.13, 6837.76, 6111.22, 7692.45, NULL, NULL, NULL, 16, NULL, NULL, '2024-06-07 03:19:21', '2024-06-07 03:19:47', NULL, 'banderin-liso-naranja-y-blanco-x5', 1, NULL, NULL, 0, NULL),
(49721, '0272', 'Bolsita Redondita Fluo Lunar Verde x10', '[\"products-excel\\/May2024\\/0272.jpg\"]', 'Bolsita Redondita Fluo Lunar Verde x10', NULL, '135', '1273', NULL, NULL, NULL, NULL, NULL, NULL, NULL, NULL, NULL, NULL, 2816.24, 2252.57, 2013.44, 2534.63, NULL, NULL, NULL, 0, NULL, NULL, '2024-06-07 03:19:21', '2024-06-07 03:19:47', NULL, 'bolsita-redondita-fluo-lunar-verde-x10', 1, NULL, NULL, 0, NULL),
(49722, '0273', 'Bolsita Redondita Fluo Lunar Amarillo x10', '[\"products-excel\\/May2024\\/0273.jpg\"]', 'Bolsita Redondita Fluo Lunar Amarillo x10', NULL, '135', '1273', NULL, NULL, NULL, NULL, NULL, NULL, NULL, NULL, NULL, NULL, 2816.24, 2252.57, 2013.44, 2534.63, NULL, NULL, NULL, 0, NULL, NULL, '2024-06-07 03:19:21', '2024-06-07 03:19:47', NULL, 'bolsita-redondita-fluo-lunar-amarillo-x10', 1, NULL, NULL, 0, NULL),
(49723, '0274', 'Bolsita Redondita Fluo Lunar Fucsia x10', '[\"products-excel\\/May2024\\/0274.jpg\"]', 'Bolsita Redondita Fluo Lunar Fucsia x10', NULL, '135', '1273', NULL, NULL, NULL, NULL, NULL, NULL, NULL, NULL, NULL, NULL, 2816.24, 2252.57, 2013.44, 2534.63, NULL, NULL, NULL, 0, NULL, NULL, '2024-06-07 03:19:21', '2024-06-07 03:19:47', NULL, 'bolsita-redondita-fluo-lunar-fucsia-x10', 1, NULL, NULL, 0, NULL),
(49724, '0275', 'Bolsita Redondita Fluo Lunar Naranja x10', '[\"products-excel\\/May2024\\/0275.jpg\"]', 'Bolsita Redondita Fluo Lunar Naranja x10', NULL, '135', '1273', NULL, NULL, NULL, NULL, NULL, NULL, NULL, NULL, NULL, NULL, 2816.24, 2252.57, 2013.44, 2534.63, NULL, NULL, NULL, 0, NULL, NULL, '2024-06-07 03:19:21', '2024-06-07 03:19:47', NULL, 'bolsita-redondita-fluo-lunar-naranja-x10', 1, NULL, NULL, 0, NULL),
(49725, '0276', 'Mantel Azul Con Camino Liso Amarillo', '[\"products-excel\\/May2024\\/0276.jpg\"]', 'Mantel Azul Con Camino Liso Amarillo', NULL, '134', '1286', NULL, NULL, NULL, NULL, NULL, NULL, NULL, NULL, NULL, NULL, 3038.99, 2431.19, 2172.74, 2735.09, NULL, NULL, NULL, -10, NULL, NULL, '2024-06-07 03:19:21', '2024-06-07 03:19:21', NULL, 'mantel-azul-con-camino-liso-amarillo', 0, NULL, NULL, 0, NULL),
(49726, '0277', 'Mantel Blanco Con Camino Liso Rojo', '[\"products-excel\\/May2024\\/0277.jpg\"]', 'Mantel Blanco Con Camino Liso Rojo', NULL, '134', '1287', NULL, NULL, NULL, NULL, NULL, NULL, NULL, NULL, NULL, NULL, 3038.99, 2431.19, 2172.74, 2735.09, NULL, NULL, NULL, -6, NULL, NULL, '2024-06-07 03:19:21', '2024-06-07 03:19:21', NULL, 'mantel-blanco-con-camino-liso-rojo', 0, NULL, NULL, 0, NULL),
(49727, '0278', 'Mantel Rojo Con Camino Liso Blanco', '[\"products-excel\\/May2024\\/0278.jpg\"]', 'Mantel Rojo Con Camino Liso Blanco', NULL, '136', '1284', NULL, NULL, NULL, NULL, NULL, NULL, NULL, NULL, NULL, NULL, 3038.99, 2431.19, 2172.74, 2735.09, NULL, NULL, NULL, 0, NULL, NULL, '2024-06-07 03:19:21', '2024-06-07 03:19:21', NULL, 'mantel-rojo-con-camino-liso-blanco', 0, NULL, NULL, 0, NULL),
(49728, '0279', 'Mantel Celeste Con Camino Liso Blanco', '[\"products-excel\\/May2024\\/0279.jpg\"]', 'Mantel Celeste Con Camino Liso Blanco', NULL, '136', '1284', NULL, NULL, NULL, NULL, NULL, NULL, NULL, NULL, NULL, NULL, 3038.99, 2431.19, 2172.74, 2735.09, NULL, NULL, NULL, 0, NULL, NULL, '2024-06-07 03:19:21', '2024-06-07 03:19:21', NULL, 'mantel-celeste-con-camino-liso-blanco', 0, NULL, NULL, 0, NULL),
(49729, '0280', 'Mantel Azul Con Camino Liso Rojo', '[\"products-excel\\/May2024\\/0280.jpg\"]', 'Mantel Azul Con Camino Liso Rojo', NULL, '136', '1284', NULL, NULL, NULL, NULL, NULL, NULL, NULL, NULL, NULL, NULL, 3038.99, 2431.19, 2172.74, 2735.09, NULL, NULL, NULL, 0, NULL, NULL, '2024-06-07 03:19:21', '2024-06-07 03:19:21', NULL, 'mantel-azul-con-camino-liso-rojo', 0, NULL, NULL, 0, NULL),
(49730, '0281', 'Mantel Negro Con Camino Liso Rojo', '[\"products-excel\\/May2024\\/0281.jpg\"]', 'Mantel Negro Con Camino Liso Rojo', NULL, '136', '1268', NULL, NULL, NULL, NULL, NULL, NULL, NULL, NULL, NULL, NULL, 3038.99, 2431.19, 2172.74, 2735.09, NULL, NULL, NULL, 0, NULL, NULL, '2024-06-07 03:19:21', '2024-06-07 03:19:21', NULL, 'mantel-negro-con-camino-liso-rojo', 0, NULL, NULL, 0, NULL),
(49731, '0282', 'Mantel Blanco Con Camino Liso Azul', '[\"products-excel\\/May2024\\/0282.jpg\"]', 'Mantel Blanco Con Camino Liso Azul', NULL, '136', '1284', NULL, NULL, NULL, NULL, NULL, NULL, NULL, NULL, NULL, NULL, 3038.99, 2431.19, 2172.74, 2735.09, NULL, NULL, NULL, 0, NULL, NULL, '2024-06-07 03:19:21', '2024-06-07 03:19:21', NULL, 'mantel-blanco-con-camino-liso-azul', 0, NULL, NULL, 0, NULL),
(49732, '0283', 'Guirnalda Hawaiana Rosa y Blanco 3mts x1', '[\"products-excel\\/May2024\\/0283.jpg\"]', 'Guirnalda Hawaiana Rosa y Blanco 3mts x1', NULL, '133', '1275', NULL, NULL, NULL, NULL, NULL, NULL, NULL, NULL, NULL, NULL, 3399.90, 2719.80, 2431.19, 3059.87, NULL, NULL, NULL, 54, NULL, NULL, '2024-06-07 03:19:22', '2024-06-07 03:19:47', NULL, 'guirnalda-hawaiana-rosa-y-blanco-3mts-x1', 1, NULL, NULL, 0, NULL),
(49733, '0285', 'Set de Cocinero Niño Liso Violeta', '[\"products-excel\\/May2024\\/0285.jpg\"]', 'Set de Cocinero Niño Liso Violeta', NULL, '138', '1288', NULL, NULL, NULL, NULL, NULL, NULL, NULL, NULL, NULL, NULL, 3784.58, 3027.54, 2705.69, 3406.13, NULL, NULL, NULL, 20, NULL, NULL, '2024-06-07 03:19:22', '2024-06-07 03:19:22', NULL, 'set-de-cocinero-ni-o-liso-violeta', 0, NULL, NULL, 0, NULL),
(49734, '0286', 'Set de Cocinero Niño Liso Rojo', '[\"products-excel\\/May2024\\/0286.jpg\"]', 'Set de Cocinero Niño Liso Rojo', NULL, '138', '1288', NULL, NULL, NULL, NULL, NULL, NULL, NULL, NULL, NULL, NULL, 3784.58, 3027.54, 2705.69, 3406.13, NULL, NULL, NULL, 8, NULL, NULL, '2024-06-07 03:19:22', '2024-06-07 03:19:22', NULL, 'set-de-cocinero-ni-o-liso-rojo', 0, NULL, NULL, 0, NULL),
(49735, '0287', 'Set de Cocinero Niño Liso V. Manzana', '[\"products-excel\\/May2024\\/0287.jpg\"]', 'Set de Cocinero Niño Liso V. Manzana', NULL, '138', '1288', NULL, NULL, NULL, NULL, NULL, NULL, NULL, NULL, NULL, NULL, 3784.58, 3027.54, 2705.69, 3406.13, NULL, NULL, NULL, 0, NULL, NULL, '2024-06-07 03:19:22', '2024-06-07 03:19:22', NULL, 'set-de-cocinero-ni-o-liso-v-manzana', 0, NULL, NULL, 0, NULL),
(49736, '0288', 'Set de Cocinero Niño Liso Fucsia', '[\"products-excel\\/May2024\\/0288.jpg\"]', 'Set de Cocinero Niño Liso Fucsia', NULL, '138', '1288', NULL, NULL, NULL, NULL, NULL, NULL, NULL, NULL, NULL, NULL, 3784.58, 3027.54, 2705.69, 3406.13, NULL, NULL, NULL, 49, NULL, NULL, '2024-06-07 03:19:22', '2024-06-07 03:19:22', NULL, 'set-de-cocinero-ni-o-liso-fucsia', 0, NULL, NULL, 0, NULL),
(49737, '0289', 'Set de Cocinero Niño Liso Azul', '[\"products-excel\\/May2024\\/0289.jpg\"]', 'Set de Cocinero Niño Liso Azul', NULL, '138', '1288', NULL, NULL, NULL, NULL, NULL, NULL, NULL, NULL, NULL, NULL, 3784.58, 3027.54, 2705.69, 3406.13, NULL, NULL, NULL, 15, NULL, NULL, '2024-06-07 03:19:22', '2024-06-07 03:19:22', NULL, 'set-de-cocinero-ni-o-liso-azul', 0, NULL, 1, 0, NULL),
(49738, '0290', 'Set de Cocinero Niño Liso Blanco', '[\"products-excel\\/May2024\\/0290.jpg\"]', 'Set de Cocinero Niño Liso Blanco', NULL, '138', '1288', NULL, NULL, NULL, NULL, NULL, NULL, NULL, NULL, NULL, NULL, 3784.58, 3027.54, 2705.69, 3406.13, NULL, NULL, NULL, -85, NULL, NULL, '2024-06-07 03:19:22', '2024-06-07 03:19:22', NULL, 'set-de-cocinero-ni-o-liso-blanco', 0, NULL, NULL, 0, NULL),
(49739, '0299', 'Marco InstaPhoto x1', '[\"products-excel\\/May2024\\/0299.jpg\"]', 'Marco InstaPhoto x1', NULL, '139', '1285', NULL, NULL, NULL, NULL, NULL, NULL, NULL, NULL, NULL, NULL, 2589.83, 2072.21, 1852.11, 2330.82, NULL, NULL, NULL, 0, NULL, NULL, '2024-06-07 03:19:22', '2024-06-07 03:19:47', NULL, 'marco-instaphoto-x1', 1, NULL, NULL, 0, NULL),
(49740, '0300', 'Set de Cocinero Niño Lunares Violeta', '[\"products-excel\\/May2024\\/0300.jpg\"]', 'Set de Cocinero Niño Lunares Violeta', NULL, '138', '1271', NULL, NULL, NULL, NULL, NULL, NULL, NULL, NULL, NULL, NULL, 3784.58, 3027.54, 2705.69, 3406.13, NULL, NULL, NULL, 0, NULL, NULL, '2024-06-07 03:19:22', '2024-06-07 03:19:22', NULL, 'set-de-cocinero-ni-o-lunares-violeta', 0, NULL, NULL, 0, NULL),
(49741, '0301', 'Set de Cocinero Niño Lunares Negro', '[\"products-excel\\/May2024\\/0301.jpg\"]', 'Set de Cocinero Niño Lunares Negro', NULL, '138', '1271', NULL, NULL, NULL, NULL, NULL, NULL, NULL, NULL, NULL, NULL, 3784.58, 3027.54, 2705.69, 3406.13, NULL, NULL, NULL, 0, NULL, NULL, '2024-06-07 03:19:22', '2024-06-07 03:19:22', NULL, 'set-de-cocinero-ni-o-lunares-negro', 0, NULL, NULL, 0, NULL),
(49742, '0302', 'Set de Cocinero Niño Cuadritos Azul', '[\"products-excel\\/May2024\\/0302.jpg\"]', 'Set de Cocinero Niño Cuadritos Azul', NULL, '138', '1271', NULL, NULL, NULL, NULL, NULL, NULL, NULL, NULL, NULL, NULL, 3784.58, 3027.54, 2705.69, 3406.13, NULL, NULL, NULL, 0, NULL, NULL, '2024-06-07 03:19:22', '2024-06-07 03:19:22', NULL, 'set-de-cocinero-ni-o-cuadritos-azul', 0, NULL, NULL, 0, NULL),
(49743, '0303', 'Set de Cocinero Niño Cuadritos Rojo', '[\"products-excel\\/May2024\\/0303.jpg\"]', 'Set de Cocinero Niño Cuadritos Rojo', NULL, '138', '1271', NULL, NULL, NULL, NULL, NULL, NULL, NULL, NULL, NULL, NULL, 3784.58, 3027.54, 2705.69, 3406.13, NULL, NULL, NULL, 0, NULL, NULL, '2024-06-07 03:19:22', '2024-06-07 03:19:22', NULL, 'set-de-cocinero-ni-o-cuadritos-rojo', 0, NULL, NULL, 0, NULL),
(49744, '0304', 'Set de Cocinero Niño Cuadritos Fucsia', '[\"products-excel\\/May2024\\/0304.jpg\"]', 'Set de Cocinero Niño Cuadritos Fucsia', NULL, '138', '1271', NULL, NULL, NULL, NULL, NULL, NULL, NULL, NULL, NULL, NULL, 3784.58, 3027.54, 2705.69, 3406.13, NULL, NULL, NULL, 0, NULL, NULL, '2024-06-07 03:19:22', '2024-06-07 03:19:22', NULL, 'set-de-cocinero-ni-o-cuadritos-fucsia', 0, NULL, NULL, 0, NULL),
(49745, '0305', 'Set de Cocinero Niño Cuadritos Verde', '[\"products-excel\\/May2024\\/0305.jpg\"]', 'Set de Cocinero Niño Cuadritos Verde', NULL, '138', '1271', NULL, NULL, NULL, NULL, NULL, NULL, NULL, NULL, NULL, NULL, 3784.58, 3027.54, 2705.69, 3406.13, NULL, NULL, NULL, 0, NULL, NULL, '2024-06-07 03:19:22', '2024-06-07 03:19:22', NULL, 'set-de-cocinero-ni-o-cuadritos-verde', 0, NULL, NULL, 0, NULL),
(49746, '0306', 'Set de Cocinero Niño Cuadritos Violeta', '[\"products-excel\\/May2024\\/0306.jpg\"]', 'Set de Cocinero Niño Cuadritos Violeta', NULL, '138', '1271', NULL, NULL, NULL, NULL, NULL, NULL, NULL, NULL, NULL, NULL, 3784.58, 3027.54, 2705.69, 3406.13, NULL, NULL, NULL, 0, NULL, NULL, '2024-06-07 03:19:22', '2024-06-07 03:19:22', NULL, 'set-de-cocinero-ni-o-cuadritos-violeta', 0, NULL, NULL, 0, NULL),
(49747, '0307', 'Set de Cocinero Niño Cuadritos Negro', '[\"products-excel\\/May2024\\/0307.jpg\"]', 'Set de Cocinero Niño Cuadritos Negro', NULL, '138', '1271', NULL, NULL, NULL, NULL, NULL, NULL, NULL, NULL, NULL, NULL, 3784.58, 3027.54, 2705.69, 3406.13, NULL, NULL, NULL, 241, NULL, NULL, '2024-06-07 03:19:22', '2024-06-07 03:19:22', NULL, 'set-de-cocinero-ni-o-cuadritos-negro', 0, NULL, NULL, 0, NULL),
(49748, '0308', 'Set de Cocinero Niño Animal Azul', '[\"products-excel\\/May2024\\/0308.jpg\"]', 'Set de Cocinero Niño Animal Azul', NULL, '138', '1271', NULL, NULL, NULL, NULL, NULL, NULL, NULL, NULL, NULL, NULL, 3784.58, 3027.54, 2705.69, 3406.13, NULL, NULL, NULL, 0, NULL, NULL, '2024-06-07 03:19:22', '2024-06-07 03:19:22', NULL, 'set-de-cocinero-ni-o-animal-azul', 0, NULL, NULL, 0, NULL),
(49749, '0309', 'Set de Cocinero Niño Animal Rojo', '[\"products-excel\\/May2024\\/0309.jpg\"]', 'Set de Cocinero Niño Animal Rojo', NULL, '138', '1271', NULL, NULL, NULL, NULL, NULL, NULL, NULL, NULL, NULL, NULL, 3784.58, 3027.54, 2705.69, 3406.13, NULL, NULL, NULL, 0, NULL, NULL, '2024-06-07 03:19:22', '2024-06-07 03:19:22', NULL, 'set-de-cocinero-ni-o-animal-rojo', 0, NULL, NULL, 0, NULL),
(49750, '0310', 'Set de Cocinero Niño Animal Fucsia', '[\"products-excel\\/May2024\\/0310.jpg\"]', 'Set de Cocinero Niño Animal Fucsia', NULL, '138', '1271', NULL, NULL, NULL, NULL, NULL, NULL, NULL, NULL, NULL, NULL, 3784.58, 3027.54, 2705.69, 3406.13, NULL, NULL, NULL, 0, NULL, NULL, '2024-06-07 03:19:22', '2024-06-07 03:19:22', NULL, 'set-de-cocinero-ni-o-animal-fucsia', 0, NULL, NULL, 0, NULL),
(49751, '0311', 'Set de Cocinero Niño Animal Verde', '[\"products-excel\\/May2024\\/0311.jpg\"]', 'Set de Cocinero Niño Animal Verde', NULL, '138', '1271', NULL, NULL, NULL, NULL, NULL, NULL, NULL, NULL, NULL, NULL, 3784.58, 3027.54, 2705.69, 3406.13, NULL, NULL, NULL, 0, NULL, NULL, '2024-06-07 03:19:22', '2024-06-07 03:19:22', NULL, 'set-de-cocinero-ni-o-animal-verde', 0, NULL, NULL, 0, NULL),
(49752, '0312', 'Set de Cocinero Niño Animal Violeta', '[\"products-excel\\/May2024\\/0312.jpg\"]', 'Set de Cocinero Niño Animal Violeta', NULL, '138', '1271', NULL, NULL, NULL, NULL, NULL, NULL, NULL, NULL, NULL, NULL, 3784.58, 3027.54, 2705.69, 3406.13, NULL, NULL, NULL, 0, NULL, NULL, '2024-06-07 03:19:22', '2024-06-07 03:19:22', NULL, 'set-de-cocinero-ni-o-animal-violeta', 0, NULL, NULL, 0, NULL),
(49753, '0313', 'Set de Cocinero Niño Animal Negro', '[\"products-excel\\/May2024\\/0313.jpg\"]', 'Set de Cocinero Niño Animal Negro', NULL, '138', '1271', NULL, NULL, NULL, NULL, NULL, NULL, NULL, NULL, NULL, NULL, 3784.58, 3027.54, 2705.69, 3406.13, NULL, NULL, NULL, 0, NULL, NULL, '2024-06-07 03:19:22', '2024-06-07 03:19:22', NULL, 'set-de-cocinero-ni-o-animal-negro', 0, NULL, NULL, 0, NULL),
(49754, '0314', 'Set de Cocinero Niño Corazon Rojo', '[\"products-excel\\/May2024\\/0314.jpg\"]', 'Set de Cocinero Niño Corazon Rojo', NULL, '138', '1271', NULL, NULL, NULL, NULL, NULL, NULL, NULL, NULL, NULL, NULL, 3784.58, 3027.54, 2705.69, 3406.13, NULL, NULL, NULL, 0, NULL, NULL, '2024-06-07 03:19:22', '2024-06-07 03:19:22', NULL, 'set-de-cocinero-ni-o-corazon-rojo', 0, NULL, NULL, 0, NULL),
(49755, '0315', 'Set de Cocinero Niño Corazon Fucsia', '[\"products-excel\\/May2024\\/0315.jpg\"]', 'Set de Cocinero Niño Corazon Fucsia', NULL, '138', '1271', NULL, NULL, NULL, NULL, NULL, NULL, NULL, NULL, NULL, NULL, 3784.58, 3027.54, 2705.69, 3406.13, NULL, NULL, NULL, 0, NULL, NULL, '2024-06-07 03:19:22', '2024-06-07 03:19:22', NULL, 'set-de-cocinero-ni-o-corazon-fucsia', 0, NULL, NULL, 0, NULL),
(49756, '0316', 'Set de Cocinero Niño Corazon Violeta', '[\"products-excel\\/May2024\\/0316.jpg\"]', 'Set de Cocinero Niño Corazon Violeta', NULL, '138', '1271', NULL, NULL, NULL, NULL, NULL, NULL, NULL, NULL, NULL, NULL, 3784.58, 3027.54, 2705.69, 3406.13, NULL, NULL, NULL, -3, NULL, NULL, '2024-06-07 03:19:22', '2024-06-07 03:19:22', NULL, 'set-de-cocinero-ni-o-corazon-violeta', 0, NULL, NULL, 0, NULL),
(49757, '0317', 'Set de Cocinero Niño Estrella Rojo', '[\"products-excel\\/May2024\\/0317.jpg\"]', 'Set de Cocinero Niño Estrella Rojo', NULL, '138', '1271', NULL, NULL, NULL, NULL, NULL, NULL, NULL, NULL, NULL, NULL, 3784.58, 3027.54, 2705.69, 3406.13, NULL, NULL, NULL, 0, NULL, NULL, '2024-06-07 03:19:22', '2024-06-07 03:19:22', NULL, 'set-de-cocinero-ni-o-estrella-rojo', 0, NULL, NULL, 0, NULL),
(49758, '0318', 'Set de Cocinero Niño Estrella Fucsia', '[\"products-excel\\/May2024\\/0318.jpg\"]', 'Set de Cocinero Niño Estrella Fucsia', NULL, '138', '1271', NULL, NULL, NULL, NULL, NULL, NULL, NULL, NULL, NULL, NULL, 3784.58, 3027.54, 2705.69, 3406.13, NULL, NULL, NULL, 0, NULL, NULL, '2024-06-07 03:19:22', '2024-06-07 03:19:22', NULL, 'set-de-cocinero-ni-o-estrella-fucsia', 0, NULL, NULL, 0, NULL),
(49759, '0319', 'Set de Cocinero Niño Estrella Violeta', '[\"products-excel\\/May2024\\/0319.jpg\"]', 'Set de Cocinero Niño Estrella Violeta', NULL, '138', '1271', NULL, NULL, NULL, NULL, NULL, NULL, NULL, NULL, NULL, NULL, 3784.58, 3027.54, 2705.69, 3406.13, NULL, NULL, NULL, 0, NULL, NULL, '2024-06-07 03:19:22', '2024-06-07 03:19:22', NULL, 'set-de-cocinero-ni-o-estrella-violeta', 0, NULL, NULL, 0, NULL),
(49760, '0320', 'Set de Cocinero Niño Estrella Azul', '[\"products-excel\\/May2024\\/0320.jpg\"]', 'Set de Cocinero Niño Estrella Azul', NULL, '138', '1271', NULL, NULL, NULL, NULL, NULL, NULL, NULL, NULL, NULL, NULL, 3784.58, 3027.54, 2705.69, 3406.13, NULL, NULL, NULL, 0, NULL, NULL, '2024-06-07 03:19:22', '2024-06-07 03:19:22', NULL, 'set-de-cocinero-ni-o-estrella-azul', 0, NULL, NULL, 0, NULL),
(49761, '0321', 'Pompón Verde y Amarillo', '[\"products-excel\\/May2024\\/0321.jpg\"]', 'Pompón Verde y Amarillo', NULL, '133', '1289', NULL, NULL, NULL, NULL, NULL, NULL, NULL, NULL, NULL, NULL, 3588.20, 2870.10, 2565.83, 3229.41, NULL, NULL, NULL, 48, NULL, NULL, '2024-06-07 03:19:22', '2024-06-07 03:19:47', NULL, 'pomp-n-verde-y-amarillo', 1, NULL, NULL, 0, NULL),
(49762, '0322', 'Pompon Azul y Celeste', '[\"products-excel\\/May2024\\/0322.jpg\"]', 'Pompon Azul y Celeste', NULL, '133', '1289', NULL, NULL, NULL, NULL, NULL, NULL, NULL, NULL, NULL, NULL, 3588.20, 2870.10, 2565.83, 3229.41, NULL, NULL, NULL, 24, NULL, NULL, '2024-06-07 03:19:22', '2024-06-07 03:19:47', NULL, 'pompon-azul-y-celeste', 1, NULL, NULL, 0, NULL),
(49763, '0323', 'Cartel Bienvenidos Chicos', '[\"products-excel\\/May2024\\/0323.jpg\"]', 'Cartel Bienvenidos Chicos', NULL, '133', '1277', NULL, NULL, NULL, NULL, NULL, NULL, NULL, NULL, NULL, NULL, 2469.11, 1975.23, 1765.40, 2222.20, NULL, NULL, NULL, 0, NULL, NULL, '2024-06-07 03:19:22', '2024-06-07 03:19:47', NULL, 'cartel-bienvenidos-chicos', 1, NULL, NULL, 0, NULL),
(49764, '0357', 'Photo Props Boda', '[\"products-excel\\/May2024\\/0357.jpg\"]', 'Photo Props Boda', NULL, '139', '1274', NULL, NULL, NULL, NULL, NULL, NULL, NULL, NULL, NULL, NULL, 2791.91, 1895.89, 1694.67, 2512.70, NULL, NULL, NULL, 1976, NULL, NULL, '2024-06-07 03:19:22', '2024-06-07 03:19:47', NULL, 'photo-props-boda', 1, NULL, NULL, 0, NULL),
(49765, '0358', 'Photo Props Fiesta de 15', '[\"products-excel\\/May2024\\/0358.jpg\"]', 'Photo Props Fiesta de 15', NULL, '139', '1274', NULL, NULL, NULL, NULL, NULL, NULL, NULL, NULL, NULL, NULL, 2791.91, 1895.89, 1694.67, 2512.70, NULL, NULL, NULL, 30, NULL, NULL, '2024-06-07 03:19:22', '2024-06-07 03:19:47', NULL, 'photo-props-fiesta-de-15', 1, NULL, NULL, 0, NULL),
(49766, '0359', 'Photo Props Cumpleaños', '[\"products-excel\\/May2024\\/0359.jpg\"]', 'Photo Props Cumpleaños', NULL, '139', '1274', NULL, NULL, NULL, NULL, NULL, NULL, NULL, NULL, NULL, NULL, 2791.91, 1895.89, 1694.67, 2512.70, NULL, NULL, NULL, 8, NULL, NULL, '2024-06-07 03:19:22', '2024-06-07 03:19:47', NULL, 'photo-props-cumplea-os', 1, NULL, NULL, 0, NULL),
(49767, '0363', 'Mantel Rojo Con Camino Lunares Verde', '[\"products-excel\\/May2024\\/0363.jpg\"]', 'Mantel Rojo Con Camino Lunares Verde', NULL, '137', '1276', NULL, NULL, NULL, NULL, NULL, NULL, NULL, NULL, NULL, NULL, 3038.98, 2431.19, 2172.74, 2735.09, NULL, NULL, NULL, 0, NULL, NULL, '2024-06-07 03:19:22', '2024-06-07 03:19:47', NULL, 'mantel-rojo-con-camino-lunares-verde', 1, NULL, NULL, 0, NULL),
(49768, '0364', 'Mantel Verde Oscuro Con Camino Lunares Rojo', '[\"products-excel\\/May2024\\/0364.jpg\"]', 'Mantel Verde Oscuro Con Camino Lunares Rojo', NULL, '137', '1276', NULL, NULL, NULL, NULL, NULL, NULL, NULL, NULL, NULL, NULL, 3038.98, 2431.19, 2172.74, 2735.09, NULL, NULL, NULL, 0, NULL, NULL, '2024-06-07 03:19:22', '2024-06-07 03:19:47', NULL, 'mantel-verde-oscuro-con-camino-lunares-rojo', 1, NULL, NULL, 0, NULL);
INSERT INTO `products_excel` (`id`, `codigo`, `articulo`, `imagenes`, `desc_fiscal`, `marca`, `familia`, `categoria`, `sinonimo`, `iva`, `grupo_emp`, `unidad_medida`, `envoltorio`, `peso_neto`, `ancho`, `alto`, `profundidad`, `meses_garantia`, `lista_precios_1`, `lista_precios_2`, `lista_precios_3`, `lista_precios_4`, `stock_maximo`, `stock_minimo`, `reposicion`, `stock_actual`, `fecha_creacion`, `fecha_actualizacion`, `created_at`, `updated_at`, `quantity`, `slug`, `publicado`, `combo`, `rubro_id`, `destacado`, `descuento_combo`) VALUES
(49769, '0365', 'Mantel Celeste Con Camino Lunares Azul', '[\"products-excel\\/May2024\\/0365.jpg\"]', 'Mantel Celeste Con Camino Lunares Azul', NULL, '136', '1268', NULL, NULL, NULL, NULL, NULL, NULL, NULL, NULL, NULL, NULL, 3038.99, 2431.19, 2172.74, 2735.09, NULL, NULL, NULL, 0, NULL, NULL, '2024-06-07 03:19:22', '2024-06-07 03:19:22', NULL, 'mantel-celeste-con-camino-lunares-azul', 0, NULL, NULL, 0, NULL),
(49770, '0366', 'Mantel Blanco Con Camino Liso Violeta', '[\"products-excel\\/May2024\\/0366.jpg\"]', 'Mantel Blanco Con Camino Liso Violeta', NULL, '136', '1284', NULL, NULL, NULL, NULL, NULL, NULL, NULL, NULL, NULL, NULL, 3038.99, 2431.19, 2172.74, 2735.09, NULL, NULL, NULL, 0, NULL, NULL, '2024-06-07 03:19:22', '2024-06-07 03:19:22', NULL, 'mantel-blanco-con-camino-liso-violeta', 0, NULL, NULL, 0, NULL),
(49771, '0367', 'Mantel Blanco Con Camino Liso Verde Manzana', '[\"products-excel\\/May2024\\/0367.jpg\"]', 'Mantel Blanco Con Camino Liso Verde Manzana', NULL, '136', '1284', NULL, NULL, NULL, NULL, NULL, NULL, NULL, NULL, NULL, NULL, 3038.99, 2431.19, 2172.74, 2735.09, NULL, NULL, NULL, 0, NULL, NULL, '2024-06-07 03:19:22', '2024-06-07 03:19:22', NULL, 'mantel-blanco-con-camino-liso-verde-manzana', 0, NULL, NULL, 0, NULL),
(49772, '0368', 'Mantel Blanco con Camino Cuadritos B/N', '[\"products-excel\\/May2024\\/0368.jpg\"]', 'Mantel Blanco con Camino Cuadritos B/N', NULL, '136', '1268', NULL, NULL, NULL, NULL, NULL, NULL, NULL, NULL, NULL, NULL, 3038.99, 2431.19, 2172.74, 2735.09, NULL, NULL, NULL, 0, NULL, NULL, '2024-06-07 03:19:22', '2024-06-07 03:19:22', NULL, 'mantel-blanco-con-camino-cuadritos-b-n', 0, NULL, NULL, 0, NULL),
(49773, '0369', 'Banderin Liso Fucsia x5', '[\"products-excel\\/May2024\\/0369.jpg\"]', 'Banderin Liso Fucsia x5', NULL, '133', '1260', NULL, NULL, NULL, NULL, NULL, NULL, NULL, NULL, NULL, NULL, 8547.13, 6837.76, 6111.22, 7692.45, NULL, NULL, NULL, 391, NULL, NULL, '2024-06-07 03:19:22', '2024-06-07 03:19:47', NULL, 'banderin-liso-fucsia-x5', 1, NULL, NULL, 0, NULL),
(49774, '0370', 'Banderin Liso Rojo x5', '[\"products-excel\\/May2024\\/0370.jpg\"]', 'Banderin Liso Rojo x5', NULL, '133', '1260', NULL, NULL, NULL, NULL, NULL, NULL, NULL, NULL, NULL, NULL, 8547.13, 6837.76, 6111.22, 7692.45, NULL, NULL, NULL, 353, NULL, NULL, '2024-06-07 03:19:22', '2024-06-07 03:19:47', NULL, 'banderin-liso-rojo-x5', 1, NULL, NULL, 0, NULL),
(49775, '0371', 'Banderin Liso Celeste x5', '[\"products-excel\\/May2024\\/0371.jpg\"]', 'Banderin Liso Celeste x5', NULL, '133', '1260', NULL, NULL, NULL, NULL, NULL, NULL, NULL, NULL, NULL, NULL, 8547.13, 6837.76, 6111.22, 7692.45, NULL, NULL, NULL, 186, NULL, NULL, '2024-06-07 03:19:22', '2024-06-07 03:19:47', NULL, 'banderin-liso-celeste-x5', 1, NULL, NULL, 0, NULL),
(49776, '0372', 'Banderin Liso Verde x5', '[\"products-excel\\/May2024\\/0372.jpg\"]', 'Banderin Liso Verde x5', NULL, '133', '1260', NULL, NULL, NULL, NULL, NULL, NULL, NULL, NULL, NULL, NULL, 8547.13, 6837.76, 6111.22, 7692.45, NULL, NULL, NULL, 981, NULL, NULL, '2024-06-07 03:19:22', '2024-06-07 03:19:47', NULL, 'banderin-liso-verde-x5', 1, NULL, NULL, 0, NULL),
(49777, '0373', 'Banderin Liso Violeta x5', '[\"products-excel\\/May2024\\/0373.jpg\"]', 'Banderin Liso Violeta x5', NULL, '137', '1270', NULL, NULL, NULL, NULL, NULL, NULL, NULL, NULL, NULL, NULL, 8547.13, 6837.76, 6111.22, 7692.45, NULL, NULL, NULL, 391, NULL, NULL, '2024-06-07 03:19:22', '2024-06-07 03:19:47', NULL, 'banderin-liso-violeta-x5', 1, NULL, NULL, 0, NULL),
(49778, '0374', 'Banderin Liso Blanco x5', '[\"products-excel\\/May2024\\/0374.jpg\"]', 'Banderin Liso Blanco x5', NULL, '133', '1260', NULL, NULL, NULL, NULL, NULL, NULL, NULL, NULL, NULL, NULL, 8547.13, 6837.76, 6111.22, 7692.45, NULL, NULL, NULL, 394, NULL, NULL, '2024-06-07 03:19:22', '2024-06-07 03:19:47', NULL, 'banderin-liso-blanco-x5', 1, NULL, NULL, 0, NULL),
(49779, '0375', 'Banderin Liso Negro x5', '[\"products-excel\\/May2024\\/0375.jpg\"]', 'Banderin Liso Negro x5', NULL, '133', '1260', NULL, NULL, NULL, NULL, NULL, NULL, NULL, NULL, NULL, NULL, 8547.13, 6837.76, 6111.22, 7692.45, NULL, NULL, NULL, 480, NULL, NULL, '2024-06-07 03:19:22', '2024-06-07 03:19:47', NULL, 'banderin-liso-negro-x5', 1, NULL, NULL, 0, NULL),
(49780, '0376', 'Set de Cocinero Niño Rayas Fucsia', '[\"products-excel\\/May2024\\/0376.jpg\"]', 'Set de Cocinero Niño Rayas Fucsia', NULL, '138', '1271', NULL, NULL, NULL, NULL, NULL, NULL, NULL, NULL, NULL, NULL, 3784.58, 3027.54, 2705.69, 3406.13, NULL, NULL, NULL, 0, NULL, NULL, '2024-06-07 03:19:22', '2024-06-07 03:19:22', NULL, 'set-de-cocinero-ni-o-rayas-fucsia', 0, NULL, NULL, 0, NULL),
(49781, '0377', 'Bolsas de cotillon lisas 60x60 x5', '[\"products-excel\\/May2024\\/0377.jpg\"]', 'Bolsas de cotillon lisas 60x60 x5', NULL, '139', '1290', NULL, NULL, NULL, NULL, NULL, NULL, NULL, NULL, NULL, NULL, 6448.80, 5158.71, 4610.35, 5803.91, NULL, NULL, NULL, 0, NULL, NULL, '2024-06-07 03:19:22', '2024-06-07 03:19:47', NULL, 'bolsas-de-cotillon-lisas-60x60-x5', 1, NULL, NULL, 0, NULL),
(49782, '0378', 'Photo Props Emoticones Loquitos', '[\"products-excel\\/May2024\\/0378.jpg\"]', 'Photo Props Emoticones Loquitos', NULL, '139', '1274', NULL, NULL, NULL, NULL, NULL, NULL, NULL, NULL, NULL, NULL, 2791.91, 1895.89, 1694.67, 2512.70, NULL, NULL, NULL, 92, NULL, NULL, '2024-06-07 03:19:22', '2024-06-07 03:19:47', NULL, 'photo-props-emoticones-loquitos', 1, NULL, NULL, 0, NULL),
(49783, '0379', 'Photo Props Emoticones Romanticos', '[\"products-excel\\/May2024\\/0379.jpg\"]', 'Photo Props Emoticones Romanticos', NULL, '139', '1274', NULL, NULL, NULL, NULL, NULL, NULL, NULL, NULL, NULL, NULL, 2791.91, 1895.89, 1694.67, 2512.70, NULL, NULL, NULL, 104, NULL, NULL, '2024-06-07 03:19:22', '2024-06-07 03:19:47', NULL, 'photo-props-emoticones-romanticos', 1, NULL, NULL, 0, NULL),
(49784, '0381', 'Set de Cocinero Niño Rayas Violeta', '[\"products-excel\\/May2024\\/0381.jpg\"]', 'Set de Cocinero Niño Rayas Violeta', NULL, '138', '1271', NULL, NULL, NULL, NULL, NULL, NULL, NULL, NULL, NULL, NULL, 3784.52, 3027.54, 2705.69, 3406.07, NULL, NULL, NULL, 0, NULL, NULL, '2024-06-07 03:19:22', '2024-06-07 03:19:22', NULL, 'set-de-cocinero-ni-o-rayas-violeta', 0, NULL, NULL, 0, NULL),
(49785, '0382', 'Banderin Vintage Lunar Azul x5', '[\"products-excel\\/May2024\\/0382.jpg\"]', 'Banderin Vintage Lunar Azul x5', NULL, '133', '1291', NULL, NULL, NULL, NULL, NULL, NULL, NULL, NULL, NULL, NULL, 10921.41, 8737.06, 7809.26, 9829.28, NULL, NULL, NULL, 80, NULL, NULL, '2024-06-07 03:19:22', '2024-06-07 03:19:47', NULL, 'banderin-vintage-lunar-azul-x5', 1, NULL, NULL, 0, NULL),
(49786, '0383', 'Banderin Vintage Lunar Fucsia x5', '[\"products-excel\\/May2024\\/0383.jpg\"]', 'Banderin Vintage Lunar Fucsia x5', NULL, '133', '1291', NULL, NULL, NULL, NULL, NULL, NULL, NULL, NULL, NULL, NULL, 10921.41, 8737.06, 7809.26, 9829.28, NULL, NULL, NULL, 61, NULL, NULL, '2024-06-07 03:19:22', '2024-06-07 03:19:47', NULL, 'banderin-vintage-lunar-fucsia-x5', 1, NULL, NULL, 0, NULL),
(49787, '0384', 'Banderin Vintage Lunar Rojo x5', '[\"products-excel\\/May2024\\/0384.jpg\"]', 'Banderin Vintage Lunar Rojo x5', NULL, '133', '1291', NULL, NULL, NULL, NULL, NULL, NULL, NULL, NULL, NULL, NULL, 10921.41, 8737.06, 7809.26, 9829.28, NULL, NULL, NULL, 49, NULL, NULL, '2024-06-07 03:19:22', '2024-06-07 03:19:47', NULL, 'banderin-vintage-lunar-rojo-x5', 1, NULL, NULL, 0, NULL),
(49788, '0385', 'Banderin Vintage Lunar Verde x5', '[\"products-excel\\/May2024\\/0385.jpg\"]', 'Banderin Vintage Lunar Verde x5', NULL, '133', '1291', NULL, NULL, NULL, NULL, NULL, NULL, NULL, NULL, NULL, NULL, 10921.41, 8737.06, 7809.26, 9829.28, NULL, NULL, NULL, 38, NULL, NULL, '2024-06-07 03:19:22', '2024-06-07 03:19:47', NULL, 'banderin-vintage-lunar-verde-x5', 1, NULL, NULL, 0, NULL),
(49789, '0386', 'Banderin Vintage Lunar Violeta x5', '[\"products-excel\\/May2024\\/0386.jpg\"]', 'Banderin Vintage Lunar Violeta x5', NULL, '133', '1291', NULL, NULL, NULL, NULL, NULL, NULL, NULL, NULL, NULL, NULL, 10921.41, 8737.06, 7809.26, 9829.28, NULL, NULL, NULL, 74, NULL, NULL, '2024-06-07 03:19:22', '2024-06-07 03:19:47', NULL, 'banderin-vintage-lunar-violeta-x5', 1, NULL, NULL, 0, NULL),
(49790, '0387', 'Banderin Vintage Lunar Negro x5', '[\"products-excel\\/May2024\\/0387.jpg\"]', 'Banderin Vintage Lunar Negro x5', NULL, '133', '1291', NULL, NULL, NULL, NULL, NULL, NULL, NULL, NULL, NULL, NULL, 10921.41, 8737.06, 7809.26, 9829.28, NULL, NULL, NULL, 268, NULL, NULL, '2024-06-07 03:19:22', '2024-06-07 03:19:47', NULL, 'banderin-vintage-lunar-negro-x5', 1, NULL, NULL, 0, NULL),
(49791, '0388', 'Banderin Vintage Floreado Azul x5', '[\"products-excel\\/May2024\\/0388.jpg\"]', 'Banderin Vintage Floreado Azul x5', NULL, '137', '1292', NULL, NULL, NULL, NULL, NULL, NULL, NULL, NULL, NULL, NULL, 10921.41, 8737.06, 7809.26, 9829.28, NULL, NULL, NULL, 35, NULL, NULL, '2024-06-07 03:19:22', '2024-06-07 03:19:47', NULL, 'banderin-vintage-floreado-azul-x5', 1, NULL, NULL, 0, NULL),
(49792, '0389', 'Banderin Vintage Floreado Fucsia x5', '[\"products-excel\\/May2024\\/0389.jpg\"]', 'Banderin Vintage Floreado Fucsia x5', NULL, '137', '1292', NULL, NULL, NULL, NULL, NULL, NULL, NULL, NULL, NULL, NULL, 10921.41, 8737.06, 7809.26, 9829.28, NULL, NULL, NULL, 92, NULL, NULL, '2024-06-07 03:19:22', '2024-06-07 03:19:47', NULL, 'banderin-vintage-floreado-fucsia-x5', 1, NULL, NULL, 0, NULL),
(49793, '0390', 'Banderin Vintage Floreado Rojo x5', '[\"products-excel\\/May2024\\/0390.jpg\"]', 'Banderin Vintage Floreado Rojo x5', NULL, '137', '1292', NULL, NULL, NULL, NULL, NULL, NULL, NULL, NULL, NULL, NULL, 10921.41, 8737.06, 7809.26, 9829.28, NULL, NULL, NULL, 104, NULL, NULL, '2024-06-07 03:19:22', '2024-06-07 03:19:47', NULL, 'banderin-vintage-floreado-rojo-x5', 1, NULL, NULL, 0, NULL),
(49794, '0391', 'Banderin Vintage Floreado Verde x5', '[\"products-excel\\/May2024\\/0391.jpg\"]', 'Banderin Vintage Floreado Verde x5', NULL, '137', '1292', NULL, NULL, NULL, NULL, NULL, NULL, NULL, NULL, NULL, NULL, 10921.41, 8737.06, 7809.26, 9829.28, NULL, NULL, NULL, 88, NULL, NULL, '2024-06-07 03:19:22', '2024-06-07 03:19:47', NULL, 'banderin-vintage-floreado-verde-x5', 1, NULL, NULL, 0, NULL),
(49795, '0392', 'Banderin Vintage Floreado Violeta x5', '[\"products-excel\\/May2024\\/0392.jpg\"]', 'Banderin Vintage Floreado Violeta x5', NULL, '137', '1292', NULL, NULL, NULL, NULL, NULL, NULL, NULL, NULL, NULL, NULL, 10921.41, 8737.06, 7809.26, 9829.28, NULL, NULL, NULL, 80, NULL, NULL, '2024-06-07 03:19:22', '2024-06-07 03:19:47', NULL, 'banderin-vintage-floreado-violeta-x5', 1, NULL, NULL, 0, NULL),
(49796, '0393', 'Galera Chica Azul y Amarillo x5', '[\"products-excel\\/May2024\\/0393.jpg\"]', 'Galera Chica Azul y Amarillo x5', NULL, '134', '1293', NULL, NULL, NULL, NULL, NULL, NULL, NULL, NULL, NULL, NULL, 10446.92, 8357.17, 7468.91, 9402.21, NULL, NULL, NULL, 62, NULL, NULL, '2024-06-07 03:19:22', '2024-06-07 03:19:47', NULL, 'galera-chica-azul-y-amarillo-x5', 1, NULL, NULL, 0, NULL),
(49797, '0394', 'Bolsita Coti Rect. Lisa Blanca x10', '[\"products-excel\\/May2024\\/0394.jpg\"]', 'Bolsita Coti Rect. Lisa Blanca x10', NULL, '135', '1294', NULL, NULL, NULL, NULL, NULL, NULL, NULL, NULL, NULL, NULL, 2906.83, 2325.28, 2078.15, 2616.14, NULL, NULL, NULL, 293, NULL, NULL, '2024-06-07 03:19:22', '2024-06-07 03:19:47', NULL, 'bolsita-coti-rect-lisa-blanca-x10', 1, NULL, NULL, 0, NULL),
(49798, '0395', 'Guirnalda Hawaiana Azul y Amarillo 3 mts. x1', '[\"products-excel\\/May2024\\/0395.jpg\"]', 'Guirnalda Hawaiana Azul y Amarillo 3 mts. x1', NULL, '134', '1295', NULL, NULL, NULL, NULL, NULL, NULL, NULL, NULL, NULL, NULL, 3399.90, 2719.80, 2431.19, 3059.87, NULL, NULL, NULL, 113, NULL, NULL, '2024-06-07 03:19:22', '2024-06-07 03:19:47', NULL, 'guirnalda-hawaiana-azul-y-amarillo-3-mts-x1', 1, NULL, NULL, 0, NULL),
(49799, '0396', 'Guirnalda Hawaiana Azul y Amarillo 1 mts. x1', '[\"products-excel\\/May2024\\/0396.jpg\"]', 'Guirnalda Hawaiana Azul y Amarillo 1 mts. x1', NULL, '134', '1295', NULL, NULL, NULL, NULL, NULL, NULL, NULL, NULL, NULL, NULL, 1357.74, 1086.23, 970.87, 1221.99, NULL, NULL, NULL, 0, NULL, NULL, '2024-06-07 03:19:22', '2024-06-07 03:19:47', NULL, 'guirnalda-hawaiana-azul-y-amarillo-1-mts-x1', 1, NULL, NULL, 0, NULL),
(49800, '0397', 'Guirnalda Hawaiana Rojo y Blanco 3 mts. x1', '[\"products-excel\\/May2024\\/0397.jpg\"]', 'Guirnalda Hawaiana Rojo y Blanco 3 mts. x1', NULL, '134', '1296', NULL, NULL, NULL, NULL, NULL, NULL, NULL, NULL, NULL, NULL, 3399.90, 2719.80, 2431.19, 3059.87, NULL, NULL, NULL, 122, NULL, NULL, '2024-06-07 03:19:22', '2024-06-07 03:19:47', NULL, 'guirnalda-hawaiana-rojo-y-blanco-3-mts-x1', 1, NULL, NULL, 0, NULL),
(49801, '0398', 'Guirnalda Hawaiana Rojo y Blanco 1 mts. x1', '[\"products-excel\\/May2024\\/0398.jpg\"]', 'Guirnalda Hawaiana Rojo y Blanco 1 mts. x1', NULL, '134', '1296', NULL, NULL, NULL, NULL, NULL, NULL, NULL, NULL, NULL, NULL, 1357.74, 1086.23, 970.87, 1221.99, NULL, NULL, NULL, 90, NULL, NULL, '2024-06-07 03:19:22', '2024-06-07 03:19:47', NULL, 'guirnalda-hawaiana-rojo-y-blanco-1-mts-x1', 1, NULL, NULL, 0, NULL),
(49802, '0399', 'Galera Chica Blanco y Rojo x5', '[\"products-excel\\/May2024\\/0399.jpg\"]', 'Galera Chica Blanco y Rojo x5', NULL, '134', '1297', NULL, NULL, NULL, NULL, NULL, NULL, NULL, NULL, NULL, NULL, 10446.92, 8357.17, 7468.91, 9402.21, NULL, NULL, NULL, -25, NULL, NULL, '2024-06-07 03:19:22', '2024-06-07 03:19:47', NULL, 'galera-chica-blanco-y-rojo-x5', 1, NULL, NULL, 0, NULL),
(49803, '0400', 'Bolsita Corazon Fucsia x10', '[\"products-excel\\/May2024\\/0400.jpg\"]', 'Bolsita Corazon Fucsia x10', NULL, '135', '1264', NULL, NULL, NULL, NULL, NULL, NULL, NULL, NULL, NULL, NULL, 3133.75, 2506.83, 2240.44, 2820.38, NULL, NULL, NULL, 160, NULL, NULL, '2024-06-07 03:19:22', '2024-06-07 03:19:47', NULL, 'bolsita-corazon-fucsia-x10', 1, NULL, NULL, 0, NULL),
(49804, '0401', 'Bolsita Corazon Violeta x10', '[\"products-excel\\/May2024\\/0401.jpg\"]', 'Bolsita Corazon Violeta x10', NULL, '135', '1264', NULL, NULL, NULL, NULL, NULL, NULL, NULL, NULL, NULL, NULL, 3133.75, 2506.83, 2240.44, 2820.38, NULL, NULL, NULL, 64, NULL, NULL, '2024-06-07 03:19:22', '2024-06-07 03:19:47', NULL, 'bolsita-corazon-violeta-x10', 1, NULL, NULL, 0, NULL),
(49805, '0402', 'Bolsita Corazon Rojo x10', '[\"products-excel\\/May2024\\/0402.jpg\"]', 'Bolsita Corazon Rojo x10', NULL, '135', '1264', NULL, NULL, NULL, NULL, NULL, NULL, NULL, NULL, NULL, NULL, 3133.75, 2506.83, 2240.44, 2820.38, NULL, NULL, NULL, 60, NULL, NULL, '2024-06-07 03:19:22', '2024-06-07 03:19:47', NULL, 'bolsita-corazon-rojo-x10', 1, NULL, NULL, 0, NULL),
(49806, '0409', 'Bolsita Coti Lunar Negro x10', '[\"products-excel\\/May2024\\/0409.jpg\"]', 'Bolsita Coti Lunar Negro x10', NULL, '135', '1264', NULL, NULL, NULL, NULL, NULL, NULL, NULL, NULL, NULL, NULL, 3133.75, 2506.83, 2240.44, 2820.38, NULL, NULL, NULL, 259, NULL, NULL, '2024-06-07 03:19:22', '2024-06-07 03:19:47', NULL, 'bolsita-coti-lunar-negro-x10', 1, NULL, NULL, 0, NULL),
(49807, '0410', 'Mantel Lunares Negro', '[\"products-excel\\/May2024\\/0410.jpg\"]', 'Mantel Lunares Negro', NULL, '136', '1267', NULL, NULL, NULL, NULL, NULL, NULL, NULL, NULL, NULL, NULL, 3637.17, 2909.69, 2600.21, 3273.46, NULL, NULL, NULL, 0, NULL, NULL, '2024-06-07 03:19:22', '2024-06-07 03:19:22', NULL, 'mantel-lunares-negro', 0, NULL, NULL, 0, NULL),
(49808, '0411', 'Band. Red. Corazon Rojo x5', '[\"products-excel\\/May2024\\/0411.jpg\"]', 'Band. Red. Corazon Rojo x5', NULL, '132', '1258', NULL, NULL, NULL, NULL, NULL, NULL, NULL, NULL, NULL, NULL, 12345.80, 9876.63, 8932.27, 11111.23, NULL, NULL, NULL, 0, NULL, NULL, '2024-06-07 03:19:22', '2024-06-07 03:19:22', NULL, 'band-red-corazon-rojo-x5', 0, NULL, NULL, 0, NULL),
(49809, '0412', 'Band. Red. Corazon Fucsia x5', '[\"products-excel\\/May2024\\/0412.jpg\"]', 'Band. Red. Corazon Fucsia x5', NULL, '132', '1258', NULL, NULL, NULL, NULL, NULL, NULL, NULL, NULL, NULL, NULL, 12345.80, 9876.63, 8932.27, 11111.23, NULL, NULL, NULL, 0, NULL, NULL, '2024-06-07 03:19:22', '2024-06-07 03:19:22', NULL, 'band-red-corazon-fucsia-x5', 0, NULL, NULL, 0, NULL),
(49810, '0413', 'Band. Red. Corazon Violeta x5', '[\"products-excel\\/May2024\\/0413.jpg\"]', 'Band. Red. Corazon Violeta x5', NULL, '132', '1258', NULL, NULL, NULL, NULL, NULL, NULL, NULL, NULL, NULL, NULL, 12345.80, 9876.63, 8932.27, 11111.23, NULL, NULL, NULL, 0, NULL, NULL, '2024-06-07 03:19:22', '2024-06-07 03:19:22', NULL, 'band-red-corazon-violeta-x5', 0, NULL, NULL, 0, NULL),
(49811, '0414', 'Band. Red. Estrella Rojo x5', '[\"products-excel\\/May2024\\/0414.jpg\"]', 'Band. Red. Estrella Rojo x5', NULL, '132', '1258', NULL, NULL, NULL, NULL, NULL, NULL, NULL, NULL, NULL, NULL, 12345.80, 9876.63, 8932.27, 11111.23, NULL, NULL, NULL, 0, NULL, NULL, '2024-06-07 03:19:22', '2024-06-07 03:19:22', NULL, 'band-red-estrella-rojo-x5', 0, NULL, NULL, 0, NULL),
(49812, '0415', 'Band. Red. Estrella Fucsia x5', '[\"products-excel\\/May2024\\/0415.jpg\"]', 'Band. Red. Estrella Fucsia x5', NULL, '132', '1258', NULL, NULL, NULL, NULL, NULL, NULL, NULL, NULL, NULL, NULL, 12345.80, 9876.63, 8932.27, 11111.23, NULL, NULL, NULL, 0, NULL, NULL, '2024-06-07 03:19:22', '2024-06-07 03:19:22', NULL, 'band-red-estrella-fucsia-x5', 0, NULL, NULL, 0, NULL),
(49813, '0416', 'Band. Red. Estrella Violeta x5', '[\"products-excel\\/May2024\\/0416.jpg\"]', 'Band. Red. Estrella Violeta x5', NULL, '132', '1258', NULL, NULL, NULL, NULL, NULL, NULL, NULL, NULL, NULL, NULL, 12345.80, 9876.63, 8932.27, 11111.23, NULL, NULL, NULL, 0, NULL, NULL, '2024-06-07 03:19:22', '2024-06-07 03:19:22', NULL, 'band-red-estrella-violeta-x5', 0, NULL, NULL, 0, NULL),
(49814, '0417', 'Band. Red. Estrella Azul x5', '[\"products-excel\\/May2024\\/0417.jpg\"]', 'Band. Red. Estrella Azul x5', NULL, '132', '1258', NULL, NULL, NULL, NULL, NULL, NULL, NULL, NULL, NULL, NULL, 12345.80, 9876.63, 8932.27, 11111.23, NULL, NULL, NULL, 0, NULL, NULL, '2024-06-07 03:19:22', '2024-06-07 03:19:22', NULL, 'band-red-estrella-azul-x5', 0, NULL, NULL, 0, NULL),
(49815, '0418', 'Band. Rect. Corazon Rojo x5', '[\"products-excel\\/May2024\\/0418.jpg\"]', 'Band. Rect. Corazon Rojo x5', NULL, '132', '1259', NULL, NULL, NULL, NULL, NULL, NULL, NULL, NULL, NULL, NULL, 12345.80, 9876.63, 8932.27, 11111.23, NULL, NULL, NULL, 0, NULL, NULL, '2024-06-07 03:19:22', '2024-06-07 03:19:22', NULL, 'band-rect-corazon-rojo-x5', 0, NULL, NULL, 0, NULL),
(49816, '0419', 'Band. Rect. Corazon Fucsia x5', '[\"products-excel\\/May2024\\/0419.jpg\"]', 'Band. Rect. Corazon Fucsia x5', NULL, '132', '1259', NULL, NULL, NULL, NULL, NULL, NULL, NULL, NULL, NULL, NULL, 12345.80, 9876.63, 8932.27, 11111.23, NULL, NULL, NULL, 0, NULL, NULL, '2024-06-07 03:19:22', '2024-06-07 03:19:22', NULL, 'band-rect-corazon-fucsia-x5', 0, NULL, NULL, 0, NULL),
(49817, '0420', 'Band. Rect. Corazon Violeta x5', '[\"products-excel\\/May2024\\/0420.jpg\"]', 'Band. Rect. Corazon Violeta x5', NULL, '132', '1259', NULL, NULL, NULL, NULL, NULL, NULL, NULL, NULL, NULL, NULL, 12345.80, 9876.63, 8932.27, 11111.23, NULL, NULL, NULL, 0, NULL, NULL, '2024-06-07 03:19:22', '2024-06-07 03:19:22', NULL, 'band-rect-corazon-violeta-x5', 0, NULL, NULL, 0, NULL),
(49818, '0421', 'Band. Rect. Estrella Rojo x5', '[\"products-excel\\/May2024\\/0421.jpg\"]', 'Band. Rect. Estrella Rojo x5', NULL, '132', '1259', NULL, NULL, NULL, NULL, NULL, NULL, NULL, NULL, NULL, NULL, 12345.80, 9876.63, 8932.27, 11111.23, NULL, NULL, NULL, 0, NULL, NULL, '2024-06-07 03:19:22', '2024-06-07 03:19:22', NULL, 'band-rect-estrella-rojo-x5', 0, NULL, NULL, 0, NULL),
(49819, '0422', 'Band. Rect. Estrella Fucsia x5', '[\"products-excel\\/May2024\\/0422.jpg\"]', 'Band. Rect. Estrella Fucsia x5', NULL, '132', '1259', NULL, NULL, NULL, NULL, NULL, NULL, NULL, NULL, NULL, NULL, 12345.80, 9876.63, 8932.27, 11111.23, NULL, NULL, NULL, 0, NULL, NULL, '2024-06-07 03:19:22', '2024-06-07 03:19:22', NULL, 'band-rect-estrella-fucsia-x5', 0, NULL, NULL, 0, NULL),
(49820, '0423', 'Band. Rect. Estrella Violeta x5', '[\"products-excel\\/May2024\\/0423.jpg\"]', 'Band. Rect. Estrella Violeta x5', NULL, '132', '1259', NULL, NULL, NULL, NULL, NULL, NULL, NULL, NULL, NULL, NULL, 12345.80, 9876.63, 8932.27, 11111.23, NULL, NULL, NULL, 0, NULL, NULL, '2024-06-07 03:19:22', '2024-06-07 03:19:22', NULL, 'band-rect-estrella-violeta-x5', 0, NULL, NULL, 0, NULL),
(49821, '0424', 'Band. Rect. Estrella Azul x5', '[\"products-excel\\/May2024\\/0424.jpg\"]', 'Band. Rect. Estrella Azul x5', NULL, '132', '1259', NULL, NULL, NULL, NULL, NULL, NULL, NULL, NULL, NULL, NULL, 12345.80, 9876.63, 8932.27, 11111.23, NULL, NULL, NULL, 0, NULL, NULL, '2024-06-07 03:19:22', '2024-06-07 03:19:22', NULL, 'band-rect-estrella-azul-x5', 0, NULL, NULL, 0, NULL),
(49822, '0425', 'Mantel con Camino Vaquita de la Suerte', '[\"products-excel\\/May2024\\/0425.jpg\"]', 'Mantel con Camino Vaquita de la Suerte', NULL, '136', '1268', NULL, NULL, NULL, NULL, NULL, NULL, NULL, NULL, NULL, NULL, 3038.99, 2431.19, 2172.74, 2735.09, NULL, NULL, NULL, 0, NULL, NULL, '2024-06-07 03:19:22', '2024-06-07 03:19:22', NULL, 'mantel-con-camino-vaquita-de-la-suerte', 0, NULL, NULL, 0, NULL),
(49823, '0426', 'Mantel Navideño', '[\"products-excel\\/May2024\\/0426.jpg\"]', 'Mantel Navideño', NULL, '137', '1276', NULL, NULL, NULL, NULL, NULL, NULL, NULL, NULL, NULL, NULL, 3662.34, 2929.85, 2618.93, 3296.08, NULL, NULL, NULL, 1500, NULL, NULL, '2024-06-07 03:19:22', '2024-06-07 03:19:47', NULL, 'mantel-navide-o', 1, NULL, NULL, 0, NULL),
(49824, '0427', 'Gorro Papa Noel Tafeta x10', '[\"products-excel\\/May2024\\/0427.jpg\"]', 'Gorro Papa Noel Tafeta x10', NULL, '137', '1298', NULL, NULL, NULL, NULL, NULL, NULL, NULL, NULL, NULL, NULL, 17141.06, 13712.66, 12255.74, 15426.96, NULL, NULL, NULL, 250, NULL, NULL, '2024-06-07 03:19:22', '2024-06-07 03:19:47', NULL, 'gorro-papa-noel-tafeta-x10', 1, NULL, NULL, 0, NULL),
(49825, '0428', 'Guirnalda Hawaiana Rosa y Blanca 1 mt x1', '[\"products-excel\\/May2024\\/0428.jpg\"]', 'Guirnalda Hawaiana Rosa y Blanca 1 mt x1', NULL, '133', '1299', NULL, NULL, NULL, NULL, NULL, NULL, NULL, NULL, NULL, NULL, 1357.74, 1086.23, 970.87, 1221.99, NULL, NULL, NULL, 100, NULL, NULL, '2024-06-07 03:19:22', '2024-06-07 03:19:47', NULL, 'guirnalda-hawaiana-rosa-y-blanca-1-mt-x1', 1, NULL, NULL, 0, NULL),
(49826, '0429', 'Guirnalda Hawaiana Azul y Roja 3 mts x1', '[\"products-excel\\/May2024\\/0429.jpg\"]', 'Guirnalda Hawaiana Azul y Roja 3 mts x1', NULL, '133', '1275', NULL, NULL, NULL, NULL, NULL, NULL, NULL, NULL, NULL, NULL, 3399.90, 2719.80, 2431.19, 3059.87, NULL, NULL, NULL, 0, NULL, NULL, '2024-06-07 03:19:22', '2024-06-07 03:19:47', NULL, 'guirnalda-hawaiana-azul-y-roja-3-mts-x1', 1, NULL, NULL, 0, NULL),
(49827, '0431', 'Photo Props Emoticones Divertidos', '[\"products-excel\\/May2024\\/0431.jpg\"]', 'Photo Props Emoticones Divertidos', NULL, '139', '1274', NULL, NULL, NULL, NULL, NULL, NULL, NULL, NULL, NULL, NULL, 2791.91, 1895.89, 1694.67, 2512.70, NULL, NULL, NULL, 82, NULL, NULL, '2024-06-07 03:19:22', '2024-06-07 03:19:47', NULL, 'photo-props-emoticones-divertidos', 1, NULL, NULL, 0, NULL),
(49828, '0458', 'Band. Red. Celeste con Lunares Negros x5', '[\"products-excel\\/May2024\\/0458.jpg\"]', 'Band. Red. Celeste con Lunares Negros x5', NULL, '132', '1258', NULL, NULL, NULL, NULL, NULL, NULL, NULL, NULL, NULL, NULL, 12345.80, 9876.63, 8932.27, 11111.23, NULL, NULL, NULL, 0, NULL, NULL, '2024-06-07 03:19:22', '2024-06-07 03:19:22', NULL, 'band-red-celeste-con-lunares-negros-x5', 0, NULL, NULL, 0, NULL),
(49829, '0459', 'Banderin Liso Rojo y Azul x5', '[\"products-excel\\/May2024\\/0459.jpg\"]', 'Banderin Liso Rojo y Azul x5', NULL, '133', '1260', NULL, NULL, NULL, NULL, NULL, NULL, NULL, NULL, NULL, NULL, 8547.13, 6837.76, 6111.22, 7692.45, NULL, NULL, NULL, 10, NULL, NULL, '2024-06-07 03:19:22', '2024-06-07 03:19:47', NULL, 'banderin-liso-rojo-y-azul-x5', 1, NULL, NULL, 0, NULL),
(49830, '0472', 'Galera Lisa x5', '[\"products-excel\\/May2024\\/0472.jpg\"]', 'Galera Lisa x5', NULL, '139', '1300', NULL, NULL, NULL, NULL, NULL, NULL, NULL, NULL, NULL, NULL, 9538.42, 7630.48, 6819.67, 8584.60, NULL, NULL, NULL, 153, NULL, NULL, '2024-06-07 03:19:22', '2024-06-07 03:19:47', NULL, 'galera-lisa-x5', 1, NULL, NULL, 0, NULL),
(49831, '0473', 'Bruja Lisa x5', '[\"products-excel\\/May2024\\/0473.jpg\"]', 'Bruja Lisa x5', NULL, '139', '1300', NULL, NULL, NULL, NULL, NULL, NULL, NULL, NULL, NULL, NULL, 9538.42, 7630.48, 6819.67, 8584.60, NULL, NULL, NULL, 119, NULL, NULL, '2024-06-07 03:19:22', '2024-06-07 03:19:47', NULL, 'bruja-lisa-x5', 1, NULL, NULL, 0, NULL),
(49832, '0474', 'Capelina Lisa x5', '[\"products-excel\\/May2024\\/0474.jpg\"]', 'Capelina Lisa x5', NULL, '139', '1300', NULL, NULL, NULL, NULL, NULL, NULL, NULL, NULL, NULL, NULL, 9538.42, 7630.48, 6819.67, 8584.60, NULL, NULL, NULL, 115, NULL, NULL, '2024-06-07 03:19:22', '2024-06-07 03:19:47', NULL, 'capelina-lisa-x5', 1, NULL, NULL, 0, NULL),
(49833, '0475', 'Galera Lunar Fluo Con Base Negra x5', '[\"products-excel\\/May2024\\/0475.jpg\"]', 'Galera Lunar Fluo Con Base Negra x5', NULL, '139', '1301', NULL, NULL, NULL, NULL, NULL, NULL, NULL, NULL, NULL, NULL, 13401.89, 10721.51, 9572.76, 12061.72, NULL, NULL, NULL, 0, NULL, NULL, '2024-06-07 03:19:22', '2024-06-07 03:19:22', NULL, 'galera-lunar-fluo-con-base-negra-x5', 0, NULL, NULL, 0, NULL),
(49834, '0476', 'Bruja Lunar Fluo Con Base Negra x5', '[\"products-excel\\/May2024\\/0476.jpg\"]', 'Bruja Lunar Fluo Con Base Negra x5', NULL, '139', '1301', NULL, NULL, NULL, NULL, NULL, NULL, NULL, NULL, NULL, NULL, 13401.89, 10721.51, 9572.76, 12061.72, NULL, NULL, NULL, 0, NULL, NULL, '2024-06-07 03:19:22', '2024-06-07 03:19:22', NULL, 'bruja-lunar-fluo-con-base-negra-x5', 0, NULL, NULL, 0, NULL),
(49835, '0477', 'Capelina Lunar Fluo Con Base Negra x5', '[\"products-excel\\/May2024\\/0477.jpg\"]', 'Capelina Lunar Fluo Con Base Negra x5', NULL, '139', '1301', NULL, NULL, NULL, NULL, NULL, NULL, NULL, NULL, NULL, NULL, 13401.89, 10721.51, 9572.76, 12061.72, NULL, NULL, NULL, 0, NULL, NULL, '2024-06-07 03:19:22', '2024-06-07 03:19:22', NULL, 'capelina-lunar-fluo-con-base-negra-x5', 0, NULL, NULL, 0, NULL),
(49836, '0478', 'Galera Animal Print Fluo Con Base Negra x5', '[\"products-excel\\/May2024\\/0478.jpg\"]', 'Galera Animal Print Fluo Con Base Negra x5', NULL, '139', '1301', NULL, NULL, NULL, NULL, NULL, NULL, NULL, NULL, NULL, NULL, 13401.89, 10721.51, 9572.76, 12061.72, NULL, NULL, NULL, 0, NULL, NULL, '2024-06-07 03:19:22', '2024-06-07 03:19:22', NULL, 'galera-animal-print-fluo-con-base-negra-x5', 0, NULL, NULL, 0, NULL),
(49837, '0479', 'Bruja Animal Print Fluo Con Base Negra x5', '[\"products-excel\\/May2024\\/0479.jpg\"]', 'Bruja Animal Print Fluo Con Base Negra x5', NULL, '139', '1301', NULL, NULL, NULL, NULL, NULL, NULL, NULL, NULL, NULL, NULL, 13401.89, 10721.51, 9572.76, 12061.72, NULL, NULL, NULL, 0, NULL, NULL, '2024-06-07 03:19:22', '2024-06-07 03:19:22', NULL, 'bruja-animal-print-fluo-con-base-negra-x5', 0, NULL, NULL, 0, NULL),
(49838, '0480', 'Capelina Animal Print Fluo Con Base Negra x5', '[\"products-excel\\/May2024\\/0480.jpg\"]', 'Capelina Animal Print Fluo Con Base Negra x5', NULL, '139', '1301', NULL, NULL, NULL, NULL, NULL, NULL, NULL, NULL, NULL, NULL, 13401.89, 10721.51, 9572.76, 12061.72, NULL, NULL, NULL, 0, NULL, NULL, '2024-06-07 03:19:22', '2024-06-07 03:19:22', NULL, 'capelina-animal-print-fluo-con-base-negra-x5', 0, NULL, NULL, 0, NULL),
(49839, '0481', 'Galera Estrella Fluo Con Base Negra x5', '[\"products-excel\\/May2024\\/0481.jpg\"]', 'Galera Estrella Fluo Con Base Negra x5', NULL, '139', '1301', NULL, NULL, NULL, NULL, NULL, NULL, NULL, NULL, NULL, NULL, 13401.89, 10721.51, 9572.76, 12061.72, NULL, NULL, NULL, 0, NULL, NULL, '2024-06-07 03:19:22', '2024-06-07 03:19:22', NULL, 'galera-estrella-fluo-con-base-negra-x5', 0, NULL, NULL, 0, NULL),
(49840, '0482', 'Bruja Estrella Fluo Con Base Negra x5', '[\"products-excel\\/May2024\\/0482.jpg\"]', 'Bruja Estrella Fluo Con Base Negra x5', NULL, '139', '1301', NULL, NULL, NULL, NULL, NULL, NULL, NULL, NULL, NULL, NULL, 13401.89, 10721.51, 9572.76, 12061.72, NULL, NULL, NULL, 0, NULL, NULL, '2024-06-07 03:19:22', '2024-06-07 03:19:22', NULL, 'bruja-estrella-fluo-con-base-negra-x5', 0, NULL, NULL, 0, NULL),
(49841, '0483', 'Capelina Estrella Fluo Con Base Negra x5', '[\"products-excel\\/May2024\\/0483.jpg\"]', 'Capelina Estrella Fluo Con Base Negra x5', NULL, '139', '1301', NULL, NULL, NULL, NULL, NULL, NULL, NULL, NULL, NULL, NULL, 13401.89, 10721.51, 9572.76, 12061.72, NULL, NULL, NULL, 0, NULL, NULL, '2024-06-07 03:19:22', '2024-06-07 03:19:22', NULL, 'capelina-estrella-fluo-con-base-negra-x5', 0, NULL, NULL, 0, NULL),
(49842, '0484', 'Pompon Amarillo', '[\"products-excel\\/May2024\\/0484.jpg\"]', 'Pompon Amarillo', NULL, '133', '1289', NULL, NULL, NULL, NULL, NULL, NULL, NULL, NULL, NULL, NULL, 3588.20, 2870.10, 2565.83, 3229.41, NULL, NULL, NULL, 310, NULL, NULL, '2024-06-07 03:19:22', '2024-06-07 03:19:47', NULL, 'pompon-amarillo', 1, NULL, NULL, 0, NULL),
(49843, '0485', 'Pompon Azul', '[\"products-excel\\/May2024\\/0485.jpg\"]', 'Pompon Azul', NULL, '133', '1289', NULL, NULL, NULL, NULL, NULL, NULL, NULL, NULL, NULL, NULL, 3588.20, 2870.10, 2565.83, 3229.41, NULL, NULL, NULL, 295, NULL, NULL, '2024-06-07 03:19:22', '2024-06-07 03:19:47', NULL, 'pompon-azul', 1, NULL, NULL, 0, NULL),
(49844, '0486', 'Pompon Blanco', '[\"products-excel\\/May2024\\/0486.jpg\"]', 'Pompon Blanco', NULL, '133', '1289', NULL, NULL, NULL, NULL, NULL, NULL, NULL, NULL, NULL, NULL, 3588.20, 2870.10, 2565.83, 3229.41, NULL, NULL, NULL, 108, NULL, NULL, '2024-06-07 03:19:22', '2024-06-07 03:19:47', NULL, 'pompon-blanco', 1, NULL, NULL, 0, NULL),
(49845, '0487', 'Pompon Celeste', '[\"products-excel\\/May2024\\/0487.jpg\"]', 'Pompon Celeste', NULL, '133', '1289', NULL, NULL, NULL, NULL, NULL, NULL, NULL, NULL, NULL, NULL, 3588.20, 2870.10, 2565.83, 3229.41, NULL, NULL, NULL, 162, NULL, NULL, '2024-06-07 03:19:22', '2024-06-07 03:19:47', NULL, 'pompon-celeste', 1, NULL, NULL, 0, NULL),
(49846, '0488', 'Pompon Fucsia', '[\"products-excel\\/May2024\\/0488.jpg\"]', 'Pompon Fucsia', NULL, '133', '1289', NULL, NULL, NULL, NULL, NULL, NULL, NULL, NULL, NULL, NULL, 3588.20, 2870.10, 2565.83, 3229.41, NULL, NULL, NULL, 262, NULL, NULL, '2024-06-07 03:19:22', '2024-06-07 03:19:47', NULL, 'pompon-fucsia', 1, NULL, NULL, 0, NULL),
(49847, '0489', 'Pompon Naranja', '[\"products-excel\\/May2024\\/0489.jpg\"]', 'Pompon Naranja', NULL, '133', '1289', NULL, NULL, NULL, NULL, NULL, NULL, NULL, NULL, NULL, NULL, 3588.20, 2870.10, 2565.83, 3229.41, NULL, NULL, NULL, 84, NULL, NULL, '2024-06-07 03:19:22', '2024-06-07 03:19:47', NULL, 'pompon-naranja', 1, NULL, NULL, 0, NULL),
(49848, '0490', 'Pompon Negro', '[\"products-excel\\/May2024\\/0490.jpg\"]', 'Pompon Negro', NULL, '133', '1289', NULL, NULL, NULL, NULL, NULL, NULL, NULL, NULL, NULL, NULL, 3588.20, 2870.10, 2565.83, 3229.41, NULL, NULL, NULL, 167, NULL, NULL, '2024-06-07 03:19:22', '2024-06-07 03:19:47', NULL, 'pompon-negro', 1, NULL, NULL, 0, NULL),
(49849, '0491', 'Pompon Rojo', '[\"products-excel\\/May2024\\/0491.jpg\"]', 'Pompon Rojo', NULL, '133', '1289', NULL, NULL, NULL, NULL, NULL, NULL, NULL, NULL, NULL, NULL, 3588.20, 2870.10, 2565.83, 3229.41, NULL, NULL, NULL, 202, NULL, NULL, '2024-06-07 03:19:22', '2024-06-07 03:19:47', NULL, 'pompon-rojo', 1, NULL, NULL, 0, NULL),
(49850, '0492', 'Pompon Rosa', '[\"products-excel\\/May2024\\/0492.jpg\"]', 'Pompon Rosa', NULL, '133', '1289', NULL, NULL, NULL, NULL, NULL, NULL, NULL, NULL, NULL, NULL, 3588.20, 2870.10, 2565.83, 3229.41, NULL, NULL, NULL, 56, NULL, NULL, '2024-06-07 03:19:22', '2024-06-07 03:19:47', NULL, 'pompon-rosa', 1, NULL, NULL, 0, NULL),
(49851, '0493', 'Pompon V. Manzana', '[\"products-excel\\/May2024\\/0493.jpg\"]', 'Pompon V. Manzana', NULL, '133', '1289', NULL, NULL, NULL, NULL, NULL, NULL, NULL, NULL, NULL, NULL, 3588.20, 2870.10, 2565.83, 3229.41, NULL, NULL, NULL, 48, NULL, NULL, '2024-06-07 03:19:22', '2024-06-07 03:19:47', NULL, 'pompon-v-manzana', 1, NULL, NULL, 0, NULL),
(49852, '0494', 'Pompon Verde', '[\"products-excel\\/May2024\\/0494.jpg\"]', 'Pompon Verde', NULL, '133', '1289', NULL, NULL, NULL, NULL, NULL, NULL, NULL, NULL, NULL, NULL, 3588.20, 2870.10, 2565.83, 3229.41, NULL, NULL, NULL, 194, NULL, NULL, '2024-06-07 03:19:22', '2024-06-07 03:19:47', NULL, 'pompon-verde', 1, NULL, NULL, 0, NULL),
(49853, '0495', 'Pompon Violeta', '[\"products-excel\\/May2024\\/0495.jpg\"]', 'Pompon Violeta', NULL, '133', '1289', NULL, NULL, NULL, NULL, NULL, NULL, NULL, NULL, NULL, NULL, 3588.20, 2870.10, 2565.83, 3229.41, NULL, NULL, NULL, 192, NULL, NULL, '2024-06-07 03:19:22', '2024-06-07 03:19:47', NULL, 'pompon-violeta', 1, NULL, NULL, 0, NULL),
(49854, '0496', 'Pompon Azul y Amarillo', '[\"products-excel\\/May2024\\/0496.jpg\"]', 'Pompon Azul y Amarillo', NULL, '134', '1302', NULL, NULL, NULL, NULL, NULL, NULL, NULL, NULL, NULL, NULL, 3588.20, 2870.10, 2565.83, 3229.41, NULL, NULL, NULL, 112, NULL, NULL, '2024-06-07 03:19:22', '2024-06-07 03:19:47', NULL, 'pompon-azul-y-amarillo', 1, NULL, NULL, 0, NULL),
(49855, '0497', 'Pompon Blanco y Rojo', '[\"products-excel\\/May2024\\/0497.jpg\"]', 'Pompon Blanco y Rojo', NULL, '133', '1289', NULL, NULL, NULL, NULL, NULL, NULL, NULL, NULL, NULL, NULL, 3588.20, 2870.10, 2565.83, 3229.41, NULL, NULL, NULL, 180, NULL, NULL, '2024-06-07 03:19:22', '2024-06-07 03:19:47', NULL, 'pompon-blanco-y-rojo', 1, NULL, NULL, 0, NULL),
(49856, '0498', 'Pompon Azul y Rojo', '[\"products-excel\\/May2024\\/0498.jpg\"]', 'Pompon Azul y Rojo', NULL, '133', '1289', NULL, NULL, NULL, NULL, NULL, NULL, NULL, NULL, NULL, NULL, 3588.20, 2870.10, 2565.83, 3229.41, NULL, NULL, NULL, 92, NULL, NULL, '2024-06-07 03:19:22', '2024-06-07 03:19:47', NULL, 'pompon-azul-y-rojo', 1, NULL, NULL, 0, NULL),
(49857, '0499', 'Pompon Celeste y Blanco', '[\"products-excel\\/May2024\\/0499.jpg\"]', 'Pompon Celeste y Blanco', NULL, '133', '1303', NULL, NULL, NULL, NULL, NULL, NULL, NULL, NULL, NULL, NULL, 3588.20, 2870.10, 2565.83, 3229.41, NULL, NULL, NULL, 136, NULL, NULL, '2024-06-07 03:19:22', '2024-06-07 03:19:47', NULL, 'pompon-celeste-y-blanco', 1, NULL, NULL, 0, NULL),
(49858, '0500', 'Pompon Rojo y Verde', '[\"products-excel\\/May2024\\/0500.jpg\"]', 'Pompon Rojo y Verde', NULL, '137', '1304', NULL, NULL, NULL, NULL, NULL, NULL, NULL, NULL, NULL, NULL, 3588.20, 2870.10, 2565.83, 3229.41, NULL, NULL, NULL, 0, NULL, NULL, '2024-06-07 03:19:22', '2024-06-07 03:19:47', NULL, 'pompon-rojo-y-verde', 1, NULL, NULL, 0, NULL),
(49859, '0501', 'Pompon Rojo y Negro', '[\"products-excel\\/May2024\\/0501.jpg\"]', 'Pompon Rojo y Negro', NULL, '133', '1289', NULL, NULL, NULL, NULL, NULL, NULL, NULL, NULL, NULL, NULL, 3588.20, 2870.10, 2565.83, 3229.41, NULL, NULL, NULL, 61, NULL, NULL, '2024-06-07 03:19:22', '2024-06-07 03:19:47', NULL, 'pompon-rojo-y-negro', 1, NULL, NULL, 0, NULL),
(49860, '0502', 'Pompon Rojo. Blanco y Negro', '[\"products-excel\\/May2024\\/0502.jpg\"]', 'Pompon Rojo. Blanco y Negro', NULL, '133', '1289', NULL, NULL, NULL, NULL, NULL, NULL, NULL, NULL, NULL, NULL, 3588.20, 2870.10, 2565.83, 3229.41, NULL, NULL, NULL, 0, NULL, NULL, '2024-06-07 03:19:22', '2024-06-07 03:19:47', NULL, 'pompon-rojo-blanco-y-negro', 1, NULL, NULL, 0, NULL),
(49861, '0515', 'Bolsita Coti Cuadritos Azul x10', '[\"products-excel\\/May2024\\/0515.jpg\"]', 'Bolsita Coti Cuadritos Azul x10', NULL, '135', '1264', NULL, NULL, NULL, NULL, NULL, NULL, NULL, NULL, NULL, NULL, 3133.75, 2506.83, 2240.44, 2820.38, NULL, NULL, NULL, 60, NULL, NULL, '2024-06-07 03:19:22', '2024-06-07 03:19:47', NULL, 'bolsita-coti-cuadritos-azul-x10', 1, NULL, NULL, 0, NULL),
(49862, '0516', 'Bolsita Coti Cuadritos Rojo x10', '[\"products-excel\\/May2024\\/0516.jpg\"]', 'Bolsita Coti Cuadritos Rojo x10', NULL, '135', '1264', NULL, NULL, NULL, NULL, NULL, NULL, NULL, NULL, NULL, NULL, 3133.75, 2506.83, 2240.44, 2820.38, NULL, NULL, NULL, 550, NULL, NULL, '2024-06-07 03:19:22', '2024-06-07 03:19:47', NULL, 'bolsita-coti-cuadritos-rojo-x10', 1, NULL, NULL, 0, NULL),
(49863, '0517', 'Bolsita Coti Cuadritos Fucsia x10', '[\"products-excel\\/May2024\\/0517.jpg\"]', 'Bolsita Coti Cuadritos Fucsia x10', NULL, '135', '1264', NULL, NULL, NULL, NULL, NULL, NULL, NULL, NULL, NULL, NULL, 3133.75, 2506.83, 2240.44, 2820.38, NULL, NULL, NULL, 120, NULL, NULL, '2024-06-07 03:19:22', '2024-06-07 03:19:47', NULL, 'bolsita-coti-cuadritos-fucsia-x10', 1, NULL, NULL, 0, NULL),
(49864, '0518', 'Bolsita Coti Cuadritos Verde Manzana x10', '[\"products-excel\\/May2024\\/0518.jpg\"]', 'Bolsita Coti Cuadritos Verde Manzana x10', NULL, '135', '1264', NULL, NULL, NULL, NULL, NULL, NULL, NULL, NULL, NULL, NULL, 3133.75, 2506.83, 2240.44, 2820.38, NULL, NULL, NULL, 424, NULL, NULL, '2024-06-07 03:19:22', '2024-06-07 03:19:47', NULL, 'bolsita-coti-cuadritos-verde-manzana-x10', 1, NULL, NULL, 0, NULL),
(49865, '0519', 'Bolsita Coti Cuadritos Violeta x10', '[\"products-excel\\/May2024\\/0519.jpg\"]', 'Bolsita Coti Cuadritos Violeta x10', NULL, '135', '1264', NULL, NULL, NULL, NULL, NULL, NULL, NULL, NULL, NULL, NULL, 3133.75, 2506.83, 2240.44, 2820.38, NULL, NULL, NULL, 626, NULL, NULL, '2024-06-07 03:19:22', '2024-06-10 18:45:51', NULL, 'bolsita-coti-cuadritos-violeta-x10', 1, NULL, NULL, 0, NULL),
(49866, '0520', 'Bolsita Coti Animal Print Azul x10', '[\"products-excel\\/May2024\\/0520.jpg\"]', 'Bolsita Coti Animal Print Azul x10', NULL, '135', '1264', NULL, NULL, NULL, NULL, NULL, NULL, NULL, NULL, NULL, NULL, 3133.75, 2506.83, 2240.44, 2820.38, NULL, NULL, NULL, 140, NULL, NULL, '2024-06-07 03:19:22', '2024-06-07 03:19:47', NULL, 'bolsita-coti-animal-print-azul-x10', 1, NULL, NULL, 0, NULL),
(49867, '0521', 'Bolsita Coti Animal Print Rojo x10', '[\"products-excel\\/May2024\\/0521.jpg\"]', 'Bolsita Coti Animal Print Rojo x10', NULL, '135', '1264', NULL, NULL, NULL, NULL, NULL, NULL, NULL, NULL, NULL, NULL, 3133.75, 2506.83, 2240.44, 2820.38, NULL, NULL, NULL, 220, NULL, NULL, '2024-06-07 03:19:22', '2024-06-07 03:19:47', NULL, 'bolsita-coti-animal-print-rojo-x10', 1, NULL, NULL, 0, NULL),
(49868, '0522', 'Bolsita Coti Animal Print Fucsia x10', '[\"products-excel\\/May2024\\/0522.jpg\"]', 'Bolsita Coti Animal Print Fucsia x10', NULL, '135', '1264', NULL, NULL, NULL, NULL, NULL, NULL, NULL, NULL, NULL, NULL, 3133.75, 2506.83, 2240.44, 2820.38, NULL, NULL, NULL, 192, NULL, NULL, '2024-06-07 03:19:22', '2024-06-07 03:19:47', NULL, 'bolsita-coti-animal-print-fucsia-x10', 1, NULL, NULL, 0, NULL),
(49869, '0523', 'Bolsita Coti Animal Print Verde Manzana x10', '[\"products-excel\\/May2024\\/0523.jpg\"]', 'Bolsita Coti Animal Print Verde Manzana x10', NULL, '135', '1264', NULL, NULL, NULL, NULL, NULL, NULL, NULL, NULL, NULL, NULL, 3133.75, 2506.83, 2240.44, 2820.38, NULL, NULL, NULL, 0, NULL, NULL, '2024-06-07 03:19:22', '2024-06-07 03:19:47', NULL, 'bolsita-coti-animal-print-verde-manzana-x10', 1, NULL, NULL, 0, NULL),
(49870, '0524', 'Bolsita Coti Animal Print Violeta x10', '[\"products-excel\\/May2024\\/0524.jpg\"]', 'Bolsita Coti Animal Print Violeta x10', NULL, '135', '1264', NULL, NULL, NULL, NULL, NULL, NULL, NULL, NULL, NULL, NULL, 3133.75, 2506.83, 2240.44, 2820.38, NULL, NULL, NULL, 230, NULL, NULL, '2024-06-07 03:19:22', '2024-06-07 03:19:47', NULL, 'bolsita-coti-animal-print-violeta-x10', 1, NULL, NULL, 0, NULL),
(49871, '0525', 'Bolsita Coti Animal Print Negro x10', '[\"products-excel\\/May2024\\/0525.jpg\"]', 'Bolsita Coti Animal Print Negro x10', NULL, '135', '1264', NULL, NULL, NULL, NULL, NULL, NULL, NULL, NULL, NULL, NULL, 3133.75, 2506.83, 2240.44, 2820.38, NULL, NULL, NULL, 90, NULL, NULL, '2024-06-07 03:19:22', '2024-06-07 03:19:47', NULL, 'bolsita-coti-animal-print-negro-x10', 1, NULL, NULL, 0, NULL),
(49872, '0526', 'Banderin Blanco y Negro x5', '[\"products-excel\\/May2024\\/0526.jpg\"]', 'Banderin Blanco y Negro x5', NULL, '133', '1260', NULL, NULL, NULL, NULL, NULL, NULL, NULL, NULL, NULL, NULL, 8547.13, 6837.76, 6111.22, 7692.45, NULL, NULL, NULL, 10, NULL, NULL, '2024-06-07 03:19:22', '2024-06-07 03:19:47', NULL, 'banderin-blanco-y-negro-x5', 1, NULL, NULL, 0, NULL),
(49873, '0532', 'Band. Rect. Celeste con Lunares Negros x5', '[\"products-excel\\/May2024\\/0532.jpg\"]', 'Band. Rect. Celeste con Lunares Negros x5', NULL, '132', '1259', NULL, NULL, NULL, NULL, NULL, NULL, NULL, NULL, NULL, NULL, 12345.80, 9876.63, 8932.27, 11111.23, NULL, NULL, NULL, 0, NULL, NULL, '2024-06-07 03:19:22', '2024-06-07 03:19:22', NULL, 'band-rect-celeste-con-lunares-negros-x5', 0, NULL, NULL, 0, NULL),
(49874, '0533', 'Bolsita Vaquita de la Suerte x10', '[\"products-excel\\/May2024\\/0533.jpg\"]', 'Bolsita Vaquita de la Suerte x10', NULL, '135', '1264', NULL, NULL, NULL, NULL, NULL, NULL, NULL, NULL, NULL, NULL, 3133.75, 2506.83, 2240.44, 2820.38, NULL, NULL, NULL, -1, NULL, NULL, '2024-06-07 03:19:22', '2024-06-07 03:19:47', NULL, 'bolsita-vaquita-de-la-suerte-x10', 1, NULL, NULL, 0, NULL),
(49875, '0537', 'Banderin Smile x5', '[\"products-excel\\/May2024\\/0537.jpg\"]', 'Banderin Smile x5', NULL, '133', '1263', NULL, NULL, NULL, NULL, NULL, NULL, NULL, NULL, NULL, NULL, 8547.13, 6837.76, 6111.22, 7692.45, NULL, NULL, NULL, 0, NULL, NULL, '2024-06-07 03:19:22', '2024-06-07 03:19:47', NULL, 'banderin-smile-x5', 1, NULL, NULL, 0, NULL),
(49876, '0538', 'Banderin Celeste Con Lunares Negros x5', '[\"products-excel\\/May2024\\/0538.jpg\"]', 'Banderin Celeste Con Lunares Negros x5', NULL, '133', '1263', NULL, NULL, NULL, NULL, NULL, NULL, NULL, NULL, NULL, NULL, 8547.13, 6837.76, 6111.22, 7692.45, NULL, NULL, NULL, 0, NULL, NULL, '2024-06-07 03:19:22', '2024-06-07 03:19:47', NULL, 'banderin-celeste-con-lunares-negros-x5', 1, NULL, NULL, 0, NULL),
(49877, '0539', 'Mantel Amarillo Con Lunares Negros', '[\"products-excel\\/May2024\\/0539.jpg\"]', 'Mantel Amarillo Con Lunares Negros', NULL, '136', '1268', NULL, NULL, NULL, NULL, NULL, NULL, NULL, NULL, NULL, NULL, 3637.17, 2909.69, 2600.21, 3273.46, NULL, NULL, NULL, 17, NULL, NULL, '2024-06-07 03:19:22', '2024-06-07 03:19:22', NULL, 'mantel-amarillo-con-lunares-negros', 0, NULL, NULL, 0, NULL),
(49878, '0540', 'Bolsita Smile x10', '[\"products-excel\\/May2024\\/0540.jpg\"]', 'Bolsita Smile x10', NULL, '135', '1264', NULL, NULL, NULL, NULL, NULL, NULL, NULL, NULL, NULL, NULL, 3133.75, 2506.83, 2240.44, 2820.38, NULL, NULL, NULL, 0, NULL, NULL, '2024-06-07 03:19:22', '2024-06-07 03:19:47', NULL, 'bolsita-smile-x10', 1, NULL, NULL, 0, NULL),
(49879, '0547', 'Mantel Azul Con Lunares Negros', '[\"products-excel\\/May2024\\/0547.jpg\"]', 'Mantel Azul Con Lunares Negros', NULL, '136', '1268', NULL, NULL, NULL, NULL, NULL, NULL, NULL, NULL, NULL, NULL, 3637.17, 2909.69, 2600.21, 3273.46, NULL, NULL, NULL, 17, NULL, NULL, '2024-06-07 03:19:22', '2024-06-07 03:19:22', NULL, 'mantel-azul-con-lunares-negros', 0, NULL, NULL, 0, NULL),
(49880, '0548', 'Mantel Rojo Con Lunares Negros', '[\"products-excel\\/May2024\\/0548.jpg\"]', 'Mantel Rojo Con Lunares Negros', NULL, '136', '1267', NULL, NULL, NULL, NULL, NULL, NULL, NULL, NULL, NULL, NULL, 3637.17, 2909.69, 2600.21, 3273.46, NULL, NULL, NULL, -20, NULL, NULL, '2024-06-07 03:19:22', '2024-06-07 03:19:22', NULL, 'mantel-rojo-con-lunares-negros', 0, NULL, NULL, 0, NULL),
(49881, '0549', 'Mantel Fucsia Con Lunares Negros', '[\"products-excel\\/May2024\\/0549.jpg\"]', 'Mantel Fucsia Con Lunares Negros', NULL, '136', '1268', NULL, NULL, NULL, NULL, NULL, NULL, NULL, NULL, NULL, NULL, 3637.17, 2909.69, 2600.21, 3273.46, NULL, NULL, NULL, 17, NULL, NULL, '2024-06-07 03:19:22', '2024-06-07 03:19:22', NULL, 'mantel-fucsia-con-lunares-negros', 0, NULL, NULL, 0, NULL),
(49882, '0550', 'Mantel Rosa Con Lunares Negros', '[\"products-excel\\/May2024\\/0550.jpg\"]', 'Mantel Rosa Con Lunares Negros', NULL, '136', '1267', NULL, NULL, NULL, NULL, NULL, NULL, NULL, NULL, NULL, NULL, 3637.17, 2909.69, 2600.21, 3273.46, NULL, NULL, NULL, 19, NULL, NULL, '2024-06-07 03:19:22', '2024-06-07 03:19:22', NULL, 'mantel-rosa-con-lunares-negros', 0, NULL, NULL, 0, NULL),
(49883, '0551', 'Mantel Verde Con Lunares Negros', '[\"products-excel\\/May2024\\/0551.jpg\"]', 'Mantel Verde Con Lunares Negros', NULL, '136', '1267', NULL, NULL, NULL, NULL, NULL, NULL, NULL, NULL, NULL, NULL, 3637.17, 2909.69, 2600.21, 3273.46, NULL, NULL, NULL, 19, NULL, NULL, '2024-06-07 03:19:22', '2024-06-07 03:19:22', NULL, 'mantel-verde-con-lunares-negros', 0, NULL, NULL, 0, NULL),
(49884, '0552', 'Mantel Naranja Con Lunares Negros', '[\"products-excel\\/May2024\\/0552.jpg\"]', 'Mantel Naranja Con Lunares Negros', NULL, '137', '1305', NULL, NULL, NULL, NULL, NULL, NULL, NULL, NULL, NULL, NULL, 3637.17, 2909.69, 2600.21, 3273.46, NULL, NULL, NULL, 7, NULL, NULL, '2024-06-07 03:19:22', '2024-06-07 03:19:22', NULL, 'mantel-naranja-con-lunares-negros', 0, NULL, NULL, 0, NULL),
(49885, '0553', 'Mantel Violeta Con Lunares Negros', '[\"products-excel\\/May2024\\/0553.jpg\"]', 'Mantel Violeta Con Lunares Negros', NULL, '136', '1268', NULL, NULL, NULL, NULL, NULL, NULL, NULL, NULL, NULL, NULL, 3637.17, 2909.69, 2600.21, 3273.46, NULL, NULL, NULL, 5, NULL, NULL, '2024-06-07 03:19:22', '2024-06-07 03:19:22', NULL, 'mantel-violeta-con-lunares-negros', 0, NULL, NULL, 0, NULL),
(49886, '0554', 'Bolsita Amarilla a Lunares Negros x10', '[\"products-excel\\/May2024\\/0554.jpg\"]', 'Bolsita Amarilla a Lunares Negros x10', NULL, '135', '1264', NULL, NULL, NULL, NULL, NULL, NULL, NULL, NULL, NULL, NULL, 3133.75, 2506.83, 2240.44, 2820.38, NULL, NULL, NULL, 123, NULL, NULL, '2024-06-07 03:19:22', '2024-06-07 03:19:47', NULL, 'bolsita-amarilla-a-lunares-negros-x10', 1, NULL, NULL, 0, NULL),
(49887, '0555', 'Bolsita Azul a Lunares Negros x10', '[\"products-excel\\/May2024\\/0555.jpg\"]', 'Bolsita Azul a Lunares Negros x10', NULL, '135', '1264', NULL, NULL, NULL, NULL, NULL, NULL, NULL, NULL, NULL, NULL, 3133.75, 2506.83, 2240.44, 2820.38, NULL, NULL, NULL, 124, NULL, NULL, '2024-06-07 03:19:22', '2024-06-07 03:19:47', NULL, 'bolsita-azul-a-lunares-negros-x10', 1, NULL, NULL, 0, NULL),
(49888, '0556', 'Bolsita Roja a Lunares Negros x10', '[\"products-excel\\/May2024\\/0556.jpg\"]', 'Bolsita Roja a Lunares Negros x10', NULL, '135', '1273', NULL, NULL, NULL, NULL, NULL, NULL, NULL, NULL, NULL, NULL, 3133.75, 2506.83, 2240.44, 2820.38, NULL, NULL, NULL, 0, NULL, NULL, '2024-06-07 03:19:22', '2024-06-07 03:19:47', NULL, 'bolsita-roja-a-lunares-negros-x10', 1, NULL, NULL, 0, NULL),
(49889, '0557', 'Bolsita Fucsia a Lunares Negros x10', '[\"products-excel\\/May2024\\/0557.jpg\"]', 'Bolsita Fucsia a Lunares Negros x10', NULL, '135', '1264', NULL, NULL, NULL, NULL, NULL, NULL, NULL, NULL, NULL, NULL, 3133.75, 2506.83, 2240.44, 2820.38, NULL, NULL, NULL, 191, NULL, NULL, '2024-06-07 03:19:22', '2024-06-07 03:19:47', NULL, 'bolsita-fucsia-a-lunares-negros-x10', 1, NULL, NULL, 0, NULL),
(49890, '0558', 'Bolsita Rosa a Lunares Negros x10', '[\"products-excel\\/May2024\\/0558.jpg\"]', 'Bolsita Rosa a Lunares Negros x10', NULL, '135', '1264', NULL, NULL, NULL, NULL, NULL, NULL, NULL, NULL, NULL, NULL, 3133.75, 2506.83, 2240.44, 2820.38, NULL, NULL, NULL, 137, NULL, NULL, '2024-06-07 03:19:22', '2024-06-07 03:19:47', NULL, 'bolsita-rosa-a-lunares-negros-x10', 1, NULL, NULL, 0, NULL),
(49891, '0559', 'Bolsita Verde Manzana a Lunares Negros x10', '[\"products-excel\\/May2024\\/0559.jpg\"]', 'Bolsita Verde Manzana a Lunares Negros x10', NULL, '135', '1264', NULL, NULL, NULL, NULL, NULL, NULL, NULL, NULL, NULL, NULL, 3133.75, 2506.83, 2240.44, 2820.38, NULL, NULL, NULL, 133, NULL, NULL, '2024-06-07 03:19:22', '2024-06-07 03:19:47', NULL, 'bolsita-verde-manzana-a-lunares-negros-x10', 1, NULL, NULL, 0, NULL),
(49892, '0560', 'Bolsita Naranja a Lunares Negros x10', '[\"products-excel\\/May2024\\/0560.jpg\"]', 'Bolsita Naranja a Lunares Negros x10', NULL, '135', '1264', NULL, NULL, NULL, NULL, NULL, NULL, NULL, NULL, NULL, NULL, 3133.75, 2506.83, 2240.44, 2820.38, NULL, NULL, NULL, 63, NULL, NULL, '2024-06-07 03:19:22', '2024-06-07 03:19:47', NULL, 'bolsita-naranja-a-lunares-negros-x10', 1, NULL, NULL, 0, NULL),
(49893, '0561', 'Bolsita Violeta a Lunares Negros x10', '[\"products-excel\\/May2024\\/0561.jpg\"]', 'Bolsita Violeta a Lunares Negros x10', NULL, '135', '1264', NULL, NULL, NULL, NULL, NULL, NULL, NULL, NULL, NULL, NULL, 3133.75, 2506.83, 2240.44, 2820.38, NULL, NULL, NULL, 220, NULL, NULL, '2024-06-07 03:19:22', '2024-06-07 03:19:47', NULL, 'bolsita-violeta-a-lunares-negros-x10', 1, NULL, NULL, 0, NULL),
(49894, '0562', 'Bolsita Coti Rect. Lisa Violeta x10', '[\"products-excel\\/May2024\\/0562.jpg\"]', 'Bolsita Coti Rect. Lisa Violeta x10', NULL, '135', '1294', NULL, NULL, NULL, NULL, NULL, NULL, NULL, NULL, NULL, NULL, 2906.83, 2325.28, 2078.15, 2616.14, NULL, NULL, NULL, 214, NULL, NULL, '2024-06-07 03:19:22', '2024-06-07 03:19:47', NULL, 'bolsita-coti-rect-lisa-violeta-x10', 1, NULL, NULL, 0, NULL),
(49895, '0563', 'Bolsita Coti Rect. Lisa Fucsia x10', '[\"products-excel\\/May2024\\/0563.jpg\"]', 'Bolsita Coti Rect. Lisa Fucsia x10', NULL, '135', '1294', NULL, NULL, NULL, NULL, NULL, NULL, NULL, NULL, NULL, NULL, 2906.83, 2325.28, 2078.15, 2616.14, NULL, NULL, NULL, 192, NULL, NULL, '2024-06-07 03:19:22', '2024-06-07 03:19:47', NULL, 'bolsita-coti-rect-lisa-fucsia-x10', 1, NULL, NULL, 0, NULL);
INSERT INTO `products_excel` (`id`, `codigo`, `articulo`, `imagenes`, `desc_fiscal`, `marca`, `familia`, `categoria`, `sinonimo`, `iva`, `grupo_emp`, `unidad_medida`, `envoltorio`, `peso_neto`, `ancho`, `alto`, `profundidad`, `meses_garantia`, `lista_precios_1`, `lista_precios_2`, `lista_precios_3`, `lista_precios_4`, `stock_maximo`, `stock_minimo`, `reposicion`, `stock_actual`, `fecha_creacion`, `fecha_actualizacion`, `created_at`, `updated_at`, `quantity`, `slug`, `publicado`, `combo`, `rubro_id`, `destacado`, `descuento_combo`) VALUES
(49896, '0564', 'Bolsita Coti Rect. Lisa Naranja x10', '[\"products-excel\\/May2024\\/0564.jpg\"]', 'Bolsita Coti Rect. Lisa Naranja x10', NULL, '135', '1294', NULL, NULL, NULL, NULL, NULL, NULL, NULL, NULL, NULL, NULL, 2906.83, 2325.28, 2078.15, 2616.14, NULL, NULL, NULL, 174, NULL, NULL, '2024-06-07 03:19:22', '2024-06-07 03:19:47', NULL, 'bolsita-coti-rect-lisa-naranja-x10', 1, NULL, NULL, 0, NULL),
(49897, '0565', 'Bolsita Coti Rect. Lisa Rojo x10', '[\"products-excel\\/May2024\\/0565.jpg\"]', 'Bolsita Coti Rect. Lisa Rojo x10', NULL, '135', '1294', NULL, NULL, NULL, NULL, NULL, NULL, NULL, NULL, NULL, NULL, 2906.83, 2325.28, 2078.15, 2616.14, NULL, NULL, NULL, 140, NULL, NULL, '2024-06-07 03:19:22', '2024-06-07 03:19:47', NULL, 'bolsita-coti-rect-lisa-rojo-x10', 1, NULL, NULL, 0, NULL),
(49898, '0566', 'Bolsita Coti Rect. Lisa Verde Manzana x10', '[\"products-excel\\/May2024\\/0566.jpg\"]', 'Bolsita Coti Rect. Lisa Verde Manzana x10', NULL, '135', '1294', NULL, NULL, NULL, NULL, NULL, NULL, NULL, NULL, NULL, NULL, 2906.83, 2325.28, 2078.15, 2616.14, NULL, NULL, NULL, 252, NULL, NULL, '2024-06-07 03:19:22', '2024-06-07 03:19:47', NULL, 'bolsita-coti-rect-lisa-verde-manzana-x10', 1, NULL, NULL, 0, NULL),
(49899, '0567', 'Band. Red. Lisa Amarillo x5', '[\"products-excel\\/May2024\\/0567.jpg\"]', 'Band. Red. Lisa Amarillo x5', NULL, '132', '1306', NULL, NULL, NULL, NULL, NULL, NULL, NULL, NULL, NULL, NULL, 12345.80, 9876.63, 8932.27, 11111.23, NULL, NULL, NULL, 0, NULL, NULL, '2024-06-07 03:19:22', '2024-06-07 03:19:22', NULL, 'band-red-lisa-amarillo-x5', 0, NULL, NULL, 0, NULL),
(49900, '0568', 'Band. Red. Lisa Azul x5', '[\"products-excel\\/May2024\\/0568.jpg\"]', 'Band. Red. Lisa Azul x5', NULL, '132', '1306', NULL, NULL, NULL, NULL, NULL, NULL, NULL, NULL, NULL, NULL, 12345.80, 9876.63, 8932.27, 11111.23, NULL, NULL, NULL, 0, NULL, NULL, '2024-06-07 03:19:22', '2024-06-07 03:19:22', NULL, 'band-red-lisa-azul-x5', 0, NULL, NULL, 0, NULL),
(49901, '0569', 'Band. Red. Lisa Blanco x5', '[\"products-excel\\/May2024\\/0569.jpg\"]', 'Band. Red. Lisa Blanco x5', NULL, '132', '1306', NULL, NULL, NULL, NULL, NULL, NULL, NULL, NULL, NULL, NULL, 12345.80, 9876.63, 8932.27, 11111.23, NULL, NULL, NULL, 0, NULL, NULL, '2024-06-07 03:19:22', '2024-06-07 03:19:22', NULL, 'band-red-lisa-blanco-x5', 0, NULL, NULL, 0, NULL),
(49902, '0570', 'Band. Red. Lisa Celeste x5', '[\"products-excel\\/May2024\\/0570.jpg\"]', 'Band. Red. Lisa Celeste x5', NULL, '132', '1306', NULL, NULL, NULL, NULL, NULL, NULL, NULL, NULL, NULL, NULL, 12345.80, 9876.63, 8932.27, 11111.23, NULL, NULL, NULL, 0, NULL, NULL, '2024-06-07 03:19:22', '2024-06-07 03:19:22', NULL, 'band-red-lisa-celeste-x5', 0, NULL, NULL, 0, NULL),
(49903, '0571', 'Band. Red. Lisa Fucsia x5', '[\"products-excel\\/May2024\\/0571.jpg\"]', 'Band. Red. Lisa Fucsia x5', NULL, '132', '1306', NULL, NULL, NULL, NULL, NULL, NULL, NULL, NULL, NULL, NULL, 12345.80, 9876.63, 8932.27, 11111.23, NULL, NULL, NULL, 0, NULL, NULL, '2024-06-07 03:19:22', '2024-06-07 03:19:22', NULL, 'band-red-lisa-fucsia-x5', 0, NULL, NULL, 0, NULL),
(49904, '0572', 'Band. Red. Lisa Naranja x5', '[\"products-excel\\/May2024\\/0572.jpg\"]', 'Band. Red. Lisa Naranja x5', NULL, '132', '1306', NULL, NULL, NULL, NULL, NULL, NULL, NULL, NULL, NULL, NULL, 12345.80, 9876.63, 8932.27, 11111.23, NULL, NULL, NULL, 0, NULL, NULL, '2024-06-07 03:19:22', '2024-06-07 03:19:22', NULL, 'band-red-lisa-naranja-x5', 0, NULL, NULL, 0, NULL),
(49905, '0573', 'Band. Red. Lisa Negro x5', '[\"products-excel\\/May2024\\/0573.jpg\"]', 'Band. Red. Lisa Negro x5', NULL, '132', '1306', NULL, NULL, NULL, NULL, NULL, NULL, NULL, NULL, NULL, NULL, 12345.80, 9876.63, 8932.27, 11111.23, NULL, NULL, NULL, 0, NULL, NULL, '2024-06-07 03:19:22', '2024-06-07 03:19:22', NULL, 'band-red-lisa-negro-x5', 0, NULL, NULL, 0, NULL),
(49906, '0574', 'Band. Red. Lisa Rojo x5', '[\"products-excel\\/May2024\\/0574.jpg\"]', 'Band. Red. Lisa Rojo x5', NULL, '132', '1306', NULL, NULL, NULL, NULL, NULL, NULL, NULL, NULL, NULL, NULL, 12345.80, 9876.63, 8932.27, 11111.23, NULL, NULL, NULL, 0, NULL, NULL, '2024-06-07 03:19:22', '2024-06-07 03:19:22', NULL, 'band-red-lisa-rojo-x5', 0, NULL, NULL, 0, NULL),
(49907, '0575', 'Band. Red. Lisa Rosa x5', '[\"products-excel\\/May2024\\/0575.jpg\"]', 'Band. Red. Lisa Rosa x5', NULL, '132', '1306', NULL, NULL, NULL, NULL, NULL, NULL, NULL, NULL, NULL, NULL, 12345.80, 9876.63, 8932.27, 11111.23, NULL, NULL, NULL, 0, NULL, NULL, '2024-06-07 03:19:22', '2024-06-07 03:19:22', NULL, 'band-red-lisa-rosa-x5', 0, NULL, NULL, 0, NULL),
(49908, '0576', 'Band. Red. Lisa V. Manzana x5', '[\"products-excel\\/May2024\\/0576.jpg\"]', 'Band. Red. Lisa V. Manzana x5', NULL, '132', '1306', NULL, NULL, NULL, NULL, NULL, NULL, NULL, NULL, NULL, NULL, 12345.80, 9876.63, 8932.27, 11111.23, NULL, NULL, NULL, 0, NULL, NULL, '2024-06-07 03:19:22', '2024-06-07 03:19:22', NULL, 'band-red-lisa-v-manzana-x5', 0, NULL, NULL, 0, NULL),
(49909, '0577', 'Band. Red. Lisa Verde x5', '[\"products-excel\\/May2024\\/0577.jpg\"]', 'Band. Red. Lisa Verde x5', NULL, '132', '1306', NULL, NULL, NULL, NULL, NULL, NULL, NULL, NULL, NULL, NULL, 12345.80, 9876.63, 8932.27, 11111.23, NULL, NULL, NULL, 0, NULL, NULL, '2024-06-07 03:19:22', '2024-06-07 03:19:22', NULL, 'band-red-lisa-verde-x5', 0, NULL, NULL, 0, NULL),
(49910, '0578', 'Band. Red. Lisa Violeta x5', '[\"products-excel\\/May2024\\/0578.jpg\"]', 'Band. Red. Lisa Violeta x5', NULL, '132', '1306', NULL, NULL, NULL, NULL, NULL, NULL, NULL, NULL, NULL, NULL, 12345.80, 9876.63, 8932.27, 11111.23, NULL, NULL, NULL, 0, NULL, NULL, '2024-06-07 03:19:22', '2024-06-07 03:19:22', NULL, 'band-red-lisa-violeta-x5', 0, NULL, NULL, 0, NULL),
(49911, '0579', 'Band. Rect. Lisa Amarillo x5', '[\"products-excel\\/May2024\\/0579.jpg\"]', 'Band. Rect. Lisa Amarillo x5', NULL, '132', '1307', NULL, NULL, NULL, NULL, NULL, NULL, NULL, NULL, NULL, NULL, 12345.80, 9876.63, 8932.27, 11111.23, NULL, NULL, NULL, 0, NULL, NULL, '2024-06-07 03:19:22', '2024-06-07 03:19:22', NULL, 'band-rect-lisa-amarillo-x5', 0, NULL, NULL, 0, NULL),
(49912, '0580', 'Band. Rect. Lisa Azul x5', '[\"products-excel\\/May2024\\/0580.jpg\"]', 'Band. Rect. Lisa Azul x5', NULL, '132', '1307', NULL, NULL, NULL, NULL, NULL, NULL, NULL, NULL, NULL, NULL, 12345.80, 9876.63, 8932.27, 11111.23, NULL, NULL, NULL, 0, NULL, NULL, '2024-06-07 03:19:22', '2024-06-07 03:19:22', NULL, 'band-rect-lisa-azul-x5', 0, NULL, NULL, 0, NULL),
(49913, '0581', 'Band. Rect. Lisa Blanco x5', '[\"products-excel\\/May2024\\/0581.jpg\"]', 'Band. Rect. Lisa Blanco x5', NULL, '132', '1307', NULL, NULL, NULL, NULL, NULL, NULL, NULL, NULL, NULL, NULL, 12345.80, 9876.63, 8932.27, 11111.23, NULL, NULL, NULL, 0, NULL, NULL, '2024-06-07 03:19:22', '2024-06-07 03:19:22', NULL, 'band-rect-lisa-blanco-x5', 0, NULL, NULL, 0, NULL),
(49914, '0582', 'Band. Rect. Lisa Celeste x5', '[\"products-excel\\/May2024\\/0582.jpg\"]', 'Band. Rect. Lisa Celeste x5', NULL, '132', '1307', NULL, NULL, NULL, NULL, NULL, NULL, NULL, NULL, NULL, NULL, 12345.80, 9876.63, 8932.27, 11111.23, NULL, NULL, NULL, 0, NULL, NULL, '2024-06-07 03:19:22', '2024-06-07 03:19:22', NULL, 'band-rect-lisa-celeste-x5', 0, NULL, NULL, 0, NULL),
(49915, '0583', 'Band. Rect. Lisa Fucsia x5', '[\"products-excel\\/May2024\\/0583.jpg\"]', 'Band. Rect. Lisa Fucsia x5', NULL, '132', '1307', NULL, NULL, NULL, NULL, NULL, NULL, NULL, NULL, NULL, NULL, 12345.80, 9876.63, 8932.27, 11111.23, NULL, NULL, NULL, 0, NULL, NULL, '2024-06-07 03:19:22', '2024-06-07 03:19:22', NULL, 'band-rect-lisa-fucsia-x5', 0, NULL, NULL, 0, NULL),
(49916, '0584', 'Band. Rect. Lisa Naranja x5', '[\"products-excel\\/May2024\\/0584.jpg\"]', 'Band. Rect. Lisa Naranja x5', NULL, '132', '1307', NULL, NULL, NULL, NULL, NULL, NULL, NULL, NULL, NULL, NULL, 12345.80, 9876.63, 8932.27, 11111.23, NULL, NULL, NULL, 0, NULL, NULL, '2024-06-07 03:19:22', '2024-06-07 03:19:22', NULL, 'band-rect-lisa-naranja-x5', 0, NULL, NULL, 0, NULL),
(49917, '0585', 'Band. Rect. Lisa Negro x5', '[\"products-excel\\/May2024\\/0585.jpg\"]', 'Band. Rect. Lisa Negro x5', NULL, '132', '1307', NULL, NULL, NULL, NULL, NULL, NULL, NULL, NULL, NULL, NULL, 12345.80, 9876.63, 8932.27, 11111.23, NULL, NULL, NULL, 0, NULL, NULL, '2024-06-07 03:19:22', '2024-06-07 03:19:22', NULL, 'band-rect-lisa-negro-x5', 0, NULL, NULL, 0, NULL),
(49918, '0586', 'Band. Rect. Lisa Rojo x5', '[\"products-excel\\/May2024\\/0586.jpg\"]', 'Band. Rect. Lisa Rojo x5', NULL, '132', '1307', NULL, NULL, NULL, NULL, NULL, NULL, NULL, NULL, NULL, NULL, 12345.80, 9876.63, 8932.27, 11111.23, NULL, NULL, NULL, 0, NULL, NULL, '2024-06-07 03:19:22', '2024-06-07 03:19:22', NULL, 'band-rect-lisa-rojo-x5', 0, NULL, NULL, 0, NULL),
(49919, '0587', 'Band. Rect. Lisa Rosa x5', '[\"products-excel\\/May2024\\/0587.jpg\"]', 'Band. Rect. Lisa Rosa x5', NULL, '132', '1307', NULL, NULL, NULL, NULL, NULL, NULL, NULL, NULL, NULL, NULL, 12345.80, 9876.63, 8932.27, 11111.23, NULL, NULL, NULL, 0, NULL, NULL, '2024-06-07 03:19:22', '2024-06-07 03:19:22', NULL, 'band-rect-lisa-rosa-x5', 0, NULL, NULL, 0, NULL),
(49920, '0588', 'Band. Rect. Lisa V. Manzana x5', '[\"products-excel\\/May2024\\/0588.jpg\"]', 'Band. Rect. Lisa V. Manzana x5', NULL, '132', '1307', NULL, NULL, NULL, NULL, NULL, NULL, NULL, NULL, NULL, NULL, 12345.80, 9876.63, 8932.27, 11111.23, NULL, NULL, NULL, 0, NULL, NULL, '2024-06-07 03:19:22', '2024-06-07 03:19:22', NULL, 'band-rect-lisa-v-manzana-x5', 0, NULL, NULL, 0, NULL),
(49921, '0589', 'Band. Rect. Lisa Verde x5', '[\"products-excel\\/May2024\\/0589.jpg\"]', 'Band. Rect. Lisa Verde x5', NULL, '132', '1307', NULL, NULL, NULL, NULL, NULL, NULL, NULL, NULL, NULL, NULL, 12345.80, 9876.63, 8932.27, 11111.23, NULL, NULL, NULL, 0, NULL, NULL, '2024-06-07 03:19:22', '2024-06-07 03:19:22', NULL, 'band-rect-lisa-verde-x5', 0, NULL, NULL, 0, NULL),
(49922, '0590', 'Band. Rect. Lisa Violeta x5', '[\"products-excel\\/May2024\\/0590.jpg\"]', 'Band. Rect. Lisa Violeta x5', NULL, '132', '1307', NULL, NULL, NULL, NULL, NULL, NULL, NULL, NULL, NULL, NULL, 12345.80, 9876.63, 8932.27, 11111.23, NULL, NULL, NULL, 0, NULL, NULL, '2024-06-07 03:19:22', '2024-06-07 03:19:22', NULL, 'band-rect-lisa-violeta-x5', 0, NULL, NULL, 0, NULL),
(49923, '0591', 'Banderin Amarillo Con Lunares Negros x5', '[\"products-excel\\/May2024\\/0591.jpg\"]', 'Banderin Amarillo Con Lunares Negros x5', NULL, '133', '1263', NULL, NULL, NULL, NULL, NULL, NULL, NULL, NULL, NULL, NULL, 8547.13, 6837.76, 6111.22, 7692.45, NULL, NULL, NULL, -1, NULL, NULL, '2024-06-07 03:19:22', '2024-06-07 03:19:47', NULL, 'banderin-amarillo-con-lunares-negros-x5', 1, NULL, NULL, 0, NULL),
(49924, '0592', 'Banderin Azul Con Lunares Negros x5', '[\"products-excel\\/May2024\\/0592.jpg\"]', 'Banderin Azul Con Lunares Negros x5', NULL, '133', '1263', NULL, NULL, NULL, NULL, NULL, NULL, NULL, NULL, NULL, NULL, 8547.13, 6837.76, 6111.22, 7692.45, NULL, NULL, NULL, 0, NULL, NULL, '2024-06-07 03:19:22', '2024-06-07 03:19:47', NULL, 'banderin-azul-con-lunares-negros-x5', 1, NULL, NULL, 0, NULL),
(49925, '0593', 'Banderin Rojo Con Lunares Negros x5', '[\"products-excel\\/May2024\\/0593.jpg\"]', 'Banderin Rojo Con Lunares Negros x5', NULL, '133', '1263', NULL, NULL, NULL, NULL, NULL, NULL, NULL, NULL, NULL, NULL, 8547.13, 6837.76, 6111.22, 7692.45, NULL, NULL, NULL, -19, NULL, NULL, '2024-06-07 03:19:22', '2024-06-07 03:19:47', NULL, 'banderin-rojo-con-lunares-negros-x5', 1, NULL, NULL, 0, NULL),
(49926, '0594', 'Banderin Fucsia Con Lunares Negros x5', '[\"products-excel\\/May2024\\/0594.jpg\"]', 'Banderin Fucsia Con Lunares Negros x5', NULL, '133', '1263', NULL, NULL, NULL, NULL, NULL, NULL, NULL, NULL, NULL, NULL, 8547.13, 6837.76, 6111.22, 7692.45, NULL, NULL, NULL, 0, NULL, NULL, '2024-06-07 03:19:22', '2024-06-07 03:19:47', NULL, 'banderin-fucsia-con-lunares-negros-x5', 1, NULL, NULL, 0, NULL),
(49927, '0595', 'Banderin Rosa Con Lunares Negros x5', '[\"products-excel\\/May2024\\/0595.jpg\"]', 'Banderin Rosa Con Lunares Negros x5', NULL, '133', '1263', NULL, NULL, NULL, NULL, NULL, NULL, NULL, NULL, NULL, NULL, 8547.13, 6837.76, 6111.22, 7692.45, NULL, NULL, NULL, 0, NULL, NULL, '2024-06-07 03:19:22', '2024-06-07 03:19:47', NULL, 'banderin-rosa-con-lunares-negros-x5', 1, NULL, NULL, 0, NULL),
(49928, '0596', 'Banderin Verde Con Lunares Negros x5', '[\"products-excel\\/May2024\\/0596.jpg\"]', 'Banderin Verde Con Lunares Negros x5', NULL, '133', '1263', NULL, NULL, NULL, NULL, NULL, NULL, NULL, NULL, NULL, NULL, 8547.13, 6837.76, 6111.22, 7692.45, NULL, NULL, NULL, 0, NULL, NULL, '2024-06-07 03:19:22', '2024-06-07 03:19:47', NULL, 'banderin-verde-con-lunares-negros-x5', 1, NULL, NULL, 0, NULL),
(49929, '0597', 'Banderin Naranja Con Lunares Negros x5', '[\"products-excel\\/May2024\\/0597.jpg\"]', 'Banderin Naranja Con Lunares Negros x5', NULL, '133', '1263', NULL, NULL, NULL, NULL, NULL, NULL, NULL, NULL, NULL, NULL, 8547.13, 6837.76, 6111.22, 7692.45, NULL, NULL, NULL, -6, NULL, NULL, '2024-06-07 03:19:22', '2024-06-07 03:19:47', NULL, 'banderin-naranja-con-lunares-negros-x5', 1, NULL, NULL, 0, NULL),
(49930, '0598', 'Banderin Violeta Con Lunares Negros x5', '[\"products-excel\\/May2024\\/0598.jpg\"]', 'Banderin Violeta Con Lunares Negros x5', NULL, '133', '1263', NULL, NULL, NULL, NULL, NULL, NULL, NULL, NULL, NULL, NULL, 8547.13, 6837.76, 6111.22, 7692.45, NULL, NULL, NULL, -3, NULL, NULL, '2024-06-07 03:19:22', '2024-06-07 03:19:47', NULL, 'banderin-violeta-con-lunares-negros-x5', 1, NULL, NULL, 0, NULL),
(49931, '0599', 'Mantel Azul con Camino Estrella Azul', '[\"products-excel\\/May2024\\/0599.jpg\"]', 'Mantel Azul con Camino Estrella Azul', NULL, '136', '1268', NULL, NULL, NULL, NULL, NULL, NULL, NULL, NULL, NULL, NULL, 3038.99, 2431.19, 2172.74, 2735.09, NULL, NULL, NULL, 0, NULL, NULL, '2024-06-07 03:19:22', '2024-06-07 03:19:22', NULL, 'mantel-azul-con-camino-estrella-azul', 0, NULL, NULL, 0, NULL),
(49932, '0600', 'Mantel Rojo con Camino Corazon Rojo', '[\"products-excel\\/May2024\\/0600.jpg\"]', 'Mantel Rojo con Camino Corazon Rojo', NULL, '136', '1268', NULL, NULL, NULL, NULL, NULL, NULL, NULL, NULL, NULL, NULL, 3038.99, 2431.19, 2172.74, 2735.09, NULL, NULL, NULL, 0, NULL, NULL, '2024-06-07 03:19:22', '2024-06-07 03:19:22', NULL, 'mantel-rojo-con-camino-corazon-rojo', 0, NULL, NULL, 0, NULL),
(49933, '0601', 'Mantel Verde con Camino Cuadritos Verde', '[\"products-excel\\/May2024\\/0601.jpg\"]', 'Mantel Verde con Camino Cuadritos Verde', NULL, '136', '1268', NULL, NULL, NULL, NULL, NULL, NULL, NULL, NULL, NULL, NULL, 3038.99, 2431.19, 2172.74, 2735.09, NULL, NULL, NULL, 0, NULL, NULL, '2024-06-07 03:19:22', '2024-06-07 03:19:22', NULL, 'mantel-verde-con-camino-cuadritos-verde', 0, NULL, NULL, 0, NULL),
(49934, '0602', 'Mantel Violeta con Camino Animal Violeta', '[\"products-excel\\/May2024\\/0602.jpg\"]', 'Mantel Violeta con Camino Animal Violeta', NULL, '136', '1268', NULL, NULL, NULL, NULL, NULL, NULL, NULL, NULL, NULL, NULL, 3038.99, 2431.19, 2172.74, 2735.09, NULL, NULL, NULL, 0, NULL, NULL, '2024-06-07 03:19:22', '2024-06-07 03:19:22', NULL, 'mantel-violeta-con-camino-animal-violeta', 0, NULL, NULL, 0, NULL),
(49935, '0603', 'Mantel Rojo con Camino Lunares Rojo', '[\"products-excel\\/May2024\\/0603.jpg\"]', 'Mantel Rojo con Camino Lunares Rojo', NULL, '137', '1276', NULL, NULL, NULL, NULL, NULL, NULL, NULL, NULL, NULL, NULL, 3038.99, 2431.19, 2172.74, 2735.09, NULL, NULL, NULL, 0, NULL, NULL, '2024-06-07 03:19:22', '2024-06-07 03:19:22', NULL, 'mantel-rojo-con-camino-lunares-rojo', 0, NULL, NULL, 0, NULL),
(49936, '0604', 'Banderin Fucsia y Blanco x5', '[\"products-excel\\/May2024\\/0604.jpg\"]', 'Banderin Fucsia y Blanco x5', NULL, '133', '1260', NULL, NULL, NULL, NULL, NULL, NULL, NULL, NULL, NULL, NULL, 8547.13, 6837.76, 6111.22, 7692.45, NULL, NULL, NULL, 10, NULL, NULL, '2024-06-07 03:19:22', '2024-06-07 03:19:47', NULL, 'banderin-fucsia-y-blanco-x5', 1, NULL, NULL, 0, NULL),
(49937, '0605', 'Banderin Violeta y Blanco x5', '[\"products-excel\\/May2024\\/0605.jpg\"]', 'Banderin Violeta y Blanco x5', NULL, '133', '1260', NULL, NULL, NULL, NULL, NULL, NULL, NULL, NULL, NULL, NULL, 8547.13, 6837.76, 6111.22, 7692.45, NULL, NULL, NULL, 0, NULL, NULL, '2024-06-07 03:19:22', '2024-06-07 03:19:47', NULL, 'banderin-violeta-y-blanco-x5', 1, NULL, NULL, 0, NULL),
(49938, '0606', 'Banderin Verde y Blanco x5', '[\"products-excel\\/May2024\\/0606.jpg\"]', 'Banderin Verde y Blanco x5', NULL, '133', '1260', NULL, NULL, NULL, NULL, NULL, NULL, NULL, NULL, NULL, NULL, 8547.13, 6837.76, 6111.22, 7692.45, NULL, NULL, NULL, 0, NULL, NULL, '2024-06-07 03:19:22', '2024-06-07 03:19:47', NULL, 'banderin-verde-y-blanco-x5', 1, NULL, NULL, 0, NULL),
(49939, '0607', 'Band. Red. Amarillo con Lunares Negros x5', '[\"products-excel\\/May2024\\/0607.jpg\"]', 'Band. Red. Amarillo con Lunares Negros x5', NULL, '132', '1258', NULL, NULL, NULL, NULL, NULL, NULL, NULL, NULL, NULL, NULL, 12345.80, 9876.63, 8932.27, 11111.23, NULL, NULL, NULL, 0, NULL, NULL, '2024-06-07 03:19:22', '2024-06-07 03:19:22', NULL, 'band-red-amarillo-con-lunares-negros-x5', 0, NULL, NULL, 0, NULL),
(49940, '0608', 'Band. Red. Azul con Lunares Negros x5', '[\"products-excel\\/May2024\\/0608.jpg\"]', 'Band. Red. Azul con Lunares Negros x5', NULL, '132', '1258', NULL, NULL, NULL, NULL, NULL, NULL, NULL, NULL, NULL, NULL, 12345.80, 9876.63, 8932.27, 11111.23, NULL, NULL, NULL, 0, NULL, NULL, '2024-06-07 03:19:22', '2024-06-07 03:19:22', NULL, 'band-red-azul-con-lunares-negros-x5', 0, NULL, NULL, 0, NULL),
(49941, '0609', 'Band. Red. Rojo con Lunares Negros x5', '[\"products-excel\\/May2024\\/0609.jpg\"]', 'Band. Red. Rojo con Lunares Negros x5', NULL, '132', '1258', NULL, NULL, NULL, NULL, NULL, NULL, NULL, NULL, NULL, NULL, 12345.80, 9876.63, 8932.27, 11111.23, NULL, NULL, NULL, 0, NULL, NULL, '2024-06-07 03:19:22', '2024-06-07 03:19:22', NULL, 'band-red-rojo-con-lunares-negros-x5', 0, NULL, NULL, 0, NULL),
(49942, '0610', 'Band. Red. Fucsia con Lunares Negros x5', '[\"products-excel\\/May2024\\/0610.jpg\"]', 'Band. Red. Fucsia con Lunares Negros x5', NULL, '132', '1258', NULL, NULL, NULL, NULL, NULL, NULL, NULL, NULL, NULL, NULL, 12345.80, 9876.63, 8932.27, 11111.23, NULL, NULL, NULL, 0, NULL, NULL, '2024-06-07 03:19:22', '2024-06-07 03:19:22', NULL, 'band-red-fucsia-con-lunares-negros-x5', 0, NULL, NULL, 0, NULL),
(49943, '0611', 'Band. Red. Rosa con Lunares Negros x5', '[\"products-excel\\/May2024\\/0611.jpg\"]', 'Band. Red. Rosa con Lunares Negros x5', NULL, '132', '1258', NULL, NULL, NULL, NULL, NULL, NULL, NULL, NULL, NULL, NULL, 12345.80, 9876.63, 8932.27, 11111.23, NULL, NULL, NULL, 0, NULL, NULL, '2024-06-07 03:19:22', '2024-06-07 03:19:22', NULL, 'band-red-rosa-con-lunares-negros-x5', 0, NULL, NULL, 0, NULL),
(49944, '0612', 'Band. Red. Verde con Lunares Negros x5', '[\"products-excel\\/May2024\\/0612.jpg\"]', 'Band. Red. Verde con Lunares Negros x5', NULL, '132', '1258', NULL, NULL, NULL, NULL, NULL, NULL, NULL, NULL, NULL, NULL, 12345.80, 9876.63, 8932.27, 11111.23, NULL, NULL, NULL, 0, NULL, NULL, '2024-06-07 03:19:22', '2024-06-07 03:19:22', NULL, 'band-red-verde-con-lunares-negros-x5', 0, NULL, NULL, 0, NULL),
(49945, '0613', 'Band. Red. Naranja con Lunares Negros x5', '[\"products-excel\\/May2024\\/0613.jpg\"]', 'Band. Red. Naranja con Lunares Negros x5', NULL, '132', '1258', NULL, NULL, NULL, NULL, NULL, NULL, NULL, NULL, NULL, NULL, 12345.80, 9876.63, 8932.27, 11111.23, NULL, NULL, NULL, 0, NULL, NULL, '2024-06-07 03:19:22', '2024-06-07 03:19:22', NULL, 'band-red-naranja-con-lunares-negros-x5', 0, NULL, NULL, 0, NULL),
(49946, '0614', 'Band. Red. Violeta con Lunares Negros x5', '[\"products-excel\\/May2024\\/0614.jpg\"]', 'Band. Red. Violeta con Lunares Negros x5', NULL, '132', '1258', NULL, NULL, NULL, NULL, NULL, NULL, NULL, NULL, NULL, NULL, 12345.80, 9876.63, 8932.27, 11111.23, NULL, NULL, NULL, 0, NULL, NULL, '2024-06-07 03:19:22', '2024-06-07 03:19:22', NULL, 'band-red-violeta-con-lunares-negros-x5', 0, NULL, NULL, 0, NULL),
(49947, '0615', 'Band. Rect. Amarillo con Lunares Negros x5', '[\"products-excel\\/May2024\\/0615.jpg\"]', 'Band. Rect. Amarillo con Lunares Negros x5', NULL, '132', '1259', NULL, NULL, NULL, NULL, NULL, NULL, NULL, NULL, NULL, NULL, 12345.80, 9876.63, 8932.27, 11111.23, NULL, NULL, NULL, 0, NULL, NULL, '2024-06-07 03:19:22', '2024-06-07 03:19:22', NULL, 'band-rect-amarillo-con-lunares-negros-x5', 0, NULL, NULL, 0, NULL),
(49948, '0616', 'Band. Rect. Azul con Lunares Negros x5', '[\"products-excel\\/May2024\\/0616.jpg\"]', 'Band. Rect. Azul con Lunares Negros x5', NULL, '132', '1259', NULL, NULL, NULL, NULL, NULL, NULL, NULL, NULL, NULL, NULL, 12345.80, 9876.63, 8932.27, 11111.23, NULL, NULL, NULL, 0, NULL, NULL, '2024-06-07 03:19:22', '2024-06-07 03:19:22', NULL, 'band-rect-azul-con-lunares-negros-x5', 0, NULL, NULL, 0, NULL),
(49949, '0617', 'Band. Rect. Rojo con Lunares Negros x5', '[\"products-excel\\/May2024\\/0617.jpg\"]', 'Band. Rect. Rojo con Lunares Negros x5', NULL, '132', '1259', NULL, NULL, NULL, NULL, NULL, NULL, NULL, NULL, NULL, NULL, 12345.80, 9876.63, 8932.27, 11111.23, NULL, NULL, NULL, 0, NULL, NULL, '2024-06-07 03:19:22', '2024-06-07 03:19:22', NULL, 'band-rect-rojo-con-lunares-negros-x5', 0, NULL, NULL, 0, NULL),
(49950, '0618', 'Band. Rect. Fucsia con Lunares Negros x5', '[\"products-excel\\/May2024\\/0618.jpg\"]', 'Band. Rect. Fucsia con Lunares Negros x5', NULL, '132', '1259', NULL, NULL, NULL, NULL, NULL, NULL, NULL, NULL, NULL, NULL, 12345.80, 9876.63, 8932.27, 11111.23, NULL, NULL, NULL, 0, NULL, NULL, '2024-06-07 03:19:22', '2024-06-07 03:19:22', NULL, 'band-rect-fucsia-con-lunares-negros-x5', 0, NULL, NULL, 0, NULL),
(49951, '0619', 'Band. Rect. Rosa con Lunares Negros x5', '[\"products-excel\\/May2024\\/0619.jpg\"]', 'Band. Rect. Rosa con Lunares Negros x5', NULL, '132', '1259', NULL, NULL, NULL, NULL, NULL, NULL, NULL, NULL, NULL, NULL, 12345.80, 9876.63, 8932.27, 11111.23, NULL, NULL, NULL, 0, NULL, NULL, '2024-06-07 03:19:22', '2024-06-07 03:19:22', NULL, 'band-rect-rosa-con-lunares-negros-x5', 0, NULL, NULL, 0, NULL),
(49952, '0620', 'Band. Rect. Verde con Lunares Negros x5', '[\"products-excel\\/May2024\\/0620.jpg\"]', 'Band. Rect. Verde con Lunares Negros x5', NULL, '132', '1259', NULL, NULL, NULL, NULL, NULL, NULL, NULL, NULL, NULL, NULL, 12345.80, 9876.63, 8932.27, 11111.23, NULL, NULL, NULL, 0, NULL, NULL, '2024-06-07 03:19:22', '2024-06-07 03:19:22', NULL, 'band-rect-verde-con-lunares-negros-x5', 0, NULL, NULL, 0, NULL),
(49953, '0621', 'Band. Rect. Naranja con Lunares Negros x5', '[\"products-excel\\/May2024\\/0621.jpg\"]', 'Band. Rect. Naranja con Lunares Negros x5', NULL, '132', '1259', NULL, NULL, NULL, NULL, NULL, NULL, NULL, NULL, NULL, NULL, 12345.80, 9876.63, 8932.27, 11111.23, NULL, NULL, NULL, 0, NULL, NULL, '2024-06-07 03:19:22', '2024-06-07 03:19:22', NULL, 'band-rect-naranja-con-lunares-negros-x5', 0, NULL, NULL, 0, NULL),
(49954, '0622', 'Band. Rect. Violeta con Lunares Negros x5', '[\"products-excel\\/May2024\\/0622.jpg\"]', 'Band. Rect. Violeta con Lunares Negros x5', NULL, '132', '1259', NULL, NULL, NULL, NULL, NULL, NULL, NULL, NULL, NULL, NULL, 12345.80, 9876.63, 8932.27, 11111.23, NULL, NULL, NULL, 0, NULL, NULL, '2024-06-07 03:19:22', '2024-06-07 03:19:22', NULL, 'band-rect-violeta-con-lunares-negros-x5', 0, NULL, NULL, 0, NULL),
(49955, '0623', 'Bolsita Redonda Amarillo a Lunares Negros x10', '[\"products-excel\\/May2024\\/0623.jpg\"]', 'Bolsita Redonda Amarillo a Lunares Negros x10', NULL, '135', '1273', NULL, NULL, NULL, NULL, NULL, NULL, NULL, NULL, NULL, NULL, 2634.54, 2107.56, 1883.32, 2371.12, NULL, NULL, NULL, 0, NULL, NULL, '2024-06-07 03:19:22', '2024-06-07 03:19:47', NULL, 'bolsita-redonda-amarillo-a-lunares-negros-x10', 1, NULL, NULL, 0, NULL),
(49956, '0624', 'Bolsita Redonda Azul a Lunares Negros x10', '[\"products-excel\\/May2024\\/0624.jpg\"]', 'Bolsita Redonda Azul a Lunares Negros x10', NULL, '135', '1273', NULL, NULL, NULL, NULL, NULL, NULL, NULL, NULL, NULL, NULL, 2634.54, 2107.56, 1883.32, 2371.12, NULL, NULL, NULL, 0, NULL, NULL, '2024-06-07 03:19:22', '2024-06-07 03:19:47', NULL, 'bolsita-redonda-azul-a-lunares-negros-x10', 1, NULL, NULL, 0, NULL),
(49957, '0625', 'Bolsita Redonda Rojo a Lunares Negros x10', '[\"products-excel\\/May2024\\/0625.jpg\"]', 'Bolsita Redonda Rojo a Lunares Negros x10', NULL, '135', '1273', NULL, NULL, NULL, NULL, NULL, NULL, NULL, NULL, NULL, NULL, 2634.54, 2107.56, 1883.32, 2371.12, NULL, NULL, NULL, 0, NULL, NULL, '2024-06-07 03:19:22', '2024-06-07 03:19:47', NULL, 'bolsita-redonda-rojo-a-lunares-negros-x10', 1, NULL, NULL, 0, NULL),
(49958, '0626', 'Bolsita Redonda Fucsia a Lunares Negros x10', '[\"products-excel\\/May2024\\/0626.jpg\"]', 'Bolsita Redonda Fucsia a Lunares Negros x10', NULL, '135', '1273', NULL, NULL, NULL, NULL, NULL, NULL, NULL, NULL, NULL, NULL, 2634.54, 2107.56, 1883.32, 2371.12, NULL, NULL, NULL, 0, NULL, NULL, '2024-06-07 03:19:22', '2024-06-07 03:19:47', NULL, 'bolsita-redonda-fucsia-a-lunares-negros-x10', 1, NULL, NULL, 0, NULL),
(49959, '0627', 'Bolsita Redonda Rosa a Lunares Negros x10', '[\"products-excel\\/May2024\\/0627.jpg\"]', 'Bolsita Redonda Rosa a Lunares Negros x10', NULL, '135', '1273', NULL, NULL, NULL, NULL, NULL, NULL, NULL, NULL, NULL, NULL, 2634.54, 2107.56, 1883.32, 2371.12, NULL, NULL, NULL, 0, NULL, NULL, '2024-06-07 03:19:22', '2024-06-07 03:19:47', NULL, 'bolsita-redonda-rosa-a-lunares-negros-x10', 1, NULL, NULL, 0, NULL),
(49960, '0628', 'Bolsita Redonda Verde Manzana a Lunares Negros x10', '[\"products-excel\\/May2024\\/0628.jpg\"]', 'Bolsita Redonda Verde Manzana a Lunares Negros x10', NULL, '135', '1273', NULL, NULL, NULL, NULL, NULL, NULL, NULL, NULL, NULL, NULL, 2634.54, 2107.56, 1883.32, 2371.12, NULL, NULL, NULL, 0, NULL, NULL, '2024-06-07 03:19:22', '2024-06-07 03:19:47', NULL, 'bolsita-redonda-verde-manzana-a-lunares-negros-x10', 1, NULL, NULL, 0, NULL),
(49961, '0629', 'Bolsita Redonda Naranja a Lunares Negros x10', '[\"products-excel\\/May2024\\/0629.jpg\"]', 'Bolsita Redonda Naranja a Lunares Negros x10', NULL, '135', '1273', NULL, NULL, NULL, NULL, NULL, NULL, NULL, NULL, NULL, NULL, 2634.54, 2107.56, 1883.32, 2371.12, NULL, NULL, NULL, 0, NULL, NULL, '2024-06-07 03:19:22', '2024-06-07 03:19:47', NULL, 'bolsita-redonda-naranja-a-lunares-negros-x10', 1, NULL, NULL, 0, NULL),
(49962, '0630', 'Bolsita Redonda Violeta a Lunares Negros x10', '[\"products-excel\\/May2024\\/0630.jpg\"]', 'Bolsita Redonda Violeta a Lunares Negros x10', NULL, '135', '1273', NULL, NULL, NULL, NULL, NULL, NULL, NULL, NULL, NULL, NULL, 2634.54, 2107.56, 1883.32, 2371.12, NULL, NULL, NULL, 0, NULL, NULL, '2024-06-07 03:19:22', '2024-06-07 03:19:47', NULL, 'bolsita-redonda-violeta-a-lunares-negros-x10', 1, NULL, NULL, 0, NULL),
(49963, '0631', 'Bolsita Redonda Lisa Amarilla x10', '[\"products-excel\\/May2024\\/0631.jpg\"]', 'Bolsita Redonda Lisa Amarilla x10', NULL, '135', '1308', NULL, NULL, NULL, NULL, NULL, NULL, NULL, NULL, NULL, NULL, 2452.82, 1961.96, 1753.64, 2207.56, NULL, NULL, NULL, 0, NULL, NULL, '2024-06-07 03:19:22', '2024-06-07 03:19:47', NULL, 'bolsita-redonda-lisa-amarilla-x10', 1, NULL, NULL, 0, NULL),
(49964, '0632', 'Bolsita Redonda Lisa Azul x10', '[\"products-excel\\/May2024\\/0632.jpg\"]', 'Bolsita Redonda Lisa Azul x10', NULL, '135', '1308', NULL, NULL, NULL, NULL, NULL, NULL, NULL, NULL, NULL, NULL, 2452.82, 1961.96, 1753.64, 2207.56, NULL, NULL, NULL, 0, NULL, NULL, '2024-06-07 03:19:22', '2024-06-07 03:19:47', NULL, 'bolsita-redonda-lisa-azul-x10', 1, NULL, NULL, 0, NULL),
(49965, '0633', 'Bolsita Redonda Lisa Blanco x10', '[\"products-excel\\/May2024\\/0633.jpg\"]', 'Bolsita Redonda Lisa Blanco x10', NULL, '135', '1308', NULL, NULL, NULL, NULL, NULL, NULL, NULL, NULL, NULL, NULL, 2452.82, 1961.96, 1753.64, 2207.56, NULL, NULL, NULL, 0, NULL, NULL, '2024-06-07 03:19:22', '2024-06-07 03:19:47', NULL, 'bolsita-redonda-lisa-blanco-x10', 1, NULL, NULL, 0, NULL),
(49966, '0634', 'Bolsita Redonda Lisa Celeste x10', '[\"products-excel\\/May2024\\/0634.jpg\"]', 'Bolsita Redonda Lisa Celeste x10', NULL, '135', '1308', NULL, NULL, NULL, NULL, NULL, NULL, NULL, NULL, NULL, NULL, 2452.82, 1961.96, 1753.64, 2207.56, NULL, NULL, NULL, -30, NULL, NULL, '2024-06-07 03:19:22', '2024-06-07 03:19:47', NULL, 'bolsita-redonda-lisa-celeste-x10', 1, NULL, NULL, 0, NULL),
(49967, '0635', 'Bolsita Redonda Lisa Fucsia x10', '[\"products-excel\\/May2024\\/0635.jpg\"]', 'Bolsita Redonda Lisa Fucsia x10', NULL, '135', '1308', NULL, NULL, NULL, NULL, NULL, NULL, NULL, NULL, NULL, NULL, 2452.82, 1961.96, 1753.64, 2207.56, NULL, NULL, NULL, -30, NULL, NULL, '2024-06-07 03:19:22', '2024-06-07 03:19:47', NULL, 'bolsita-redonda-lisa-fucsia-x10', 1, NULL, NULL, 0, NULL),
(49968, '0636', 'Bolsita Redonda Lisa Naranja x10', '[\"products-excel\\/May2024\\/0636.jpg\"]', 'Bolsita Redonda Lisa Naranja x10', NULL, '135', '1308', NULL, NULL, NULL, NULL, NULL, NULL, NULL, NULL, NULL, NULL, 2452.82, 1961.96, 1753.64, 2207.56, NULL, NULL, NULL, -30, NULL, NULL, '2024-06-07 03:19:22', '2024-06-07 03:19:47', NULL, 'bolsita-redonda-lisa-naranja-x10', 1, NULL, NULL, 0, NULL),
(49969, '0637', 'Bolsita Redonda Lisa Negro x10', '[\"products-excel\\/May2024\\/0637.jpg\"]', 'Bolsita Redonda Lisa Negro x10', NULL, '135', '1308', NULL, NULL, NULL, NULL, NULL, NULL, NULL, NULL, NULL, NULL, 2452.82, 1961.96, 1753.64, 2207.56, NULL, NULL, NULL, -30, NULL, NULL, '2024-06-07 03:19:22', '2024-06-07 03:19:47', NULL, 'bolsita-redonda-lisa-negro-x10', 1, NULL, NULL, 0, NULL),
(49970, '0638', 'Bolsita Redonda Lisa Rojo x10', '[\"products-excel\\/May2024\\/0638.jpg\"]', 'Bolsita Redonda Lisa Rojo x10', NULL, '135', '1308', NULL, NULL, NULL, NULL, NULL, NULL, NULL, NULL, NULL, NULL, 2452.82, 1961.96, 1753.64, 2207.56, NULL, NULL, NULL, -30, NULL, NULL, '2024-06-07 03:19:22', '2024-06-07 03:19:47', NULL, 'bolsita-redonda-lisa-rojo-x10', 1, NULL, NULL, 0, NULL),
(49971, '0639', 'Bolsita Redonda Lisa Rosa x10', '[\"products-excel\\/May2024\\/0639.jpg\"]', 'Bolsita Redonda Lisa Rosa x10', NULL, '135', '1308', NULL, NULL, NULL, NULL, NULL, NULL, NULL, NULL, NULL, NULL, 2452.82, 1961.96, 1753.64, 2207.56, NULL, NULL, NULL, 0, NULL, NULL, '2024-06-07 03:19:22', '2024-06-07 03:19:47', NULL, 'bolsita-redonda-lisa-rosa-x10', 1, NULL, NULL, 0, NULL),
(49972, '0640', 'Bolsita Redonda Lisa Verde Manzana x10', '[\"products-excel\\/May2024\\/0640.jpg\"]', 'Bolsita Redonda Lisa Verde Manzana x10', NULL, '135', '1308', NULL, NULL, NULL, NULL, NULL, NULL, NULL, NULL, NULL, NULL, 2452.82, 1961.96, 1753.64, 2207.56, NULL, NULL, NULL, -30, NULL, NULL, '2024-06-07 03:19:22', '2024-06-07 03:19:47', NULL, 'bolsita-redonda-lisa-verde-manzana-x10', 1, NULL, NULL, 0, NULL),
(49973, '0641', 'Bolsita Redonda Lisa Verde x10', '[\"products-excel\\/May2024\\/0641.jpg\"]', 'Bolsita Redonda Lisa Verde x10', NULL, '135', '1308', NULL, NULL, NULL, NULL, NULL, NULL, NULL, NULL, NULL, NULL, 2452.82, 1961.96, 1753.64, 2207.56, NULL, NULL, NULL, 0, NULL, NULL, '2024-06-07 03:19:22', '2024-06-07 03:19:47', NULL, 'bolsita-redonda-lisa-verde-x10', 1, NULL, NULL, 0, NULL),
(49974, '0642', 'Bolsita Redonda Lisa Violeta x10', '[\"products-excel\\/May2024\\/0642.jpg\"]', 'Bolsita Redonda Lisa Violeta x10', NULL, '135', '1308', NULL, NULL, NULL, NULL, NULL, NULL, NULL, NULL, NULL, NULL, 2452.82, 1961.96, 1753.64, 2207.56, NULL, NULL, NULL, 0, NULL, NULL, '2024-06-07 03:19:22', '2024-06-07 03:19:47', NULL, 'bolsita-redonda-lisa-violeta-x10', 1, NULL, NULL, 0, NULL),
(49975, '0644', 'Bolsita Redonda Cuadritos Azul x10', '[\"products-excel\\/May2024\\/0644.jpg\"]', 'Bolsita Redonda Cuadritos Azul x10', NULL, '135', '1273', NULL, NULL, NULL, NULL, NULL, NULL, NULL, NULL, NULL, NULL, 2634.54, 2107.56, 1883.32, 2371.12, NULL, NULL, NULL, 0, NULL, NULL, '2024-06-07 03:19:22', '2024-06-07 03:19:47', NULL, 'bolsita-redonda-cuadritos-azul-x10', 1, NULL, NULL, 0, NULL),
(49976, '0645', 'Bolsita Redonda Cuadritos Rojo x10', '[\"products-excel\\/May2024\\/0645.jpg\"]', 'Bolsita Redonda Cuadritos Rojo x10', NULL, '135', '1273', NULL, NULL, NULL, NULL, NULL, NULL, NULL, NULL, NULL, NULL, 2634.54, 2107.56, 1883.32, 2371.12, NULL, NULL, NULL, 0, NULL, NULL, '2024-06-07 03:19:22', '2024-06-07 03:19:47', NULL, 'bolsita-redonda-cuadritos-rojo-x10', 1, NULL, NULL, 0, NULL),
(49977, '0646', 'Bolsita Redonda Cuadritos Fucsia x10', '[\"products-excel\\/May2024\\/0646.jpg\"]', 'Bolsita Redonda Cuadritos Fucsia x10', NULL, '135', '1273', NULL, NULL, NULL, NULL, NULL, NULL, NULL, NULL, NULL, NULL, 2634.54, 2107.56, 1883.32, 2371.12, NULL, NULL, NULL, 0, NULL, NULL, '2024-06-07 03:19:22', '2024-06-07 03:19:47', NULL, 'bolsita-redonda-cuadritos-fucsia-x10', 1, NULL, NULL, 0, NULL),
(49978, '0647', 'Bolsita Redonda Cuadritos Verde Manzana x10', '[\"products-excel\\/May2024\\/0647.jpg\"]', 'Bolsita Redonda Cuadritos Verde Manzana x10', NULL, '135', '1273', NULL, NULL, NULL, NULL, NULL, NULL, NULL, NULL, NULL, NULL, 2634.54, 2107.56, 1883.32, 2371.12, NULL, NULL, NULL, 0, NULL, NULL, '2024-06-07 03:19:22', '2024-06-07 03:19:47', NULL, 'bolsita-redonda-cuadritos-verde-manzana-x10', 1, NULL, NULL, 0, NULL),
(49979, '0648', 'Bolsita Redonda Cuadritos Violeta x10', '[\"products-excel\\/May2024\\/0648.jpg\"]', 'Bolsita Redonda Cuadritos Violeta x10', NULL, '135', '1273', NULL, NULL, NULL, NULL, NULL, NULL, NULL, NULL, NULL, NULL, 2634.54, 2107.56, 1883.32, 2371.12, NULL, NULL, NULL, 0, NULL, NULL, '2024-06-07 03:19:22', '2024-06-07 03:19:47', NULL, 'bolsita-redonda-cuadritos-violeta-x10', 1, NULL, NULL, 0, NULL),
(49980, '0649', 'Bolsita Redonda Cuadritos Negro x10', '[\"products-excel\\/May2024\\/0649.jpg\"]', 'Bolsita Redonda Cuadritos Negro x10', NULL, '135', '1273', NULL, NULL, NULL, NULL, NULL, NULL, NULL, NULL, NULL, NULL, 2634.54, 2107.56, 1883.32, 2371.12, NULL, NULL, NULL, 0, NULL, NULL, '2024-06-07 03:19:22', '2024-06-07 03:19:47', NULL, 'bolsita-redonda-cuadritos-negro-x10', 1, NULL, NULL, 0, NULL),
(49981, '0650', 'Bolsita Redonda Animal Print Azul x10', '[\"products-excel\\/May2024\\/0650.jpg\"]', 'Bolsita Redonda Animal Print Azul x10', NULL, '135', '1273', NULL, NULL, NULL, NULL, NULL, NULL, NULL, NULL, NULL, NULL, 2634.54, 2107.56, 1883.32, 2371.12, NULL, NULL, NULL, 0, NULL, NULL, '2024-06-07 03:19:22', '2024-06-07 03:19:47', NULL, 'bolsita-redonda-animal-print-azul-x10', 1, NULL, NULL, 0, NULL),
(49982, '0651', 'Bolsita Redonda Animal Print Rojo x10', '[\"products-excel\\/May2024\\/0651.jpg\"]', 'Bolsita Redonda Animal Print Rojo x10', NULL, '135', '1273', NULL, NULL, NULL, NULL, NULL, NULL, NULL, NULL, NULL, NULL, 2634.54, 2107.56, 1883.32, 2371.12, NULL, NULL, NULL, 0, NULL, NULL, '2024-06-07 03:19:22', '2024-06-07 03:19:47', NULL, 'bolsita-redonda-animal-print-rojo-x10', 1, NULL, NULL, 0, NULL),
(49983, '0652', 'Bolsita Redonda Animal Print Fucsia x10', '[\"products-excel\\/May2024\\/0652.jpg\"]', 'Bolsita Redonda Animal Print Fucsia x10', NULL, '135', '1273', NULL, NULL, NULL, NULL, NULL, NULL, NULL, NULL, NULL, NULL, 2634.54, 2107.56, 1883.32, 2371.12, NULL, NULL, NULL, 0, NULL, NULL, '2024-06-07 03:19:22', '2024-06-07 03:19:47', NULL, 'bolsita-redonda-animal-print-fucsia-x10', 1, NULL, NULL, 0, NULL),
(49984, '0653', 'Bolsita Redonda Animal Print Verde Manzana x10', '[\"products-excel\\/May2024\\/0653.jpg\"]', 'Bolsita Redonda Animal Print Verde Manzana x10', NULL, '135', '1273', NULL, NULL, NULL, NULL, NULL, NULL, NULL, NULL, NULL, NULL, 2634.54, 2107.56, 1883.32, 2371.12, NULL, NULL, NULL, 0, NULL, NULL, '2024-06-07 03:19:22', '2024-06-07 03:19:47', NULL, 'bolsita-redonda-animal-print-verde-manzana-x10', 1, NULL, NULL, 0, NULL),
(49985, '0654', 'Bolsita Redonda Animal Print Violeta x10', '[\"products-excel\\/May2024\\/0654.jpg\"]', 'Bolsita Redonda Animal Print Violeta x10', NULL, '135', '1273', NULL, NULL, NULL, NULL, NULL, NULL, NULL, NULL, NULL, NULL, 2634.54, 2107.56, 1883.32, 2371.12, NULL, NULL, NULL, 0, NULL, NULL, '2024-06-07 03:19:22', '2024-06-07 03:19:47', NULL, 'bolsita-redonda-animal-print-violeta-x10', 1, NULL, NULL, 0, NULL),
(49986, '0655', 'Bolsita Redonda Animal Print Negro x10', '[\"products-excel\\/May2024\\/0655.jpg\"]', 'Bolsita Redonda Animal Print Negro x10', NULL, '135', '1273', NULL, NULL, NULL, NULL, NULL, NULL, NULL, NULL, NULL, NULL, 2634.54, 2107.56, 1883.32, 2371.12, NULL, NULL, NULL, 0, NULL, NULL, '2024-06-07 03:19:22', '2024-06-07 03:19:47', NULL, 'bolsita-redonda-animal-print-negro-x10', 1, NULL, NULL, 0, NULL),
(49987, '0656', 'Bolsita Redonda Corazon Fucsia x10', '[\"products-excel\\/May2024\\/0656.jpg\"]', 'Bolsita Redonda Corazon Fucsia x10', NULL, '135', '1273', NULL, NULL, NULL, NULL, NULL, NULL, NULL, NULL, NULL, NULL, 2634.54, 2107.56, 1883.32, 2371.12, NULL, NULL, NULL, 0, NULL, NULL, '2024-06-07 03:19:22', '2024-06-07 03:19:47', NULL, 'bolsita-redonda-corazon-fucsia-x10', 1, NULL, NULL, 0, NULL),
(49988, '0657', 'Bolsita Redonda Corazon Violeta x10', '[\"products-excel\\/May2024\\/0657.jpg\"]', 'Bolsita Redonda Corazon Violeta x10', NULL, '135', '1273', NULL, NULL, NULL, NULL, NULL, NULL, NULL, NULL, NULL, NULL, 2634.54, 2107.56, 1883.32, 2371.12, NULL, NULL, NULL, 0, NULL, NULL, '2024-06-07 03:19:22', '2024-06-07 03:19:47', NULL, 'bolsita-redonda-corazon-violeta-x10', 1, NULL, NULL, 0, NULL),
(49989, '0658', 'Bolsita Redonda Corazon Rojo x10', '[\"products-excel\\/May2024\\/0658.jpg\"]', 'Bolsita Redonda Corazon Rojo x10', NULL, '135', '1273', NULL, NULL, NULL, NULL, NULL, NULL, NULL, NULL, NULL, NULL, 2634.54, 2107.56, 1883.32, 2371.12, NULL, NULL, NULL, 0, NULL, NULL, '2024-06-07 03:19:22', '2024-06-07 03:19:47', NULL, 'bolsita-redonda-corazon-rojo-x10', 1, NULL, NULL, 0, NULL),
(49990, '0659', 'Bolsita Redonda Estrellas Fucsia x10', '[\"products-excel\\/May2024\\/0659.jpg\"]', 'Bolsita Redonda Estrellas Fucsia x10', NULL, '135', '1273', NULL, NULL, NULL, NULL, NULL, NULL, NULL, NULL, NULL, NULL, 2634.54, 2107.56, 1883.32, 2371.12, NULL, NULL, NULL, 0, NULL, NULL, '2024-06-07 03:19:22', '2024-06-07 03:19:47', NULL, 'bolsita-redonda-estrellas-fucsia-x10', 1, NULL, NULL, 0, NULL),
(49991, '0660', 'Bolsita Redonda Estrellas Violeta x10', '[\"products-excel\\/May2024\\/0660.jpg\"]', 'Bolsita Redonda Estrellas Violeta x10', NULL, '135', '1273', NULL, NULL, NULL, NULL, NULL, NULL, NULL, NULL, NULL, NULL, 2634.54, 2107.56, 1883.32, 2371.12, NULL, NULL, NULL, 0, NULL, NULL, '2024-06-07 03:19:22', '2024-06-07 03:19:47', NULL, 'bolsita-redonda-estrellas-violeta-x10', 1, NULL, NULL, 0, NULL),
(49992, '0661', 'Bolsita Redonda Estrellas Rojo x10', '[\"products-excel\\/May2024\\/0661.jpg\"]', 'Bolsita Redonda Estrellas Rojo x10', NULL, '135', '1273', NULL, NULL, NULL, NULL, NULL, NULL, NULL, NULL, NULL, NULL, 2634.54, 2107.56, 1883.32, 2371.12, NULL, NULL, NULL, 0, NULL, NULL, '2024-06-07 03:19:22', '2024-06-07 03:19:47', NULL, 'bolsita-redonda-estrellas-rojo-x10', 1, NULL, NULL, 0, NULL),
(49993, '0662', 'Bolsita Redonda Estrellas Azul x10', '[\"products-excel\\/May2024\\/0662.jpg\"]', 'Bolsita Redonda Estrellas Azul x10', NULL, '135', '1273', NULL, NULL, NULL, NULL, NULL, NULL, NULL, NULL, NULL, NULL, 2634.54, 2107.56, 1883.32, 2371.12, NULL, NULL, NULL, 0, NULL, NULL, '2024-06-07 03:19:22', '2024-06-07 03:19:47', NULL, 'bolsita-redonda-estrellas-azul-x10', 1, NULL, NULL, 0, NULL),
(49994, '0663', 'Bolsita Redonda Lunar Amarillo x10', '[\"products-excel\\/May2024\\/0663.jpg\"]', 'Bolsita Redonda Lunar Amarillo x10', NULL, '135', '1273', NULL, NULL, NULL, NULL, NULL, NULL, NULL, NULL, NULL, NULL, 2634.54, 2107.56, 1883.32, 2371.12, NULL, NULL, NULL, 0, NULL, NULL, '2024-06-07 03:19:22', '2024-06-07 03:19:47', NULL, 'bolsita-redonda-lunar-amarillo-x10', 1, NULL, NULL, 0, NULL),
(49995, '0664', 'Bolsita Redonda Lunar Azul x10', '[\"products-excel\\/May2024\\/0664.jpg\"]', 'Bolsita Redonda Lunar Azul x10', NULL, '135', '1273', NULL, NULL, NULL, NULL, NULL, NULL, NULL, NULL, NULL, NULL, 2634.54, 2107.56, 1883.32, 2371.12, NULL, NULL, NULL, 0, NULL, NULL, '2024-06-07 03:19:22', '2024-06-07 03:19:47', NULL, 'bolsita-redonda-lunar-azul-x10', 1, NULL, NULL, 0, NULL),
(49996, '0665', 'Bolsita Redonda Lunar Rojo x10', '[\"products-excel\\/May2024\\/0665.jpg\"]', 'Bolsita Redonda Lunar Rojo x10', NULL, '135', '1273', NULL, NULL, NULL, NULL, NULL, NULL, NULL, NULL, NULL, NULL, 2634.54, 2107.56, 1883.32, 2371.12, NULL, NULL, NULL, 0, NULL, NULL, '2024-06-07 03:19:22', '2024-06-07 03:19:47', NULL, 'bolsita-redonda-lunar-rojo-x10', 1, NULL, NULL, 0, NULL),
(49997, '0666', 'Bolsita Redonda Lunar Fucsia x10', '[\"products-excel\\/May2024\\/0666.jpg\"]', 'Bolsita Redonda Lunar Fucsia x10', NULL, '135', '1273', NULL, NULL, NULL, NULL, NULL, NULL, NULL, NULL, NULL, NULL, 2634.54, 2107.56, 1883.32, 2371.12, NULL, NULL, NULL, 0, NULL, NULL, '2024-06-07 03:19:22', '2024-06-07 03:19:47', NULL, 'bolsita-redonda-lunar-fucsia-x10', 1, NULL, NULL, 0, NULL),
(49998, '0667', 'Bolsita Redonda Lunar Verde Manzana x10', '[\"products-excel\\/May2024\\/0667.jpg\"]', 'Bolsita Redonda Lunar Verde Manzana x10', NULL, '135', '1273', NULL, NULL, NULL, NULL, NULL, NULL, NULL, NULL, NULL, NULL, 2634.54, 2107.56, 1883.32, 2371.12, NULL, NULL, NULL, 0, NULL, NULL, '2024-06-07 03:19:22', '2024-06-07 03:19:47', NULL, 'bolsita-redonda-lunar-verde-manzana-x10', 1, NULL, NULL, 0, NULL),
(49999, '0668', 'Bolsita Redonda Lunar Violeta x10', '[\"products-excel\\/May2024\\/0668.jpg\"]', 'Bolsita Redonda Lunar Violeta x10', NULL, '135', '1273', NULL, NULL, NULL, NULL, NULL, NULL, NULL, NULL, NULL, NULL, 2634.54, 2107.56, 1883.32, 2371.12, NULL, NULL, NULL, 0, NULL, NULL, '2024-06-07 03:19:22', '2024-06-07 03:19:47', NULL, 'bolsita-redonda-lunar-violeta-x10', 1, NULL, NULL, 0, NULL),
(50000, '0669', 'Bolsita Redonda Lunar Negro x10', '[\"products-excel\\/May2024\\/0669.jpg\"]', 'Bolsita Redonda Lunar Negro x10', NULL, '135', '1273', NULL, NULL, NULL, NULL, NULL, NULL, NULL, NULL, NULL, NULL, 2634.54, 2107.56, 1883.32, 2371.12, NULL, NULL, NULL, 0, NULL, NULL, '2024-06-07 03:19:22', '2024-06-07 03:19:47', NULL, 'bolsita-redonda-lunar-negro-x10', 1, NULL, NULL, 0, NULL),
(50001, '0670', 'Murciélagos Autoadhesivos x10u. (5 paq)', '[\"products-excel\\/May2024\\/0670.jpg\"]', 'Murciélagos Autoadhesivos x10u. (5 paq)', NULL, '137', '1309', NULL, NULL, NULL, NULL, NULL, NULL, NULL, NULL, NULL, NULL, 9604.53, 7683.43, 8393.17, 10564.94, NULL, NULL, NULL, -46, NULL, NULL, '2024-06-07 03:19:22', '2024-06-07 03:19:47', NULL, 'murci-lagos-autoadhesivos-x10u-5-paq', 1, NULL, NULL, 0, NULL),
(50002, '0671', 'Calaveras Autoadhesivas x10u. (5 paq)', '[\"products-excel\\/May2024\\/0671.jpg\"]', 'Calaveras Autoadhesivas x10u. (5 paq)', NULL, '137', '1309', NULL, NULL, NULL, NULL, NULL, NULL, NULL, NULL, NULL, NULL, 9604.53, 7683.43, 6867.16, 8644.06, NULL, NULL, NULL, -47, NULL, NULL, '2024-06-07 03:19:22', '2024-06-07 03:19:47', NULL, 'calaveras-autoadhesivas-x10u-5-paq', 1, NULL, NULL, 0, NULL),
(50003, '0672', 'Banderin Calavera x5', '[\"products-excel\\/May2024\\/0672.jpg\"]', 'Banderin Calavera x5', NULL, '137', '1270', NULL, NULL, NULL, NULL, NULL, NULL, NULL, NULL, NULL, NULL, 10524.31, 8419.58, 7524.98, 9471.90, NULL, NULL, NULL, -38, NULL, NULL, '2024-06-07 03:19:22', '2024-06-07 03:19:47', NULL, 'banderin-calavera-x5', 1, NULL, NULL, 0, NULL),
(50004, '0673', 'Banderin Murciélago x5', '[\"products-excel\\/May2024\\/0673.jpg\"]', 'Banderin Murciélago x5', NULL, '137', '1270', NULL, NULL, NULL, NULL, NULL, NULL, NULL, NULL, NULL, NULL, 10524.31, 8419.58, 7524.98, 9471.90, NULL, NULL, NULL, -34, NULL, NULL, '2024-06-07 03:19:22', '2024-06-07 03:19:47', NULL, 'banderin-murci-lago-x5', 1, NULL, NULL, 0, NULL),
(50005, '0674', 'Banderin Calabaza x5', '[\"products-excel\\/May2024\\/0674.jpg\"]', 'Banderin Calabaza x5', NULL, '137', '1270', NULL, NULL, NULL, NULL, NULL, NULL, NULL, NULL, NULL, NULL, 10524.31, 8419.58, 7524.98, 9471.90, NULL, NULL, NULL, -54, NULL, NULL, '2024-06-07 03:19:22', '2024-06-07 03:19:47', NULL, 'banderin-calabaza-x5', 1, NULL, NULL, 0, NULL),
(50006, '0675', 'Movil Colgante Halloween x5', '[\"products-excel\\/May2024\\/0675.jpg\"]', 'Movil Colgante Halloween x5', NULL, '137', '1310', NULL, NULL, NULL, NULL, NULL, NULL, NULL, NULL, NULL, NULL, 9042.88, 7234.10, 6465.70, 8138.58, NULL, NULL, NULL, -27, NULL, NULL, '2024-06-07 03:19:22', '2024-06-07 03:19:47', NULL, 'movil-colgante-halloween-x5', 1, NULL, NULL, 0, NULL),
(50007, '0676', 'Mantel Rojo con Camino Floreado Rojo', '[\"products-excel\\/May2024\\/0676.jpg\"]', 'Mantel Rojo con Camino Floreado Rojo', NULL, '137', '1311', NULL, NULL, NULL, NULL, NULL, NULL, NULL, NULL, NULL, NULL, 3038.99, 2431.19, 2172.74, 2735.09, NULL, NULL, NULL, 0, NULL, NULL, '2024-06-07 03:19:22', '2024-06-07 03:19:47', NULL, 'mantel-rojo-con-camino-floreado-rojo', 1, NULL, NULL, 0, NULL),
(50008, '0677', 'Mantel Fucsia con Camino Floreado Fucsia', '[\"products-excel\\/May2024\\/0677.jpg\"]', 'Mantel Fucsia con Camino Floreado Fucsia', NULL, '137', '1311', NULL, NULL, NULL, NULL, NULL, NULL, NULL, NULL, NULL, NULL, 3038.99, 2431.19, 2172.74, 2735.09, NULL, NULL, NULL, 0, NULL, NULL, '2024-06-07 03:19:22', '2024-06-07 03:19:47', NULL, 'mantel-fucsia-con-camino-floreado-fucsia', 1, NULL, NULL, 0, NULL),
(50009, '0678', 'Bolsita Coti Rect. Lisa Azul x10', '[\"products-excel\\/May2024\\/0678.jpg\"]', 'Bolsita Coti Rect. Lisa Azul x10', NULL, '135', '1294', NULL, NULL, NULL, NULL, NULL, NULL, NULL, NULL, NULL, NULL, 2906.83, 2325.28, 2078.15, 2616.14, NULL, NULL, NULL, 306, NULL, NULL, '2024-06-07 03:19:22', '2024-06-07 03:19:47', NULL, 'bolsita-coti-rect-lisa-azul-x10', 1, NULL, NULL, 0, NULL),
(50010, '0679', 'Bolsita Coti Rect. Lisa Rosa x10', '[\"products-excel\\/May2024\\/0679.jpg\"]', 'Bolsita Coti Rect. Lisa Rosa x10', NULL, '135', '1294', NULL, NULL, NULL, NULL, NULL, NULL, NULL, NULL, NULL, NULL, 2906.83, 2325.28, 2078.15, 2616.14, NULL, NULL, NULL, 172, NULL, NULL, '2024-06-07 03:19:22', '2024-06-07 03:19:47', NULL, 'bolsita-coti-rect-lisa-rosa-x10', 1, NULL, NULL, 0, NULL),
(50011, '0680', 'Bolsita Coti Rect. Lisa Amarillo x10', '[\"products-excel\\/May2024\\/0680.jpg\"]', 'Bolsita Coti Rect. Lisa Amarillo x10', NULL, '135', '1294', NULL, NULL, NULL, NULL, NULL, NULL, NULL, NULL, NULL, NULL, 2906.83, 2325.28, 2078.15, 2616.14, NULL, NULL, NULL, 57, NULL, NULL, '2024-06-07 03:19:22', '2024-06-07 03:19:47', NULL, 'bolsita-coti-rect-lisa-amarillo-x10', 1, NULL, NULL, 0, NULL),
(50012, '0681', 'Bolsita Coti Rect. Lisa Celeste x10', '[\"products-excel\\/May2024\\/0681.jpg\"]', 'Bolsita Coti Rect. Lisa Celeste x10', NULL, '135', '1294', NULL, NULL, NULL, NULL, NULL, NULL, NULL, NULL, NULL, NULL, 2906.83, 2325.28, 2078.15, 2616.14, NULL, NULL, NULL, 194, NULL, NULL, '2024-06-07 03:19:22', '2024-06-07 03:19:48', NULL, 'bolsita-coti-rect-lisa-celeste-x10', 1, NULL, NULL, 0, NULL),
(50013, '0682', 'Galera A Lunares Negros Fantasia x5', '[\"products-excel\\/May2024\\/0682.jpg\"]', 'Galera A Lunares Negros Fantasia x5', NULL, '139', '1301', NULL, NULL, NULL, NULL, NULL, NULL, NULL, NULL, NULL, NULL, 10446.92, 8357.17, 7468.91, 9402.21, NULL, NULL, NULL, -18, NULL, NULL, '2024-06-07 03:19:22', '2024-06-07 03:19:48', NULL, 'galera-a-lunares-negros-fantasia-x5', 1, NULL, NULL, 0, NULL),
(50014, '0683', 'Flores Autoadhesivas 5 Petalos x10u. (5 paq)', '[\"products-excel\\/May2024\\/0683.jpg\"]', 'Flores Autoadhesivas 5 Petalos x10u. (5 paq)', NULL, '137', '1312', NULL, NULL, NULL, NULL, NULL, NULL, NULL, NULL, NULL, NULL, 14649.05, 11719.25, 10474.03, 13184.12, NULL, NULL, NULL, 15, NULL, NULL, '2024-06-07 03:19:22', '2024-06-07 03:19:48', NULL, 'flores-autoadhesivas-5-petalos-x10u-5-paq', 1, NULL, NULL, 0, NULL),
(50015, '0686', 'Mantel Verde con Camino Floreado Verde', '[\"products-excel\\/May2024\\/0686.jpg\"]', 'Mantel Verde con Camino Floreado Verde', NULL, '137', '1311', NULL, NULL, NULL, NULL, NULL, NULL, NULL, NULL, NULL, NULL, 3038.99, 2431.19, 2172.74, 2735.09, NULL, NULL, NULL, 0, NULL, NULL, '2024-06-07 03:19:22', '2024-06-07 03:19:48', NULL, 'mantel-verde-con-camino-floreado-verde', 1, NULL, NULL, 0, NULL),
(50016, '0687', 'Banderin Flores Lisas de 5 Petalos x5', '[\"products-excel\\/May2024\\/0687.jpg\"]', 'Banderin Flores Lisas de 5 Petalos x5', NULL, '137', '1313', NULL, NULL, NULL, NULL, NULL, NULL, NULL, NULL, NULL, NULL, 11396.18, 9117.04, 8148.35, 10256.59, NULL, NULL, NULL, 190, NULL, NULL, '2024-06-07 03:19:22', '2024-06-07 03:19:48', NULL, 'banderin-flores-lisas-de-5-petalos-x5', 1, NULL, NULL, 0, NULL),
(50017, '0688', 'Collarcito de Friselina Multicolor x10', '[\"products-excel\\/May2024\\/0688.jpg\"]', 'Collarcito de Friselina Multicolor x10', NULL, '139', '1314', NULL, NULL, NULL, NULL, NULL, NULL, NULL, NULL, NULL, NULL, 5128.23, 4102.71, 3666.68, 4615.39, NULL, NULL, NULL, 300, NULL, NULL, '2024-06-07 03:19:22', '2024-06-07 03:19:48', NULL, 'collarcito-de-friselina-multicolor-x10', 1, NULL, NULL, 0, NULL),
(50018, '0689', 'Mantel Violeta con Camino Floreado Violeta', '[\"products-excel\\/May2024\\/0689.jpg\"]', 'Mantel Violeta con Camino Floreado Violeta', NULL, '136', '1268', NULL, NULL, NULL, NULL, NULL, NULL, NULL, NULL, NULL, NULL, 3038.99, 2431.19, 2172.74, 2735.09, NULL, NULL, NULL, 167, NULL, NULL, '2024-06-07 03:19:22', '2024-06-07 03:19:48', NULL, 'mantel-violeta-con-camino-floreado-violeta', 1, NULL, NULL, 0, NULL);
INSERT INTO `products_excel` (`id`, `codigo`, `articulo`, `imagenes`, `desc_fiscal`, `marca`, `familia`, `categoria`, `sinonimo`, `iva`, `grupo_emp`, `unidad_medida`, `envoltorio`, `peso_neto`, `ancho`, `alto`, `profundidad`, `meses_garantia`, `lista_precios_1`, `lista_precios_2`, `lista_precios_3`, `lista_precios_4`, `stock_maximo`, `stock_minimo`, `reposicion`, `stock_actual`, `fecha_creacion`, `fecha_actualizacion`, `created_at`, `updated_at`, `quantity`, `slug`, `publicado`, `combo`, `rubro_id`, `destacado`, `descuento_combo`) VALUES
(50019, '0690', 'Mantel Azul con Camino Floreado Azul', '[\"products-excel\\/May2024\\/0690.jpg\"]', 'Mantel Azul con Camino Floreado Azul', NULL, '137', '1311', NULL, NULL, NULL, NULL, NULL, NULL, NULL, NULL, NULL, NULL, 3038.99, 2431.19, 2172.74, 2735.09, NULL, NULL, NULL, 0, NULL, NULL, '2024-06-07 03:19:22', '2024-06-07 03:19:48', NULL, 'mantel-azul-con-camino-floreado-azul', 1, NULL, NULL, 0, NULL),
(50020, '0691', 'Movil Colgante Flor Lisa de 5 Petalos x5', '[\"products-excel\\/May2024\\/0691.jpg\"]', 'Movil Colgante Flor Lisa de 5 Petalos x5', NULL, '137', '1315', NULL, NULL, NULL, NULL, NULL, NULL, NULL, NULL, NULL, NULL, 9069.54, 7255.70, 6484.33, 8162.56, NULL, NULL, NULL, 0, NULL, NULL, '2024-06-07 03:19:22', '2024-06-07 03:19:48', NULL, 'movil-colgante-flor-lisa-de-5-petalos-x5', 1, NULL, NULL, 0, NULL),
(50021, '0693', 'Banderin Telaraña Base De Color Violeta x5', '[\"products-excel\\/May2024\\/0693.jpg\"]', 'Banderin Telaraña Base De Color Violeta x5', NULL, '137', '1270', NULL, NULL, NULL, NULL, NULL, NULL, NULL, NULL, NULL, NULL, 8547.17, 6837.76, 6111.22, 7692.45, NULL, NULL, NULL, -10, NULL, NULL, '2024-06-07 03:19:22', '2024-06-07 03:19:48', NULL, 'banderin-telara-a-base-de-color-violeta-x5', 1, NULL, NULL, 0, NULL),
(50022, '0694', 'Banderin Telaraña Base De Color Naranja x5', '[\"products-excel\\/May2024\\/0694.jpg\"]', 'Banderin Telaraña Base De Color Naranja x5', NULL, '137', '1270', NULL, NULL, NULL, NULL, NULL, NULL, NULL, NULL, NULL, NULL, 8547.17, 6837.76, 6111.22, 7692.45, NULL, NULL, NULL, -53, NULL, NULL, '2024-06-07 03:19:22', '2024-06-07 03:19:48', NULL, 'banderin-telara-a-base-de-color-naranja-x5', 1, NULL, NULL, 0, NULL),
(50023, '0695', 'Vincha Primavera x50', '[\"products-excel\\/May2024\\/0695.jpg\"]', 'Vincha Primavera x50', NULL, '137', '1316', NULL, NULL, NULL, NULL, NULL, NULL, NULL, NULL, NULL, NULL, 7407.58, 5925.80, 5296.46, 6666.83, NULL, NULL, NULL, 0, NULL, NULL, '2024-06-07 03:19:22', '2024-06-07 03:19:48', NULL, 'vincha-primavera-x50', 1, NULL, NULL, 0, NULL),
(50024, '0698', 'Mantel Fluo Lunar Amarillo', '[\"products-excel\\/May2024\\/0698.jpg\"]', 'Mantel Fluo Lunar Amarillo', NULL, '136', '1267', NULL, NULL, NULL, NULL, NULL, NULL, NULL, NULL, NULL, NULL, 3988.67, 3190.84, 2851.86, 3589.85, NULL, NULL, NULL, -5, NULL, NULL, '2024-06-07 03:19:22', '2024-06-07 03:19:22', NULL, 'mantel-fluo-lunar-amarillo', 0, NULL, NULL, 0, NULL),
(50025, '0700', 'Bruja A Lunares Negros Fantasia x5', '[\"products-excel\\/May2024\\/0700.jpg\"]', 'Bruja A Lunares Negros Fantasia x5', NULL, '139', '1301', NULL, NULL, NULL, NULL, NULL, NULL, NULL, NULL, NULL, NULL, 10446.92, 8357.17, 7468.91, 9402.21, NULL, NULL, NULL, -1, NULL, NULL, '2024-06-07 03:19:22', '2024-06-07 03:19:48', NULL, 'bruja-a-lunares-negros-fantasia-x5', 1, NULL, NULL, 0, NULL),
(50026, '0701', 'Capelina A Lunares Negros Fantasia x5', '[\"products-excel\\/May2024\\/0701.jpg\"]', 'Capelina A Lunares Negros Fantasia x5', NULL, '139', '1301', NULL, NULL, NULL, NULL, NULL, NULL, NULL, NULL, NULL, NULL, 10446.92, 8357.17, 7468.91, 9402.21, NULL, NULL, NULL, 74, NULL, NULL, '2024-06-07 03:19:22', '2024-06-07 03:19:48', NULL, 'capelina-a-lunares-negros-fantasia-x5', 1, NULL, NULL, 0, NULL),
(50027, '0702', 'Banderin Telaraña Naranja x5', '[\"products-excel\\/May2024\\/0702.jpg\"]', 'Banderin Telaraña Naranja x5', NULL, '137', '1270', NULL, NULL, NULL, NULL, NULL, NULL, NULL, NULL, NULL, NULL, 8547.17, 6837.76, 6111.22, 7692.45, NULL, NULL, NULL, -6, NULL, NULL, '2024-06-07 03:19:22', '2024-06-07 03:19:48', NULL, 'banderin-telara-a-naranja-x5', 1, NULL, NULL, 0, NULL),
(50028, '0703', 'Banderin Telaraña Negro x5', '[\"products-excel\\/May2024\\/0703.jpg\"]', 'Banderin Telaraña Negro x5', NULL, '137', '1270', NULL, NULL, NULL, NULL, NULL, NULL, NULL, NULL, NULL, NULL, 8547.17, 6837.76, 6111.22, 7692.45, NULL, NULL, NULL, -11, NULL, NULL, '2024-06-07 03:19:22', '2024-06-07 03:19:48', NULL, 'banderin-telara-a-negro-x5', 1, NULL, NULL, 0, NULL),
(50029, '0704', 'Banderin Telaraña Violeta x5', '[\"products-excel\\/May2024\\/0704.jpg\"]', 'Banderin Telaraña Violeta x5', NULL, '137', '1270', NULL, NULL, NULL, NULL, NULL, NULL, NULL, NULL, NULL, NULL, 8547.17, 6837.76, 6111.22, 7692.45, NULL, NULL, NULL, -5, NULL, NULL, '2024-06-07 03:19:22', '2024-06-07 03:19:48', NULL, 'banderin-telara-a-violeta-x5', 1, NULL, NULL, 0, NULL),
(50030, '0705', 'Bolsita Coti Rect. Lisa Verde x10', '[\"products-excel\\/May2024\\/0705.jpg\"]', 'Bolsita Coti Rect. Lisa Verde x10', NULL, '135', '1294', NULL, NULL, NULL, NULL, NULL, NULL, NULL, NULL, NULL, NULL, 2906.83, 2325.28, 2078.15, 2616.14, NULL, NULL, NULL, -6, NULL, NULL, '2024-06-07 03:19:22', '2024-06-07 03:19:48', NULL, 'bolsita-coti-rect-lisa-verde-x10', 1, NULL, NULL, 0, NULL),
(50031, '0706', 'Mantel Telaraña Naranja Base Blanca', '[\"products-excel\\/May2024\\/0706.jpg\"]', 'Mantel Telaraña Naranja Base Blanca', NULL, '137', '1317', NULL, NULL, NULL, NULL, NULL, NULL, NULL, NULL, NULL, NULL, 3637.17, 2909.69, 2600.21, 3273.46, NULL, NULL, NULL, -72, NULL, NULL, '2024-06-07 03:19:22', '2024-06-07 03:19:48', NULL, 'mantel-telara-a-naranja-base-blanca', 1, NULL, NULL, 0, NULL),
(50032, '0707', 'Mantel Telaraña Violeta Base Blanca', '[\"products-excel\\/May2024\\/0707.jpg\"]', 'Mantel Telaraña Violeta Base Blanca', NULL, '137', '1317', NULL, NULL, NULL, NULL, NULL, NULL, NULL, NULL, NULL, NULL, 3637.17, 2909.69, 2600.21, 3273.46, NULL, NULL, NULL, -32, NULL, NULL, '2024-06-07 03:19:22', '2024-06-07 03:19:48', NULL, 'mantel-telara-a-violeta-base-blanca', 1, NULL, NULL, 0, NULL),
(50033, '0708', 'Mantel Telaraña Negro Base Blanca', '[\"products-excel\\/May2024\\/0708.jpg\"]', 'Mantel Telaraña Negro Base Blanca', NULL, '137', '1317', NULL, NULL, NULL, NULL, NULL, NULL, NULL, NULL, NULL, NULL, 3637.17, 2909.69, 2600.21, 3273.46, NULL, NULL, NULL, -14, NULL, NULL, '2024-06-07 03:19:22', '2024-06-07 03:19:48', NULL, 'mantel-telara-a-negro-base-blanca', 1, NULL, NULL, 0, NULL),
(50034, '0709', 'Mantel Amarillo con Camino Lunares Amarillo', '[\"products-excel\\/May2024\\/0709.jpg\"]', 'Mantel Amarillo con Camino Lunares Amarillo', NULL, '136', '1268', NULL, NULL, NULL, NULL, NULL, NULL, NULL, NULL, NULL, NULL, 3038.99, 2431.19, 2172.74, 2735.09, NULL, NULL, NULL, 0, NULL, NULL, '2024-06-07 03:19:22', '2024-06-07 03:19:22', NULL, 'mantel-amarillo-con-camino-lunares-amarillo', 0, NULL, NULL, 0, NULL),
(50035, '0711', 'Pompon Fucsia y Violeta', '[\"products-excel\\/May2024\\/0711.jpg\"]', 'Pompon Fucsia y Violeta', NULL, '133', '1289', NULL, NULL, NULL, NULL, NULL, NULL, NULL, NULL, NULL, NULL, 3588.20, 2870.10, 2565.83, 3229.41, NULL, NULL, NULL, 0, NULL, NULL, '2024-06-07 03:19:22', '2024-06-07 03:19:48', NULL, 'pompon-fucsia-y-violeta', 1, NULL, NULL, 0, NULL),
(50036, '0712', 'Pompon Azul y Blanco', '[\"products-excel\\/May2024\\/0712.jpg\"]', 'Pompon Azul y Blanco', NULL, '133', '1289', NULL, NULL, NULL, NULL, NULL, NULL, NULL, NULL, NULL, NULL, 3588.20, 2870.10, 2565.83, 3229.41, NULL, NULL, NULL, 96, NULL, NULL, '2024-06-07 03:19:22', '2024-06-07 03:19:48', NULL, 'pompon-azul-y-blanco', 1, NULL, NULL, 0, NULL),
(50037, '0725', 'Moño Base Color Surtido Lunares Negros x5', '[\"products-excel\\/May2024\\/0725.jpg\"]', 'Moño Base Color Surtido Lunares Negros x5', NULL, '139', '1318', NULL, NULL, NULL, NULL, NULL, NULL, NULL, NULL, NULL, NULL, 4843.39, 3874.68, 3463.48, 4359.03, NULL, NULL, NULL, -34, NULL, NULL, '2024-06-07 03:19:22', '2024-06-07 03:19:48', NULL, 'mo-o-base-color-surtido-lunares-negros-x5', 1, NULL, NULL, 0, NULL),
(50038, '0726', 'Galera Floreada x5', '[\"products-excel\\/May2024\\/0726.jpg\"]', 'Galera Floreada x5', NULL, '137', '1319', NULL, NULL, NULL, NULL, NULL, NULL, NULL, NULL, NULL, NULL, 10446.92, 8357.17, 7469.65, 9402.21, NULL, NULL, NULL, 143, NULL, NULL, '2024-06-07 03:19:22', '2024-06-07 03:19:48', NULL, 'galera-floreada-x5', 1, NULL, NULL, 0, NULL),
(50039, '0727', 'Capelina Floreada x5', '[\"products-excel\\/May2024\\/0727.jpg\"]', 'Capelina Floreada x5', NULL, '137', '1319', NULL, NULL, NULL, NULL, NULL, NULL, NULL, NULL, NULL, NULL, 10446.92, 8357.17, 7469.65, 9402.21, NULL, NULL, NULL, 5, NULL, NULL, '2024-06-07 03:19:22', '2024-06-07 03:19:48', NULL, 'capelina-floreada-x5', 1, NULL, NULL, 0, NULL),
(50040, '0728', 'Banderin Floreado Rojo x5', '[\"products-excel\\/May2024\\/0728.jpg\"]', 'Banderin Floreado Rojo x5', NULL, '137', '1313', NULL, NULL, NULL, NULL, NULL, NULL, NULL, NULL, NULL, NULL, 8547.17, 6837.76, 6111.22, 7692.45, NULL, NULL, NULL, 0, NULL, NULL, '2024-06-07 03:19:22', '2024-06-07 03:19:48', NULL, 'banderin-floreado-rojo-x5', 1, NULL, NULL, 0, NULL),
(50041, '0729', 'Banderin Floreado Fucsia x5', '[\"products-excel\\/May2024\\/0729.jpg\"]', 'Banderin Floreado Fucsia x5', NULL, '137', '1313', NULL, NULL, NULL, NULL, NULL, NULL, NULL, NULL, NULL, NULL, 8547.17, 6837.76, 6111.22, 7692.45, NULL, NULL, NULL, 0, NULL, NULL, '2024-06-07 03:19:22', '2024-06-07 03:19:48', NULL, 'banderin-floreado-fucsia-x5', 1, NULL, NULL, 0, NULL),
(50042, '0730', 'Banderin Floreado Verde x5', '[\"products-excel\\/May2024\\/0730.jpg\"]', 'Banderin Floreado Verde x5', NULL, '137', '1313', NULL, NULL, NULL, NULL, NULL, NULL, NULL, NULL, NULL, NULL, 8547.17, 6837.76, 6111.22, 7692.45, NULL, NULL, NULL, 0, NULL, NULL, '2024-06-07 03:19:22', '2024-06-07 03:19:48', NULL, 'banderin-floreado-verde-x5', 1, NULL, NULL, 0, NULL),
(50043, '0731', 'Banderin Floreado Violeta x5', '[\"products-excel\\/May2024\\/0731.jpg\"]', 'Banderin Floreado Violeta x5', NULL, '137', '1313', NULL, NULL, NULL, NULL, NULL, NULL, NULL, NULL, NULL, NULL, 8547.17, 6837.76, 6111.22, 7692.45, NULL, NULL, NULL, 0, NULL, NULL, '2024-06-07 03:19:22', '2024-06-07 03:19:48', NULL, 'banderin-floreado-violeta-x5', 1, NULL, NULL, 0, NULL),
(50044, '0732', 'Banderin Floreado Azul x5', '[\"products-excel\\/May2024\\/0732.jpg\"]', 'Banderin Floreado Azul x5', NULL, '137', '1313', NULL, NULL, NULL, NULL, NULL, NULL, NULL, NULL, NULL, NULL, 8547.17, 6837.76, 6111.22, 7692.45, NULL, NULL, NULL, 0, NULL, NULL, '2024-06-07 03:19:22', '2024-06-07 03:19:48', NULL, 'banderin-floreado-azul-x5', 1, NULL, NULL, 0, NULL),
(50045, '0733', 'Bolsita Telaraña Naranja Base Blanca x10', '[\"products-excel\\/May2024\\/0733.jpg\"]', 'Bolsita Telaraña Naranja Base Blanca x10', NULL, '137', '1320', NULL, NULL, NULL, NULL, NULL, NULL, NULL, NULL, NULL, NULL, 3133.75, 2506.83, 2240.44, 2820.38, NULL, NULL, NULL, -22, NULL, NULL, '2024-06-07 03:19:22', '2024-06-07 03:19:48', NULL, 'bolsita-telara-a-naranja-base-blanca-x10', 1, NULL, NULL, 0, NULL),
(50046, '0734', 'Banderin Vintage Lunar Amarillo x5', '[\"products-excel\\/May2024\\/0734.jpg\"]', 'Banderin Vintage Lunar Amarillo x5', NULL, '133', '1291', NULL, NULL, NULL, NULL, NULL, NULL, NULL, NULL, NULL, NULL, 10921.41, 8737.06, 7809.26, 9829.28, NULL, NULL, NULL, 124, NULL, NULL, '2024-06-07 03:19:22', '2024-06-07 03:19:48', NULL, 'banderin-vintage-lunar-amarillo-x5', 1, NULL, NULL, 0, NULL),
(50047, '0735', 'Banderin Vaquita de la Suerte x5', '[\"products-excel\\/May2024\\/0735.jpg\"]', 'Banderin Vaquita de la Suerte x5', NULL, '133', '1263', NULL, NULL, NULL, NULL, NULL, NULL, NULL, NULL, NULL, NULL, 8547.13, 6837.76, 6111.22, 7692.45, NULL, NULL, NULL, -1, NULL, NULL, '2024-06-07 03:19:22', '2024-06-07 03:19:48', NULL, 'banderin-vaquita-de-la-suerte-x5', 1, NULL, NULL, 0, NULL),
(50048, '0736', 'Banderin Multicolor Con Lunares Negros x5', '[\"products-excel\\/May2024\\/0736.jpg\"]', 'Banderin Multicolor Con Lunares Negros x5', NULL, '133', '1263', NULL, NULL, NULL, NULL, NULL, NULL, NULL, NULL, NULL, NULL, 8547.13, 6837.76, 6111.22, 7692.45, NULL, NULL, NULL, -17, NULL, NULL, '2024-06-07 03:19:22', '2024-06-07 03:19:48', NULL, 'banderin-multicolor-con-lunares-negros-x5', 1, NULL, NULL, 0, NULL),
(50049, '0737', 'Bolsita Telaraña Base Naranja x10', '[\"products-excel\\/May2024\\/0737.jpg\"]', 'Bolsita Telaraña Base Naranja x10', NULL, '137', '1320', NULL, NULL, NULL, NULL, NULL, NULL, NULL, NULL, NULL, NULL, 3133.75, 2506.83, 2240.44, 2820.38, NULL, NULL, NULL, -98, NULL, NULL, '2024-06-07 03:19:22', '2024-06-07 03:19:48', NULL, 'bolsita-telara-a-base-naranja-x10', 1, NULL, NULL, 0, NULL),
(50050, '0738', 'Bolsita Telaraña Base Violeta x10', '[\"products-excel\\/May2024\\/0738.jpg\"]', 'Bolsita Telaraña Base Violeta x10', NULL, '137', '1320', NULL, NULL, NULL, NULL, NULL, NULL, NULL, NULL, NULL, NULL, 3133.75, 2506.83, 2240.44, 2820.38, NULL, NULL, NULL, -94, NULL, NULL, '2024-06-07 03:19:22', '2024-06-07 03:19:48', NULL, 'bolsita-telara-a-base-violeta-x10', 1, NULL, NULL, 0, NULL),
(50051, '0739', 'Calabazas Autoadhesivas x10u. (5 paq)', '[\"products-excel\\/May2024\\/0739.jpg\"]', 'Calabazas Autoadhesivas x10u. (5 paq)', NULL, '137', '1309', NULL, NULL, NULL, NULL, NULL, NULL, NULL, NULL, NULL, NULL, 9604.53, 7683.43, 6867.16, 8644.06, NULL, NULL, NULL, -59, NULL, NULL, '2024-06-07 03:19:22', '2024-06-07 03:19:48', NULL, 'calabazas-autoadhesivas-x10u-5-paq', 1, NULL, NULL, 0, NULL),
(50052, '0740', 'Bruja Lisa Negra x5', '[\"products-excel\\/May2024\\/0740.jpg\"]', 'Bruja Lisa Negra x5', NULL, '137', '1278', NULL, NULL, NULL, NULL, NULL, NULL, NULL, NULL, NULL, NULL, 9538.42, 7630.48, 6819.67, 8584.60, NULL, NULL, NULL, -142, NULL, NULL, '2024-06-07 03:19:22', '2024-06-07 03:19:48', NULL, 'bruja-lisa-negra-x5', 1, NULL, NULL, 0, NULL),
(50053, '0741', 'Bolsita Telaraña Violeta Base Blanca x10', '[\"products-excel\\/May2024\\/0741.jpg\"]', 'Bolsita Telaraña Violeta Base Blanca x10', NULL, '137', '1320', NULL, NULL, NULL, NULL, NULL, NULL, NULL, NULL, NULL, NULL, 3133.75, 2506.83, 2240.44, 2820.38, NULL, NULL, NULL, -14, NULL, NULL, '2024-06-07 03:19:22', '2024-06-07 03:19:48', NULL, 'bolsita-telara-a-violeta-base-blanca-x10', 1, NULL, NULL, 0, NULL),
(50054, '0742', 'Bolsita Telaraña Negra Base Blanca x10', '[\"products-excel\\/May2024\\/0742.jpg\"]', 'Bolsita Telaraña Negra Base Blanca x10', NULL, '137', '1320', NULL, NULL, NULL, NULL, NULL, NULL, NULL, NULL, NULL, NULL, 3133.75, 2506.83, 2240.44, 2820.38, NULL, NULL, NULL, -33, NULL, NULL, '2024-06-07 03:19:22', '2024-06-07 03:19:48', NULL, 'bolsita-telara-a-negra-base-blanca-x10', 1, NULL, NULL, 0, NULL),
(50055, '0743', 'Mantel Telaraña Base Color Naranja', '[\"products-excel\\/May2024\\/0743.jpg\"]', 'Mantel Telaraña Base Color Naranja', NULL, '137', '1317', NULL, NULL, NULL, NULL, NULL, NULL, NULL, NULL, NULL, NULL, 3637.13, 2909.66, 2600.21, 3273.42, NULL, NULL, NULL, 0, NULL, NULL, '2024-06-07 03:19:22', '2024-06-07 03:19:48', NULL, 'mantel-telara-a-base-color-naranja', 1, NULL, NULL, 0, NULL),
(50056, '0744', 'Mantel Telaraña Base Color Violeta', '[\"products-excel\\/May2024\\/0744.jpg\"]', 'Mantel Telaraña Base Color Violeta', NULL, '137', '1317', NULL, NULL, NULL, NULL, NULL, NULL, NULL, NULL, NULL, NULL, 3637.13, 2909.66, 2600.21, 3273.42, NULL, NULL, NULL, -37, NULL, NULL, '2024-06-07 03:19:22', '2024-06-07 03:19:48', NULL, 'mantel-telara-a-base-color-violeta', 1, NULL, NULL, 0, NULL),
(50057, '0745', 'Collar Hawaiano Tricolor x10', '[\"products-excel\\/May2024\\/0745.jpg\"]', 'Collar Hawaiano Tricolor x10', NULL, '139', '1314', NULL, NULL, NULL, NULL, NULL, NULL, NULL, NULL, NULL, NULL, 5916.62, 4733.08, 4229.85, 5324.96, NULL, NULL, NULL, 18, NULL, NULL, '2024-06-07 03:19:22', '2024-06-07 03:19:48', NULL, 'collar-hawaiano-tricolor-x10', 1, NULL, NULL, 0, NULL),
(50058, '0748', 'Guirnalda Hawaiana Multicolor 1mt x1', '[\"products-excel\\/May2024\\/0748.jpg\"]', 'Guirnalda Hawaiana Multicolor 1mt x1', NULL, '133', '1299', NULL, NULL, NULL, NULL, NULL, NULL, NULL, NULL, NULL, NULL, 1357.74, 1086.23, 970.87, 1221.99, NULL, NULL, NULL, 230, NULL, NULL, '2024-06-07 03:19:22', '2024-06-07 03:19:48', NULL, 'guirnalda-hawaiana-multicolor-1mt-x1', 1, NULL, NULL, 0, NULL),
(50059, '0750', 'Mantel Fluo Lunar Naranja', '[\"products-excel\\/May2024\\/0750.jpg\"]', 'Mantel Fluo Lunar Naranja', NULL, '136', '1267', NULL, NULL, NULL, NULL, NULL, NULL, NULL, NULL, NULL, NULL, 3988.67, 3190.84, 2851.86, 3589.85, NULL, NULL, NULL, -5, NULL, NULL, '2024-06-07 03:19:22', '2024-06-07 03:19:22', NULL, 'mantel-fluo-lunar-naranja', 0, NULL, NULL, 0, NULL),
(50060, '0751', 'Banderin Fluo Lunar Verde x5', '[\"products-excel\\/May2024\\/0751.jpg\"]', 'Banderin Fluo Lunar Verde x5', NULL, '133', '1263', NULL, NULL, NULL, NULL, NULL, NULL, NULL, NULL, NULL, NULL, 9117.04, 7293.57, 6518.58, 8205.28, NULL, NULL, NULL, 0, NULL, NULL, '2024-06-07 03:19:22', '2024-06-07 03:19:48', NULL, 'banderin-fluo-lunar-verde-x5', 1, NULL, NULL, 0, NULL),
(50061, '0752', 'Banderin Fluo Lunar Amarillo x5', '[\"products-excel\\/May2024\\/0752.jpg\"]', 'Banderin Fluo Lunar Amarillo x5', NULL, '133', '1263', NULL, NULL, NULL, NULL, NULL, NULL, NULL, NULL, NULL, NULL, 9117.04, 7293.57, 6518.58, 8205.28, NULL, NULL, NULL, 0, NULL, NULL, '2024-06-07 03:19:22', '2024-06-07 03:19:48', NULL, 'banderin-fluo-lunar-amarillo-x5', 1, NULL, NULL, 0, NULL),
(50062, '0753', 'Banderin Fluo Lunar Fucsia x5', '[\"products-excel\\/May2024\\/0753.jpg\"]', 'Banderin Fluo Lunar Fucsia x5', NULL, '133', '1263', NULL, NULL, NULL, NULL, NULL, NULL, NULL, NULL, NULL, NULL, 9117.04, 7293.57, 6518.58, 8205.28, NULL, NULL, NULL, 0, NULL, NULL, '2024-06-07 03:19:22', '2024-06-07 03:19:48', NULL, 'banderin-fluo-lunar-fucsia-x5', 1, NULL, NULL, 0, NULL),
(50063, '0754', 'Banderin Fluo Lunar Naranja x5', '[\"products-excel\\/May2024\\/0754.jpg\"]', 'Banderin Fluo Lunar Naranja x5', NULL, '133', '1263', NULL, NULL, NULL, NULL, NULL, NULL, NULL, NULL, NULL, NULL, 9117.04, 7293.57, 6518.58, 8205.28, NULL, NULL, NULL, 0, NULL, NULL, '2024-06-07 03:19:22', '2024-06-07 03:19:48', NULL, 'banderin-fluo-lunar-naranja-x5', 1, NULL, NULL, 0, NULL),
(50064, '0755', 'Mantel Fluo Lunar Verde', '[\"products-excel\\/May2024\\/0755.jpg\"]', 'Mantel Fluo Lunar Verde', NULL, '136', '1267', NULL, NULL, NULL, NULL, NULL, NULL, NULL, NULL, NULL, NULL, 3988.67, 3190.84, 2851.86, 3589.85, NULL, NULL, NULL, -5, NULL, NULL, '2024-06-07 03:19:22', '2024-06-07 03:19:22', NULL, 'mantel-fluo-lunar-verde', 0, NULL, NULL, 0, NULL),
(50065, '0756', 'Mantel Fluo Lunar Fucsia', '[\"products-excel\\/May2024\\/0756.jpg\"]', 'Mantel Fluo Lunar Fucsia', NULL, '136', '1267', NULL, NULL, NULL, NULL, NULL, NULL, NULL, NULL, NULL, NULL, 3988.67, 3190.84, 2851.86, 3589.85, NULL, NULL, NULL, 0, NULL, NULL, '2024-06-07 03:19:22', '2024-06-07 03:19:22', NULL, 'mantel-fluo-lunar-fucsia', 0, NULL, NULL, 0, NULL),
(50066, '0757', 'Bolsa Chica Navideña 30x44 cm x10', '[\"products-excel\\/May2024\\/0757.jpg\"]', 'Bolsa Chica Navideña 30x44 cm x10', NULL, '137', '1321', NULL, NULL, NULL, NULL, NULL, NULL, NULL, NULL, NULL, NULL, 7626.09, 6100.96, 5452.52, 6863.52, NULL, NULL, NULL, 0, NULL, NULL, '2024-06-07 03:19:22', '2024-06-07 03:19:48', NULL, 'bolsa-chica-navide-a-30x44-cm-x10', 1, NULL, NULL, 0, NULL),
(50067, '0758', 'Bolsa Grande Navideña 45x54 cm x10', '[\"products-excel\\/May2024\\/0758.jpg\"]', 'Bolsa Grande Navideña 45x54 cm x10', NULL, '137', '1321', NULL, NULL, NULL, NULL, NULL, NULL, NULL, NULL, NULL, NULL, 9909.70, 7927.73, 7085.50, 8918.76, NULL, NULL, NULL, 0, NULL, NULL, '2024-06-07 03:19:22', '2024-06-07 03:19:48', NULL, 'bolsa-grande-navide-a-45x54-cm-x10', 1, NULL, NULL, 0, NULL),
(50068, '0762', 'Mantel Verde Oscuro con Camino Lunar Verde', '[\"products-excel\\/May2024\\/0762.jpg\"]', 'Mantel Verde Oscuro con Camino Lunar Verde', NULL, '137', '1276', NULL, NULL, NULL, NULL, NULL, NULL, NULL, NULL, NULL, NULL, 3038.99, 2431.19, 2172.74, 2735.09, NULL, NULL, NULL, 0, NULL, NULL, '2024-06-07 03:19:22', '2024-06-07 03:19:22', NULL, 'mantel-verde-oscuro-con-camino-lunar-verde', 0, NULL, NULL, 0, NULL),
(50069, '0765', 'Pompon Navideño x1', '[\"products-excel\\/May2024\\/0765.jpg\"]', 'Pompon Navideño x1', NULL, '137', '1304', NULL, NULL, NULL, NULL, NULL, NULL, NULL, NULL, NULL, NULL, 3588.33, 2870.85, 2565.81, 3229.49, NULL, NULL, NULL, 0, NULL, NULL, '2024-06-07 03:19:22', '2024-06-07 03:19:48', NULL, 'pompon-navide-o-x1', 1, NULL, NULL, 0, NULL),
(50070, '0767', 'Cartel Bienvenidos', '[\"products-excel\\/May2024\\/0767.jpg\"]', 'Cartel Bienvenidos', NULL, '133', '1277', NULL, NULL, NULL, NULL, NULL, NULL, NULL, NULL, NULL, NULL, 2469.11, 1975.23, 1765.40, 2222.20, NULL, NULL, NULL, 0, NULL, NULL, '2024-06-07 03:19:22', '2024-06-07 03:19:48', NULL, 'cartel-bienvenidos', 1, NULL, NULL, 0, NULL),
(50071, '0768', 'Mantel Celeste con Lunares Negros', '[\"products-excel\\/May2024\\/0768.jpg\"]', 'Mantel Celeste con Lunares Negros', NULL, '136', '1268', NULL, NULL, NULL, NULL, NULL, NULL, NULL, NULL, NULL, NULL, 3637.17, 2909.69, 2600.21, 3273.46, NULL, NULL, NULL, 19, NULL, NULL, '2024-06-07 03:19:22', '2024-06-07 03:19:22', NULL, 'mantel-celeste-con-lunares-negros', 0, NULL, NULL, 0, NULL),
(50072, '0769', 'Bolsita Celeste a Lunares Negros x10', '[\"products-excel\\/May2024\\/0769.jpg\"]', 'Bolsita Celeste a Lunares Negros x10', NULL, '135', '1264', NULL, NULL, NULL, NULL, NULL, NULL, NULL, NULL, NULL, NULL, 3133.75, 2506.83, 2240.44, 2820.38, NULL, NULL, NULL, 113, NULL, NULL, '2024-06-07 03:19:22', '2024-06-07 03:19:48', NULL, 'bolsita-celeste-a-lunares-negros-x10', 1, NULL, NULL, 0, NULL),
(50073, '0770', 'Bolsas Ecológicas de Friselina', '[\"products-excel\\/May2024\\/0770.jpg\"]', 'Bolsas Ecológicas de Friselina', NULL, '140', '1322', NULL, NULL, NULL, NULL, NULL, NULL, NULL, NULL, NULL, NULL, 5.21, 5.21, 3.96, 3.96, NULL, NULL, NULL, -19435, NULL, NULL, '2024-06-07 03:19:22', '2024-06-07 03:19:22', NULL, 'bolsas-ecol-gicas-de-friselina', 0, NULL, NULL, 0, NULL),
(50074, '0771', 'Bolsas Ecológicas de Friselina Impresas 1 Color 1 Cara', '[\"products-excel\\/May2024\\/0771.jpg\"]', 'Bolsas Ecólógicas de Friselina Impresas 1 Color 1 Cara', NULL, '140', '1322', NULL, NULL, NULL, NULL, NULL, NULL, NULL, NULL, NULL, NULL, 2.42, 0.00, 0.00, 0.00, NULL, NULL, NULL, 0, NULL, NULL, '2024-06-07 03:19:22', '2024-06-07 03:19:22', NULL, 'bolsas-ecol-gicas-de-friselina-impresas-1-color-1-cara', 0, NULL, NULL, 0, NULL),
(50075, '0775', 'Band. Rect. Fluo Lunar Verde x5', '[\"products-excel\\/May2024\\/0775.jpg\"]', 'Band. Rect. Fluo Lunar Verde x5', NULL, '132', '1259', NULL, NULL, NULL, NULL, NULL, NULL, NULL, NULL, NULL, NULL, 12345.80, 9876.63, 8932.27, 11111.23, NULL, NULL, NULL, 0, NULL, NULL, '2024-06-07 03:19:22', '2024-06-07 03:19:22', NULL, 'band-rect-fluo-lunar-verde-x5', 0, NULL, NULL, 0, NULL),
(50076, '0776', 'Band. Rect. Fluo Lunar Amarillo x5', '[\"products-excel\\/May2024\\/0776.jpg\"]', 'Band. Rect. Fluo Lunar Amarillo x5', NULL, '132', '1259', NULL, NULL, NULL, NULL, NULL, NULL, NULL, NULL, NULL, NULL, 12345.80, 9876.63, 8932.27, 11111.23, NULL, NULL, NULL, 0, NULL, NULL, '2024-06-07 03:19:22', '2024-06-07 03:19:22', NULL, 'band-rect-fluo-lunar-amarillo-x5', 0, NULL, NULL, 0, NULL),
(50077, '0777', 'Mantel Blanco con Camino Liso Fucsia', '[\"products-excel\\/May2024\\/0777.jpg\"]', 'Mantel Blanco con Camino Liso Fucsia', NULL, '136', '1284', NULL, NULL, NULL, NULL, NULL, NULL, NULL, NULL, NULL, NULL, 3038.99, 2431.19, 2172.74, 2735.09, NULL, NULL, NULL, 0, NULL, NULL, '2024-06-07 03:19:22', '2024-06-07 03:19:22', NULL, 'mantel-blanco-con-camino-liso-fucsia', 0, NULL, NULL, 0, NULL),
(50078, '0778', 'Band. Rect. Fluo Lunar Fucsia x5', '[\"products-excel\\/May2024\\/0778.jpg\"]', 'Band. Rect. Fluo Lunar Fucsia x5', NULL, '132', '1259', NULL, NULL, NULL, NULL, NULL, NULL, NULL, NULL, NULL, NULL, 12345.80, 9876.63, 8932.27, 11111.23, NULL, NULL, NULL, 0, NULL, NULL, '2024-06-07 03:19:22', '2024-06-07 03:19:22', NULL, 'band-rect-fluo-lunar-fucsia-x5', 0, NULL, NULL, 0, NULL),
(50079, '0779', 'Band. Rect. Fluo Lunar Naranja x5', '[\"products-excel\\/May2024\\/0779.jpg\"]', 'Band. Rect. Fluo Lunar Naranja x5', NULL, '132', '1259', NULL, NULL, NULL, NULL, NULL, NULL, NULL, NULL, NULL, NULL, 12345.80, 9876.63, 8932.27, 11111.23, NULL, NULL, NULL, 0, NULL, NULL, '2024-06-07 03:19:22', '2024-06-07 03:19:22', NULL, 'band-rect-fluo-lunar-naranja-x5', 0, NULL, NULL, 0, NULL),
(50080, '0780', 'Band. Red. Fluo Lunar Verde x5', '[\"products-excel\\/May2024\\/0780.jpg\"]', 'Band. Red. Fluo Lunar Verde x5', NULL, '132', '1258', NULL, NULL, NULL, NULL, NULL, NULL, NULL, NULL, NULL, NULL, 12345.80, 9876.63, 8932.27, 11111.23, NULL, NULL, NULL, 0, NULL, NULL, '2024-06-07 03:19:22', '2024-06-07 03:19:22', NULL, 'band-red-fluo-lunar-verde-x5', 0, NULL, NULL, 0, NULL),
(50081, '0781', 'Band. Red. Fluo Lunar Amarillo x5', '[\"products-excel\\/May2024\\/0781.jpg\"]', 'Band. Red. Fluo Lunar Amarillo x5', NULL, '132', '1258', NULL, NULL, NULL, NULL, NULL, NULL, NULL, NULL, NULL, NULL, 12345.80, 9876.63, 8932.27, 11111.23, NULL, NULL, NULL, 0, NULL, NULL, '2024-06-07 03:19:22', '2024-06-07 03:19:22', NULL, 'band-red-fluo-lunar-amarillo-x5', 0, NULL, NULL, 0, NULL),
(50082, '0782', 'Band. Red. Fluo Lunar Fucsia x5', '[\"products-excel\\/May2024\\/0782.jpg\"]', 'Band. Red. Fluo Lunar Fucsia x5', NULL, '132', '1258', NULL, NULL, NULL, NULL, NULL, NULL, NULL, NULL, NULL, NULL, 12345.80, 9876.63, 8932.27, 11111.23, NULL, NULL, NULL, 0, NULL, NULL, '2024-06-07 03:19:22', '2024-06-07 03:19:22', NULL, 'band-red-fluo-lunar-fucsia-x5', 0, NULL, NULL, 0, NULL),
(50083, '0783', 'Band. Red. Fluo Lunar Naranja x5', '[\"products-excel\\/May2024\\/0783.jpg\"]', 'Band. Red. Fluo Lunar Naranja x5', NULL, '132', '1258', NULL, NULL, NULL, NULL, NULL, NULL, NULL, NULL, NULL, NULL, 12345.80, 9876.63, 8932.27, 11111.23, NULL, NULL, NULL, 0, NULL, NULL, '2024-06-07 03:19:22', '2024-06-07 03:19:22', NULL, 'band-red-fluo-lunar-naranja-x5', 0, NULL, NULL, 0, NULL),
(50084, '0786', 'Bolsita Coti Lun Fluo Verde x10', '[\"products-excel\\/May2024\\/0786.jpg\"]', 'Bolsita Coti Lun Fluo Verde x10', NULL, '135', '1264', NULL, NULL, NULL, NULL, NULL, NULL, NULL, NULL, NULL, NULL, 3461.21, 2768.88, 2474.51, 3115.11, NULL, NULL, NULL, 0, NULL, NULL, '2024-06-07 03:19:22', '2024-06-07 03:19:48', NULL, 'bolsita-coti-lun-fluo-verde-x10', 1, NULL, NULL, 0, NULL),
(50085, '0787', 'Bolsita Coti Lun Fluo Amarillo x10', '[\"products-excel\\/May2024\\/0787.jpg\"]', 'Bolsita Coti Lun Fluo Amarillo x10', NULL, '135', '1264', NULL, NULL, NULL, NULL, NULL, NULL, NULL, NULL, NULL, NULL, 3461.21, 2768.88, 2474.51, 3115.11, NULL, NULL, NULL, 0, NULL, NULL, '2024-06-07 03:19:22', '2024-06-07 03:19:48', NULL, 'bolsita-coti-lun-fluo-amarillo-x10', 1, NULL, NULL, 0, NULL),
(50086, '0788', 'Bolsita Coti Lun Fluo Fucsia x10', '[\"products-excel\\/May2024\\/0788.jpg\"]', 'Bolsita Coti Lun Fluo Fucsia x10', NULL, '135', '1264', NULL, NULL, NULL, NULL, NULL, NULL, NULL, NULL, NULL, NULL, 3461.21, 2768.88, 2474.51, 3115.11, NULL, NULL, NULL, 0, NULL, NULL, '2024-06-07 03:19:22', '2024-06-07 03:19:48', NULL, 'bolsita-coti-lun-fluo-fucsia-x10', 1, NULL, NULL, 0, NULL),
(50087, '0789', 'Bolsita Coti Lun Fluo Naranja x10', '[\"products-excel\\/May2024\\/0789.jpg\"]', 'Bolsita Coti Lun Fluo Naranja x10', NULL, '135', '1264', NULL, NULL, NULL, NULL, NULL, NULL, NULL, NULL, NULL, NULL, 3461.21, 2768.88, 2474.51, 3115.11, NULL, NULL, NULL, 0, NULL, NULL, '2024-06-07 03:19:22', '2024-06-07 03:19:48', NULL, 'bolsita-coti-lun-fluo-naranja-x10', 1, NULL, NULL, 0, NULL),
(50088, '0790', 'Movil Comunion Amarillo x5', '[\"products-excel\\/May2024\\/0790.jpg\"]', 'Movil Comunion Amarillo x5', NULL, '137', '1269', NULL, NULL, NULL, NULL, NULL, NULL, NULL, NULL, NULL, NULL, 9577.42, 7662.03, 6848.11, 8619.71, NULL, NULL, NULL, -11, NULL, NULL, '2024-06-07 03:19:22', '2024-06-07 03:19:48', NULL, 'movil-comunion-amarillo-x5', 1, NULL, NULL, 0, NULL),
(50089, '0792', 'Vincha Fantasia Azul y Amarillo x50', '[\"products-excel\\/May2024\\/0792.jpg\"]', 'Vincha Fantasia Azul y Amarillo x50', NULL, '134', '1323', NULL, NULL, NULL, NULL, NULL, NULL, NULL, NULL, NULL, NULL, 9496.53, 7597.78, 6790.26, 8546.91, NULL, NULL, NULL, -4, NULL, NULL, '2024-06-07 03:19:22', '2024-06-07 03:19:48', NULL, 'vincha-fantasia-azul-y-amarillo-x50', 1, NULL, NULL, 0, NULL),
(50090, '0807', 'Bolsita Coti Rect. Lisa Negra x10', '[\"products-excel\\/May2024\\/0807.jpg\"]', 'Bolsita Coti Rect. Lisa Negra x10', NULL, '135', '1294', NULL, NULL, NULL, NULL, NULL, NULL, NULL, NULL, NULL, NULL, 2906.83, 2325.28, 2078.15, 2616.14, NULL, NULL, NULL, 3, NULL, NULL, '2024-06-07 03:19:22', '2024-06-07 03:19:48', NULL, 'bolsita-coti-rect-lisa-negra-x10', 1, NULL, NULL, 0, NULL),
(50091, '0809', 'Photo Props Baby Shower Nene', '[\"products-excel\\/May2024\\/0809.jpg\"]', 'Photo Props Baby Shower Nene', NULL, '139', '1274', NULL, NULL, NULL, NULL, NULL, NULL, NULL, NULL, NULL, NULL, 2791.91, 1895.89, 1694.67, 2512.70, NULL, NULL, NULL, 10, NULL, NULL, '2024-06-07 03:19:22', '2024-06-07 03:19:48', NULL, 'photo-props-baby-shower-nene', 1, NULL, NULL, 0, NULL),
(50092, '0810', 'Photo Props Baby Shower Nena', '[\"products-excel\\/May2024\\/0810.jpg\"]', 'Photo Props Baby Shower Nena', NULL, '139', '1274', NULL, NULL, NULL, NULL, NULL, NULL, NULL, NULL, NULL, NULL, 2791.91, 1895.89, 1694.67, 2512.70, NULL, NULL, NULL, 54, NULL, NULL, '2024-06-07 03:19:22', '2024-06-07 03:19:48', NULL, 'photo-props-baby-shower-nena', 1, NULL, NULL, 0, NULL),
(50093, '0811', 'Photo Props Pirata', '[\"products-excel\\/May2024\\/0811.jpg\"]', 'Photo Props Pirata', NULL, '139', '1274', NULL, NULL, NULL, NULL, NULL, NULL, NULL, NULL, NULL, NULL, 2791.91, 1895.89, 1694.67, 2512.70, NULL, NULL, NULL, 2212, NULL, NULL, '2024-06-07 03:19:22', '2024-06-07 03:19:48', NULL, 'photo-props-pirata', 1, NULL, NULL, 0, NULL),
(50094, '0812', 'Cartel Bienvenido x1', '[\"products-excel\\/May2024\\/0812.jpg\"]', 'Cartel Bienvenido x1', NULL, '133', '1277', NULL, NULL, NULL, NULL, NULL, NULL, NULL, NULL, NULL, NULL, 2469.11, 1975.23, 1765.40, 2222.20, NULL, NULL, NULL, 0, NULL, NULL, '2024-06-07 03:19:22', '2024-06-07 03:19:22', NULL, 'cartel-bienvenido-x1', 0, NULL, NULL, 0, NULL),
(50095, '0813', 'Cartel Bienvenida x1', '[\"products-excel\\/May2024\\/0813.jpg\"]', 'Cartel Bienvenida x1', NULL, '133', '1277', NULL, NULL, NULL, NULL, NULL, NULL, NULL, NULL, NULL, NULL, 2469.11, 1975.23, 1765.40, 2222.20, NULL, NULL, NULL, 0, NULL, NULL, '2024-06-07 03:19:22', '2024-06-07 03:19:22', NULL, 'cartel-bienvenida-x1', 0, NULL, NULL, 0, NULL),
(50096, '0814', 'Cartel Feliz Primavera Mariposas', '[\"products-excel\\/May2024\\/0814.jpg\"]', 'Cartel Feliz Primavera Mariposas', NULL, '137', '1324', NULL, NULL, NULL, NULL, NULL, NULL, NULL, NULL, NULL, NULL, 2469.11, 1975.23, 1765.40, 2222.20, NULL, NULL, NULL, 0, NULL, NULL, '2024-06-07 03:19:22', '2024-06-07 03:19:48', NULL, 'cartel-feliz-primavera-mariposas', 1, NULL, NULL, 0, NULL),
(50097, '0815', 'Cartel Feliz Primavera Abejita', '[\"products-excel\\/May2024\\/0815.jpg\"]', 'Cartel Feliz Primavera Abejita', NULL, '137', '1324', NULL, NULL, NULL, NULL, NULL, NULL, NULL, NULL, NULL, NULL, 2469.11, 1975.23, 1765.40, 2222.20, NULL, NULL, NULL, 0, NULL, NULL, '2024-06-07 03:19:22', '2024-06-07 03:19:48', NULL, 'cartel-feliz-primavera-abejita', 1, NULL, NULL, 0, NULL),
(50098, '0816', 'Cartel Felicidades x1', '[\"products-excel\\/May2024\\/0816.jpg\"]', 'Cartel Felicidades x1', NULL, '133', '1277', NULL, NULL, NULL, NULL, NULL, NULL, NULL, NULL, NULL, NULL, 2469.11, 1975.23, 1765.40, 2222.20, NULL, NULL, NULL, 0, NULL, NULL, '2024-06-07 03:19:22', '2024-06-07 03:19:22', NULL, 'cartel-felicidades-x1', 0, NULL, NULL, 0, NULL),
(50099, '0817', 'Cartel Feliz Cumple Fondo Multicolor', '[\"products-excel\\/May2024\\/0817.jpg\"]', 'Cartel Feliz Cumple Fondo Multicolor', NULL, '133', '1277', NULL, NULL, NULL, NULL, NULL, NULL, NULL, NULL, NULL, NULL, 2469.11, 1975.23, 1765.40, 2222.20, NULL, NULL, NULL, -20, NULL, NULL, '2024-06-07 03:19:22', '2024-06-07 03:19:48', NULL, 'cartel-feliz-cumple-fondo-multicolor', 1, NULL, NULL, 0, NULL),
(50100, '0818', 'Cartel Feliz Cumpleaños', '[\"products-excel\\/May2024\\/0818.jpg\"]', 'Cartel Feliz Cumpleaños', NULL, '133', '1277', NULL, NULL, NULL, NULL, NULL, NULL, NULL, NULL, NULL, NULL, 2469.11, 1975.23, 1765.40, 2222.20, NULL, NULL, NULL, -20, NULL, NULL, '2024-06-07 03:19:22', '2024-06-07 03:19:48', NULL, 'cartel-feliz-cumplea-os', 1, NULL, NULL, 0, NULL),
(50101, '0819', 'Cartel Feliz Cumple Velas', '[\"products-excel\\/May2024\\/0819.jpg\"]', 'Cartel Feliz Cumple Velas', NULL, '133', '1277', NULL, NULL, NULL, NULL, NULL, NULL, NULL, NULL, NULL, NULL, 2469.11, 1975.23, 1765.40, 2222.20, NULL, NULL, NULL, 0, NULL, NULL, '2024-06-07 03:19:22', '2024-06-07 03:19:48', NULL, 'cartel-feliz-cumple-velas', 1, NULL, NULL, 0, NULL),
(50102, '0820', 'Guirnalda Hawaiana Amarillo y Blanca 3 mts. x 1', '[\"products-excel\\/May2024\\/0820.jpg\"]', 'Guirnalda Hawaiana Amarillo y Blanca 3 mts. x 1', NULL, '137', '1325', NULL, NULL, NULL, NULL, NULL, NULL, NULL, NULL, NULL, NULL, 3399.90, 2719.80, 2431.19, 3059.87, NULL, NULL, NULL, 54, NULL, NULL, '2024-06-07 03:19:22', '2024-06-07 03:19:48', NULL, 'guirnalda-hawaiana-amarillo-y-blanca-3-mts-x-1', 1, NULL, NULL, 0, NULL),
(50103, '0821', 'Guirnalda Hawaiana Amarillo y Blanca 1 mts. x 1', '[\"products-excel\\/May2024\\/0821.jpg\"]', 'Guirnalda Hawaiana Amarillo y Blanca 1 mts. x 1', NULL, '137', '1325', NULL, NULL, NULL, NULL, NULL, NULL, NULL, NULL, NULL, NULL, 1357.74, 1086.23, 970.87, 1221.99, NULL, NULL, NULL, 140, NULL, NULL, '2024-06-07 03:19:22', '2024-06-07 03:19:48', NULL, 'guirnalda-hawaiana-amarillo-y-blanca-1-mts-x-1', 1, NULL, NULL, 0, NULL),
(50104, '0822', 'Cartel Halloween 2 Calabazas Vertical', '[\"products-excel\\/May2024\\/0822.jpg\"]', 'Cartel Halloween 2 Calabazas Vertical', NULL, '137', '1281', NULL, NULL, NULL, NULL, NULL, NULL, NULL, NULL, NULL, NULL, 2469.11, 1975.23, 1765.40, 2222.20, NULL, NULL, NULL, -6, NULL, NULL, '2024-06-07 03:19:22', '2024-06-07 03:19:48', NULL, 'cartel-halloween-2-calabazas-vertical', 1, NULL, NULL, 0, NULL),
(50105, '0823', 'Cartel Halloween 3 Calabazas Horizontal', '[\"products-excel\\/May2024\\/0823.jpg\"]', 'Cartel Halloween 3 Calabazas Horizontal', NULL, '137', '1281', NULL, NULL, NULL, NULL, NULL, NULL, NULL, NULL, NULL, NULL, 2469.11, 1975.23, 1765.40, 2222.20, NULL, NULL, NULL, -6, NULL, NULL, '2024-06-07 03:19:22', '2024-06-07 03:19:48', NULL, 'cartel-halloween-3-calabazas-horizontal', 1, NULL, NULL, 0, NULL),
(50106, '0824', 'Cartel Halloween 3 Calabazas Vertical', '[\"products-excel\\/May2024\\/0824.jpg\"]', 'Cartel Halloween 3 Calabazas Vertical', NULL, '137', '1281', NULL, NULL, NULL, NULL, NULL, NULL, NULL, NULL, NULL, NULL, 2469.11, 1975.23, 1765.40, 2222.20, NULL, NULL, NULL, 0, NULL, NULL, '2024-06-07 03:19:22', '2024-06-07 03:19:48', NULL, 'cartel-halloween-3-calabazas-vertical', 1, NULL, NULL, 0, NULL),
(50107, '0825', 'Collarcito de Friselina Azul y Amarillo x10', '[\"products-excel\\/May2024\\/0825.jpg\"]', 'Collarcito de Friselina Azul y Amarillo x10', NULL, '139', '1314', NULL, NULL, NULL, NULL, NULL, NULL, NULL, NULL, NULL, NULL, 5128.23, 4102.71, 3666.68, 4615.39, NULL, NULL, NULL, -10, NULL, NULL, '2024-06-07 03:19:22', '2024-06-07 03:19:48', NULL, 'collarcito-de-friselina-azul-y-amarillo-x10', 1, NULL, NULL, 0, NULL),
(50108, '0826', 'Collarcito de Friselina Blanco y Rojo x10', '[\"products-excel\\/May2024\\/0826.jpg\"]', 'Collarcito de Friselina Blanco y Rojo x10', NULL, '134', '1326', NULL, NULL, NULL, NULL, NULL, NULL, NULL, NULL, NULL, NULL, 5128.23, 4102.71, 3666.68, 4615.39, NULL, NULL, NULL, 0, NULL, NULL, '2024-06-07 03:19:22', '2024-06-07 03:19:48', NULL, 'collarcito-de-friselina-blanco-y-rojo-x10', 1, NULL, NULL, 0, NULL),
(50109, '0827', 'Collarcito de Friselina Rojo y Azul x10', '[\"products-excel\\/May2024\\/0827.jpg\"]', 'Collarcito de Friselina Rojo y Azul x10', NULL, '139', '1314', NULL, NULL, NULL, NULL, NULL, NULL, NULL, NULL, NULL, NULL, 5128.23, 4102.71, 3666.68, 4615.39, NULL, NULL, NULL, 0, NULL, NULL, '2024-06-07 03:19:22', '2024-06-07 03:19:48', NULL, 'collarcito-de-friselina-rojo-y-azul-x10', 1, NULL, NULL, 0, NULL),
(50110, '0828', 'Collarcito de Friselina Celeste y Blanco x10', '[\"products-excel\\/May2024\\/0828.jpg\"]', 'Collarcito de Friselina Celeste y Blanco x10', NULL, '134', '1327', NULL, NULL, NULL, NULL, NULL, NULL, NULL, NULL, NULL, NULL, 5128.23, 4102.71, 3666.68, 4615.39, NULL, NULL, NULL, 0, NULL, NULL, '2024-06-07 03:19:22', '2024-06-07 03:19:48', NULL, 'collarcito-de-friselina-celeste-y-blanco-x10', 1, NULL, NULL, 0, NULL),
(50111, '0829', 'Collarcito de Friselina Rojo x10', '[\"products-excel\\/May2024\\/0829.jpg\"]', 'Collarcito de Friselina Rojo x10', NULL, '139', '1314', NULL, NULL, NULL, NULL, NULL, NULL, NULL, NULL, NULL, NULL, 5128.23, 4102.71, 3666.68, 4615.39, NULL, NULL, NULL, 0, NULL, NULL, '2024-06-07 03:19:22', '2024-06-07 03:19:48', NULL, 'collarcito-de-friselina-rojo-x10', 1, NULL, NULL, 0, NULL),
(50112, '0830', 'Mantel Rojo con Camino Navideño Arbol Grande Rojo', '[\"products-excel\\/May2024\\/0830.jpg\"]', 'Mantel Rojo con Camino Navideño Arbol Grande Rojo', NULL, '137', '1276', NULL, NULL, NULL, NULL, NULL, NULL, NULL, NULL, NULL, NULL, 3038.98, 2431.48, 2172.86, 2735.09, NULL, NULL, NULL, 0, NULL, NULL, '2024-06-07 03:19:22', '2024-06-07 03:19:48', NULL, 'mantel-rojo-con-camino-navide-o-arbol-grande-rojo', 1, NULL, NULL, 0, NULL),
(50113, '0831', 'Mantel Rojo con Camino Navideño Arbol Chico Rojo', '[\"products-excel\\/May2024\\/0831.jpg\"]', 'Mantel Rojo con Camino Navideño Arbol Chico Rojo', NULL, '137', '1276', NULL, NULL, NULL, NULL, NULL, NULL, NULL, NULL, NULL, NULL, 3038.98, 2431.48, 2172.86, 2735.09, NULL, NULL, NULL, 0, NULL, NULL, '2024-06-07 03:19:22', '2024-06-07 03:19:48', NULL, 'mantel-rojo-con-camino-navide-o-arbol-chico-rojo', 1, NULL, NULL, 0, NULL),
(50114, '0832', 'Mantel Verde con Camino Navideño Arbol Grande Verde', '[\"products-excel\\/May2024\\/0832.jpg\"]', 'Mantel Verde con Camino Navideño Arbol Grande Verde', NULL, '137', '1276', NULL, NULL, NULL, NULL, NULL, NULL, NULL, NULL, NULL, NULL, 3038.98, 2431.48, 2172.86, 2735.09, NULL, NULL, NULL, 0, NULL, NULL, '2024-06-07 03:19:22', '2024-06-07 03:19:48', NULL, 'mantel-verde-con-camino-navide-o-arbol-grande-verde', 1, NULL, NULL, 0, NULL),
(50115, '0833', 'Mantel Verde con Camino Navideño Arbol Chico Verde', '[\"products-excel\\/May2024\\/0833.jpg\"]', 'Mantel Verde con Camino Navideño Arbol Chico Verde', NULL, '137', '1276', NULL, NULL, NULL, NULL, NULL, NULL, NULL, NULL, NULL, NULL, 3038.98, 2431.48, 2172.86, 2735.09, NULL, NULL, NULL, 0, NULL, NULL, '2024-06-07 03:19:22', '2024-06-07 03:19:48', NULL, 'mantel-verde-con-camino-navide-o-arbol-chico-verde', 1, NULL, NULL, 0, NULL),
(50116, '0838', 'Movil Navideño x5', '[\"products-excel\\/May2024\\/0838.jpg\"]', 'Movil Navideño x5', NULL, '137', '1328', NULL, NULL, NULL, NULL, NULL, NULL, NULL, NULL, NULL, NULL, 9577.62, 7662.03, 6848.11, 8619.90, NULL, NULL, NULL, 0, NULL, NULL, '2024-06-07 03:19:22', '2024-06-07 03:19:48', NULL, 'movil-navide-o-x5', 1, NULL, NULL, 0, NULL),
(50117, '0839', 'Cartel Feliz Cumple Globos', '[\"products-excel\\/May2024\\/0839.jpg\"]', 'Cartel Feliz Cumple Globos', NULL, '133', '1277', NULL, NULL, NULL, NULL, NULL, NULL, NULL, NULL, NULL, NULL, 2469.11, 1975.23, 1765.40, 2222.20, NULL, NULL, NULL, 0, NULL, NULL, '2024-06-07 03:19:22', '2024-06-07 03:19:48', NULL, 'cartel-feliz-cumple-globos', 1, NULL, NULL, 0, NULL),
(50118, '0840', 'Bolsita Redondita Fluo Animal Print Verde x10', '[\"products-excel\\/May2024\\/0840.jpg\"]', 'Bolsita Redondita Fluo Animal Print Verde x10', NULL, '135', '1273', NULL, NULL, NULL, NULL, NULL, NULL, NULL, NULL, NULL, NULL, 2816.24, 2252.57, 2013.44, 2534.63, NULL, NULL, NULL, 0, NULL, NULL, '2024-06-07 03:19:22', '2024-06-07 03:19:48', NULL, 'bolsita-redondita-fluo-animal-print-verde-x10', 1, NULL, NULL, 0, NULL),
(50119, '0841', 'Bolsita Redondita Fluo Animal Print Amarillo x10', '[\"products-excel\\/May2024\\/0841.jpg\"]', 'Bolsita Redondita Fluo Animal Print Amarillo x10', NULL, '135', '1273', NULL, NULL, NULL, NULL, NULL, NULL, NULL, NULL, NULL, NULL, 2816.24, 2252.57, 2013.44, 2534.63, NULL, NULL, NULL, 0, NULL, NULL, '2024-06-07 03:19:22', '2024-06-07 03:19:48', NULL, 'bolsita-redondita-fluo-animal-print-amarillo-x10', 1, NULL, NULL, 0, NULL),
(50120, '0842', 'Bolsita Redondita Fluo Animal Print Fucsia x10', '[\"products-excel\\/May2024\\/0842.jpg\"]', 'Bolsita Redondita Fluo Animal Print Fucsia x10', NULL, '135', '1273', NULL, NULL, NULL, NULL, NULL, NULL, NULL, NULL, NULL, NULL, 2816.24, 2252.57, 2013.44, 2534.63, NULL, NULL, NULL, 0, NULL, NULL, '2024-06-07 03:19:22', '2024-06-07 03:19:48', NULL, 'bolsita-redondita-fluo-animal-print-fucsia-x10', 1, NULL, NULL, 0, NULL),
(50121, '0843', 'Bolsita Redondita Fluo Animal Print Naranja x10', '[\"products-excel\\/May2024\\/0843.jpg\"]', 'Bolsita Redondita Fluo Animal Print Naranja x10', NULL, '135', '1273', NULL, NULL, NULL, NULL, NULL, NULL, NULL, NULL, NULL, NULL, 2816.24, 2252.57, 2013.44, 2534.63, NULL, NULL, NULL, 0, NULL, NULL, '2024-06-07 03:19:22', '2024-06-07 03:19:48', NULL, 'bolsita-redondita-fluo-animal-print-naranja-x10', 1, NULL, NULL, 0, NULL),
(50122, '0844', 'Band. Red. Fluo Animal Print Verde x5', '[\"products-excel\\/May2024\\/0844.jpg\"]', 'Band. Red. Fluo Animal Print Verde x5', NULL, '132', '1258', NULL, NULL, NULL, NULL, NULL, NULL, NULL, NULL, NULL, NULL, 12345.80, 9876.63, 8932.27, 11111.23, NULL, NULL, NULL, 0, NULL, NULL, '2024-06-07 03:19:22', '2024-06-07 03:19:22', NULL, 'band-red-fluo-animal-print-verde-x5', 0, NULL, NULL, 0, NULL),
(50123, '0845', 'Band. Red. Fluo Animal Print Amarillo x5', '[\"products-excel\\/May2024\\/0845.jpg\"]', 'Band. Red. Fluo Animal Print Amarillo x5', NULL, '132', '1258', NULL, NULL, NULL, NULL, NULL, NULL, NULL, NULL, NULL, NULL, 12345.80, 9876.63, 8932.27, 11111.23, NULL, NULL, NULL, 0, NULL, NULL, '2024-06-07 03:19:22', '2024-06-07 03:19:22', NULL, 'band-red-fluo-animal-print-amarillo-x5', 0, NULL, NULL, 0, NULL),
(50124, '0846', 'Band. Red. Fluo Animal Print Fucsia x5', '[\"products-excel\\/May2024\\/0846.jpg\"]', 'Band. Red. Fluo Animal Print Fucsia x5', NULL, '132', '1258', NULL, NULL, NULL, NULL, NULL, NULL, NULL, NULL, NULL, NULL, 12345.80, 9876.63, 8932.27, 11111.23, NULL, NULL, NULL, 0, NULL, NULL, '2024-06-07 03:19:22', '2024-06-07 03:19:22', NULL, 'band-red-fluo-animal-print-fucsia-x5', 0, NULL, NULL, 0, NULL),
(50125, '0847', 'Band. Red. Fluo Animal Print Naranja x5', '[\"products-excel\\/May2024\\/0847.jpg\"]', 'Band. Red. Fluo Animal Print Naranja x5', NULL, '132', '1258', NULL, NULL, NULL, NULL, NULL, NULL, NULL, NULL, NULL, NULL, 12345.80, 9876.63, 8932.27, 11111.23, NULL, NULL, NULL, 0, NULL, NULL, '2024-06-07 03:19:22', '2024-06-07 03:19:22', NULL, 'band-red-fluo-animal-print-naranja-x5', 0, NULL, NULL, 0, NULL),
(50126, '0848', 'Band. Rect. Fluo Animal Print Verde x5', '[\"products-excel\\/May2024\\/0848.jpg\"]', 'Band. Rect. Fluo Animal Print Verde x5', NULL, '132', '1259', NULL, NULL, NULL, NULL, NULL, NULL, NULL, NULL, NULL, NULL, 12345.80, 9876.63, 8932.27, 11111.23, NULL, NULL, NULL, 0, NULL, NULL, '2024-06-07 03:19:22', '2024-06-07 03:19:22', NULL, 'band-rect-fluo-animal-print-verde-x5', 0, NULL, NULL, 0, NULL),
(50127, '0849', 'Band. Rect. Fluo Animal Print Amarillo x5', '[\"products-excel\\/May2024\\/0849.jpg\"]', 'Band. Rect. Fluo Animal Print Amarillo x5', NULL, '132', '1259', NULL, NULL, NULL, NULL, NULL, NULL, NULL, NULL, NULL, NULL, 12345.80, 9876.63, 8932.27, 11111.23, NULL, NULL, NULL, 0, NULL, NULL, '2024-06-07 03:19:22', '2024-06-07 03:19:22', NULL, 'band-rect-fluo-animal-print-amarillo-x5', 0, NULL, NULL, 0, NULL),
(50128, '0850', 'Band. Rect. Fluo Animal Print Fucsia x5', '[\"products-excel\\/May2024\\/0850.jpg\"]', 'Band. Rect. Fluo Animal Print Fucsia x5', NULL, '132', '1259', NULL, NULL, NULL, NULL, NULL, NULL, NULL, NULL, NULL, NULL, 12345.80, 9876.63, 8932.27, 11111.23, NULL, NULL, NULL, 0, NULL, NULL, '2024-06-07 03:19:22', '2024-06-07 03:19:22', NULL, 'band-rect-fluo-animal-print-fucsia-x5', 0, NULL, NULL, 0, NULL),
(50129, '0851', 'Band. Rect. Fluo Animal Print Naranja x5', '[\"products-excel\\/May2024\\/0851.jpg\"]', 'Band. Rect. Fluo Animal Print Naranja x5', NULL, '132', '1259', NULL, NULL, NULL, NULL, NULL, NULL, NULL, NULL, NULL, NULL, 12345.80, 9876.63, 8932.27, 11111.23, NULL, NULL, NULL, 0, NULL, NULL, '2024-06-07 03:19:22', '2024-06-07 03:19:22', NULL, 'band-rect-fluo-animal-print-naranja-x5', 0, NULL, NULL, 0, NULL),
(50130, '0867', 'Photo Props Millo', '[\"products-excel\\/May2024\\/0867.jpg\"]', 'Photo Props Millo', NULL, '139', '1274', NULL, NULL, NULL, NULL, NULL, NULL, NULL, NULL, NULL, NULL, 2791.91, 1895.89, 1694.67, 2512.70, NULL, NULL, NULL, 700, NULL, NULL, '2024-06-07 03:19:22', '2024-06-07 03:19:48', NULL, 'photo-props-millo', 1, NULL, NULL, 0, NULL),
(50131, '0868', 'Photo Props Azul y Oro', '[\"products-excel\\/May2024\\/0868.jpg\"]', 'Photo Props Azul y Oro', NULL, '139', '1274', NULL, NULL, NULL, NULL, NULL, NULL, NULL, NULL, NULL, NULL, 2791.91, 1895.89, 1694.67, 2512.70, NULL, NULL, NULL, 1970, NULL, NULL, '2024-06-07 03:19:22', '2024-06-07 03:19:48', NULL, 'photo-props-azul-y-oro', 1, NULL, NULL, 0, NULL),
(50132, '0869', 'Photo Props Academia', '[\"products-excel\\/May2024\\/0869.jpg\"]', 'Photo Props Academia', NULL, '139', '1274', NULL, NULL, NULL, NULL, NULL, NULL, NULL, NULL, NULL, NULL, 2791.91, 1895.89, 1694.67, 2512.70, NULL, NULL, NULL, 1400, NULL, NULL, '2024-06-07 03:19:22', '2024-06-07 03:19:48', NULL, 'photo-props-academia', 1, NULL, NULL, 0, NULL),
(50133, '0870', 'Photo Props El Rojo', '[\"products-excel\\/May2024\\/0870.jpg\"]', 'Photo Props El Rojo', NULL, '139', '1274', NULL, NULL, NULL, NULL, NULL, NULL, NULL, NULL, NULL, NULL, 2791.91, 1895.89, 1694.67, 2512.70, NULL, NULL, NULL, 1600, NULL, NULL, '2024-06-07 03:19:22', '2024-06-07 03:19:48', NULL, 'photo-props-el-rojo', 1, NULL, NULL, 0, NULL),
(50134, '0871', 'Photo Props Cuervo', '[\"products-excel\\/May2024\\/0871.jpg\"]', 'Photo Props Cuervo', NULL, '139', '1274', NULL, NULL, NULL, NULL, NULL, NULL, NULL, NULL, NULL, NULL, 2791.91, 1895.89, 1694.67, 2512.70, NULL, NULL, NULL, 3000, NULL, NULL, '2024-06-07 03:19:22', '2024-06-07 03:19:48', NULL, 'photo-props-cuervo', 1, NULL, NULL, 0, NULL),
(50135, '0872', 'Banderin Vintage Amarillo - Blanco', '[\"products-excel\\/May2024\\/0872.jpg\"]', 'Banderin Vintage Amarillo - Blanco', NULL, '137', '1329', NULL, NULL, NULL, NULL, NULL, NULL, NULL, NULL, NULL, NULL, 10921.41, 8736.90, 7808.80, 9829.28, NULL, NULL, NULL, 0, NULL, NULL, '2024-06-07 03:19:22', '2024-06-07 03:19:48', NULL, 'banderin-vintage-amarillo---blanco', 1, NULL, NULL, 0, NULL),
(50136, '0873', 'Guirnalda Cadena Amarilla - Blanca', '[\"products-excel\\/May2024\\/0873.jpg\"]', 'Guirnalda Cadena Amarilla - Blanca', NULL, '137', '1325', NULL, NULL, NULL, NULL, NULL, NULL, NULL, NULL, NULL, NULL, 2906.83, 2325.28, 2078.15, 2616.14, NULL, NULL, NULL, 60, NULL, NULL, '2024-06-07 03:19:22', '2024-06-07 03:19:48', NULL, 'guirnalda-cadena-amarilla---blanca', 1, NULL, NULL, 0, NULL),
(50137, '0874', 'Guirnalda Porra Amarilla - Blanca', '[\"products-excel\\/May2024\\/0874.jpg\"]', 'Guirnalda Porra Amarilla - Blanca', NULL, '137', '1325', NULL, NULL, NULL, NULL, NULL, NULL, NULL, NULL, NULL, NULL, 2906.83, 2325.28, 2078.32, 2616.14, NULL, NULL, NULL, -34, NULL, NULL, '2024-06-07 03:19:22', '2024-06-07 03:19:48', NULL, 'guirnalda-porra-amarilla---blanca', 1, NULL, NULL, 0, NULL),
(50138, '0875', 'Pompon Amarillo - Blanco', '[\"products-excel\\/May2024\\/0875.jpg\"]', 'Pompon Amarillo - Blanco', NULL, '137', '1330', NULL, NULL, NULL, NULL, NULL, NULL, NULL, NULL, NULL, NULL, 3588.20, 2870.10, 2565.83, 3229.41, NULL, NULL, NULL, 0, NULL, NULL, '2024-06-07 03:19:22', '2024-06-07 03:19:48', NULL, 'pompon-amarillo---blanco', 1, NULL, NULL, 0, NULL),
(50139, '0877', 'Banderin Vintage Rojo con Lunar Negro x5', '[\"products-excel\\/May2024\\/0877.jpg\"]', 'Banderin Vintage Rojo con Lunar Negro x5', NULL, '133', '1291', NULL, NULL, NULL, NULL, NULL, NULL, NULL, NULL, NULL, NULL, 10921.41, 8737.06, 7809.26, 9829.28, NULL, NULL, NULL, 0, NULL, NULL, '2024-06-07 03:19:22', '2024-06-07 03:19:48', NULL, 'banderin-vintage-rojo-con-lunar-negro-x5', 1, NULL, NULL, 0, NULL),
(50140, '0878', 'Bolsita Redonda Corazon Fluo Fucsia', '[\"products-excel\\/May2024\\/0878.jpg\"]', 'Bolsita Redonda Corazon Fluo Fucsia', NULL, '135', '1273', NULL, NULL, NULL, NULL, NULL, NULL, NULL, NULL, NULL, NULL, 2816.24, 2252.57, 2013.44, 2534.63, NULL, NULL, NULL, 0, NULL, NULL, '2024-06-07 03:19:22', '2024-06-07 03:19:48', NULL, 'bolsita-redonda-corazon-fluo-fucsia', 1, NULL, NULL, 0, NULL),
(50141, '0879', 'Mantel Plastificado Animal Print Fluo Verde', '[\"products-excel\\/May2024\\/0879.jpg\"]', 'Mantel Plastificado Animal Print Fluo Verde', NULL, '136', '1331', NULL, NULL, NULL, NULL, NULL, NULL, NULL, NULL, NULL, NULL, 4000.35, 3200.25, 2860.32, 3600.34, NULL, NULL, NULL, -6, NULL, NULL, '2024-06-07 03:19:22', '2024-06-07 03:19:48', NULL, 'mantel-plastificado-animal-print-fluo-verde', 1, NULL, NULL, 0, NULL),
(50142, '0880', 'Mantel Plastificado Lunar Amarillo Fluo', '[\"products-excel\\/May2024\\/0880.jpg\"]', 'Mantel Plastificado Lunar Amarillo Fluo', NULL, '136', '1331', NULL, NULL, NULL, NULL, NULL, NULL, NULL, NULL, NULL, NULL, 4000.35, 3200.25, 2860.32, 3600.34, NULL, NULL, NULL, -12, NULL, NULL, '2024-06-07 03:19:22', '2024-06-07 03:19:48', NULL, 'mantel-plastificado-lunar-amarillo-fluo', 1, NULL, NULL, 0, NULL);
INSERT INTO `products_excel` (`id`, `codigo`, `articulo`, `imagenes`, `desc_fiscal`, `marca`, `familia`, `categoria`, `sinonimo`, `iva`, `grupo_emp`, `unidad_medida`, `envoltorio`, `peso_neto`, `ancho`, `alto`, `profundidad`, `meses_garantia`, `lista_precios_1`, `lista_precios_2`, `lista_precios_3`, `lista_precios_4`, `stock_maximo`, `stock_minimo`, `reposicion`, `stock_actual`, `fecha_creacion`, `fecha_actualizacion`, `created_at`, `updated_at`, `quantity`, `slug`, `publicado`, `combo`, `rubro_id`, `destacado`, `descuento_combo`) VALUES
(50143, '0881', 'Mantel Plastificado Corazon Fucsia', '[\"products-excel\\/May2024\\/0881.jpg\"]', 'Mantel Plastificado Corazon Fucsia', NULL, '136', '1331', NULL, NULL, NULL, NULL, NULL, NULL, NULL, NULL, NULL, NULL, 4000.35, 3200.25, 2860.32, 3600.34, NULL, NULL, NULL, 0, NULL, NULL, '2024-06-07 03:19:22', '2024-06-07 03:19:48', NULL, 'mantel-plastificado-corazon-fucsia', 1, NULL, NULL, 0, NULL),
(50144, '0885', 'Bolsita Redonda Fluo Estrella Verde x10', '[\"products-excel\\/May2024\\/0885.jpg\"]', 'Bolsita Redonda Fluo Estrella Verde x10', NULL, '135', '1273', NULL, NULL, NULL, NULL, NULL, NULL, NULL, NULL, NULL, NULL, 2816.24, 2252.57, 2013.44, 2534.63, NULL, NULL, NULL, 0, NULL, NULL, '2024-06-07 03:19:22', '2024-06-07 03:19:48', NULL, 'bolsita-redonda-fluo-estrella-verde-x10', 1, NULL, NULL, 0, NULL),
(50145, '0886', 'Bolsita Redonda Fluo Estrella Amarillo x10', '[\"products-excel\\/May2024\\/0886.jpg\"]', 'Bolsita Redonda Fluo Estrella Amarillo x10', NULL, '135', '1273', NULL, NULL, NULL, NULL, NULL, NULL, NULL, NULL, NULL, NULL, 2816.24, 2252.57, 2013.44, 2534.63, NULL, NULL, NULL, 0, NULL, NULL, '2024-06-07 03:19:22', '2024-06-07 03:19:48', NULL, 'bolsita-redonda-fluo-estrella-amarillo-x10', 1, NULL, NULL, 0, NULL),
(50146, '0887', 'Bolsita Redonda Fluo Estrella Fucsia x10', '[\"products-excel\\/May2024\\/0887.jpg\"]', 'Bolsita Redonda Fluo Estrella Fucsia x10', NULL, '135', '1273', NULL, NULL, NULL, NULL, NULL, NULL, NULL, NULL, NULL, NULL, 2816.24, 2252.57, 2013.44, 2534.63, NULL, NULL, NULL, 0, NULL, NULL, '2024-06-07 03:19:22', '2024-06-07 03:19:48', NULL, 'bolsita-redonda-fluo-estrella-fucsia-x10', 1, NULL, NULL, 0, NULL),
(50147, '0888', 'Bolsita Redonda Fluo Estrella Naranja x10', '[\"products-excel\\/May2024\\/0888.jpg\"]', 'Bolsita Redonda Fluo Estrella Naranja x10', NULL, '135', '1273', NULL, NULL, NULL, NULL, NULL, NULL, NULL, NULL, NULL, NULL, 2816.24, 2252.57, 2013.44, 2534.63, NULL, NULL, NULL, 0, NULL, NULL, '2024-06-07 03:19:22', '2024-06-07 03:19:48', NULL, 'bolsita-redonda-fluo-estrella-naranja-x10', 1, NULL, NULL, 0, NULL),
(50148, '0897', 'Bolsita Redonda Floreada Azul x10', '[\"products-excel\\/May2024\\/0897.jpg\"]', 'Bolsita Redonda Floreada Azul x10', NULL, '137', '1332', NULL, NULL, NULL, NULL, NULL, NULL, NULL, NULL, NULL, NULL, 2634.64, 2107.56, 1883.49, 2371.16, NULL, NULL, NULL, 27, NULL, NULL, '2024-06-07 03:19:22', '2024-06-07 03:19:48', NULL, 'bolsita-redonda-floreada-azul-x10', 1, NULL, NULL, 0, NULL),
(50149, '0898', 'Bolsita Redonda Floreada Roja x10', '[\"products-excel\\/May2024\\/0898.jpg\"]', 'Bolsita Redonda Floreada Roja x10', NULL, '137', '1332', NULL, NULL, NULL, NULL, NULL, NULL, NULL, NULL, NULL, NULL, 2634.64, 2107.56, 1883.49, 2371.16, NULL, NULL, NULL, 38, NULL, NULL, '2024-06-07 03:19:22', '2024-06-07 03:19:48', NULL, 'bolsita-redonda-floreada-roja-x10', 1, NULL, NULL, 0, NULL),
(50150, '0899', 'Bolsita Redonda Floreada Fucsia x10', '[\"products-excel\\/May2024\\/0899.jpg\"]', 'Bolsita Redonda Floreada Fucsia x10', NULL, '137', '1332', NULL, NULL, NULL, NULL, NULL, NULL, NULL, NULL, NULL, NULL, 2634.64, 2107.56, 1883.49, 2371.16, NULL, NULL, NULL, 0, NULL, NULL, '2024-06-07 03:19:22', '2024-06-07 03:19:48', NULL, 'bolsita-redonda-floreada-fucsia-x10', 1, NULL, NULL, 0, NULL),
(50151, '0900', 'Bolsita Redonda Floreada Verde x10', '[\"products-excel\\/May2024\\/0900.jpg\"]', 'Bolsita Redonda Floreada Verde x10', NULL, '137', '1332', NULL, NULL, NULL, NULL, NULL, NULL, NULL, NULL, NULL, NULL, 2634.64, 2107.56, 1883.49, 2371.16, NULL, NULL, NULL, 0, NULL, NULL, '2024-06-07 03:19:22', '2024-06-07 03:19:48', NULL, 'bolsita-redonda-floreada-verde-x10', 1, NULL, NULL, 0, NULL),
(50152, '0901', 'Bolsita Redonda Floreada Violeta x10', '[\"products-excel\\/May2024\\/0901.jpg\"]', 'Bolsita Redonda Floreada Violeta x10', NULL, '137', '1332', NULL, NULL, NULL, NULL, NULL, NULL, NULL, NULL, NULL, NULL, 2634.64, 2107.56, 1883.49, 2371.16, NULL, NULL, NULL, -20, NULL, NULL, '2024-06-07 03:19:22', '2024-06-07 03:19:48', NULL, 'bolsita-redonda-floreada-violeta-x10', 1, NULL, NULL, 0, NULL),
(50153, '0902', 'Banderin Vintage Estrella Fucsia x5', '[\"products-excel\\/May2024\\/0902.jpg\"]', 'Banderin Vintage Estrella Fucsia x5', NULL, '133', '1291', NULL, NULL, NULL, NULL, NULL, NULL, NULL, NULL, NULL, NULL, 10921.41, 8737.06, 7809.26, 9829.28, NULL, NULL, NULL, 0, NULL, NULL, '2024-06-07 03:19:22', '2024-06-07 03:19:48', NULL, 'banderin-vintage-estrella-fucsia-x5', 1, NULL, NULL, 0, NULL),
(50154, '0903', 'Banderin Vintage Estrella Rojox5', '[\"products-excel\\/May2024\\/0903.jpg\"]', 'Banderin Vintage Estrella Rojox5', NULL, '133', '1291', NULL, NULL, NULL, NULL, NULL, NULL, NULL, NULL, NULL, NULL, 10921.41, 8737.06, 7809.26, 9829.28, NULL, NULL, NULL, 0, NULL, NULL, '2024-06-07 03:19:22', '2024-06-07 03:19:48', NULL, 'banderin-vintage-estrella-rojox5', 1, NULL, NULL, 0, NULL),
(50155, '0904', 'Banderin Vintage Estrella Violeta x5', '[\"products-excel\\/May2024\\/0904.jpg\"]', 'Banderin Vintage Estrella Violeta x5', NULL, '133', '1291', NULL, NULL, NULL, NULL, NULL, NULL, NULL, NULL, NULL, NULL, 10921.41, 8737.06, 7809.26, 9829.28, NULL, NULL, NULL, 0, NULL, NULL, '2024-06-07 03:19:22', '2024-06-07 03:19:48', NULL, 'banderin-vintage-estrella-violeta-x5', 1, NULL, NULL, 0, NULL),
(50156, '0905', 'Banderin Vintage Corazon Fucsia x5', '[\"products-excel\\/May2024\\/0905.jpg\"]', 'Banderin Vintage Corazon Fucsia x5', NULL, '133', '1291', NULL, NULL, NULL, NULL, NULL, NULL, NULL, NULL, NULL, NULL, 10921.41, 8737.06, 7809.26, 9829.28, NULL, NULL, NULL, 0, NULL, NULL, '2024-06-07 03:19:22', '2024-06-07 03:19:48', NULL, 'banderin-vintage-corazon-fucsia-x5', 1, NULL, NULL, 0, NULL),
(50157, '0906', 'Banderin Vintage Corazon Rojo x5', '[\"products-excel\\/May2024\\/0906.jpg\"]', 'Banderin Vintage Corazon Rojo x5', NULL, '133', '1291', NULL, NULL, NULL, NULL, NULL, NULL, NULL, NULL, NULL, NULL, 10921.41, 8737.06, 7809.26, 9829.28, NULL, NULL, NULL, 0, NULL, NULL, '2024-06-07 03:19:22', '2024-06-07 03:19:48', NULL, 'banderin-vintage-corazon-rojo-x5', 1, NULL, NULL, 0, NULL),
(50158, '0907', 'Banderin Vintage Corazon Violeta x5', '[\"products-excel\\/May2024\\/0907.jpg\"]', 'Banderin Vintage Corazon Violeta x5', NULL, '133', '1291', NULL, NULL, NULL, NULL, NULL, NULL, NULL, NULL, NULL, NULL, 10921.41, 8737.06, 7809.26, 9829.28, NULL, NULL, NULL, 0, NULL, NULL, '2024-06-07 03:19:22', '2024-06-07 03:19:48', NULL, 'banderin-vintage-corazon-violeta-x5', 1, NULL, NULL, 0, NULL),
(50159, '0908', 'Banderin Vintage Amarillo Lunar Negro x5', '[\"products-excel\\/May2024\\/0908.jpg\"]', 'Banderin Vintage Amarillo Lunar Negro x5', NULL, '133', '1291', NULL, NULL, NULL, NULL, NULL, NULL, NULL, NULL, NULL, NULL, 10921.41, 8737.06, 7809.26, 9829.28, NULL, NULL, NULL, 0, NULL, NULL, '2024-06-07 03:19:22', '2024-06-07 03:19:48', NULL, 'banderin-vintage-amarillo-lunar-negro-x5', 1, NULL, NULL, 0, NULL),
(50160, '0909', 'Banderin Vintage Azul Lunar Negro x5', '[\"products-excel\\/May2024\\/0909.jpg\"]', 'Banderin Vintage Azul Lunar Negro x5', NULL, '133', '1291', NULL, NULL, NULL, NULL, NULL, NULL, NULL, NULL, NULL, NULL, 10921.41, 8737.06, 7809.26, 9829.28, NULL, NULL, NULL, 0, NULL, NULL, '2024-06-07 03:19:22', '2024-06-07 03:19:48', NULL, 'banderin-vintage-azul-lunar-negro-x5', 1, NULL, NULL, 0, NULL),
(50161, '0910', 'Banderin Vintage Fucsia Lunar Negro x5', '[\"products-excel\\/May2024\\/0910.jpg\"]', 'Banderin Vintage Fucsia Lunar Negro x5', NULL, '133', '1291', NULL, NULL, NULL, NULL, NULL, NULL, NULL, NULL, NULL, NULL, 10921.41, 8737.06, 7809.26, 9829.28, NULL, NULL, NULL, 0, NULL, NULL, '2024-06-07 03:19:22', '2024-06-07 03:19:48', NULL, 'banderin-vintage-fucsia-lunar-negro-x5', 1, NULL, NULL, 0, NULL),
(50162, '0911', 'Banderin Vintage Naranja Lunar Negro x5', '[\"products-excel\\/May2024\\/0911.jpg\"]', 'Banderin Vintage Naranja Lunar Negro x5', NULL, '133', '1291', NULL, NULL, NULL, NULL, NULL, NULL, NULL, NULL, NULL, NULL, 10921.41, 8737.06, 7809.26, 9829.28, NULL, NULL, NULL, 0, NULL, NULL, '2024-06-07 03:19:22', '2024-06-07 03:19:48', NULL, 'banderin-vintage-naranja-lunar-negro-x5', 1, NULL, NULL, 0, NULL),
(50163, '0912', 'Banderin Vintage Verde Lunar Negro x5', '[\"products-excel\\/May2024\\/0912.jpg\"]', 'Banderin Vintage Verde Lunar Negro x5', NULL, '133', '1291', NULL, NULL, NULL, NULL, NULL, NULL, NULL, NULL, NULL, NULL, 10921.41, 8737.06, 7809.26, 9829.28, NULL, NULL, NULL, 0, NULL, NULL, '2024-06-07 03:19:22', '2024-06-07 03:19:48', NULL, 'banderin-vintage-verde-lunar-negro-x5', 1, NULL, NULL, 0, NULL),
(50164, '0913', 'Mantel Floreado Rojo', '[\"products-excel\\/May2024\\/0913.jpg\"]', 'Mantel Floreado Rojo', NULL, '137', '1311', NULL, NULL, NULL, NULL, NULL, NULL, NULL, NULL, NULL, NULL, 3637.77, 2909.69, 2600.21, 3273.97, NULL, NULL, NULL, 303, NULL, NULL, '2024-06-07 03:19:22', '2024-06-07 03:19:48', NULL, 'mantel-floreado-rojo', 1, NULL, NULL, 0, NULL),
(50165, '0914', 'Mantel Floreado Fucsia', '[\"products-excel\\/May2024\\/0914.jpg\"]', 'Mantel Floreado Fucsia', NULL, '137', '1311', NULL, NULL, NULL, NULL, NULL, NULL, NULL, NULL, NULL, NULL, 3637.77, 2909.69, 2600.21, 3273.97, NULL, NULL, NULL, 250, NULL, NULL, '2024-06-07 03:19:22', '2024-06-07 03:19:48', NULL, 'mantel-floreado-fucsia', 1, NULL, NULL, 0, NULL),
(50166, '0915', 'Mantel Floreado Verde', '[\"products-excel\\/May2024\\/0915.jpg\"]', 'Mantel Floreado Verde', NULL, '137', '1311', NULL, NULL, NULL, NULL, NULL, NULL, NULL, NULL, NULL, NULL, 3637.77, 2909.69, 2600.21, 3273.97, NULL, NULL, NULL, 200, NULL, NULL, '2024-06-07 03:19:22', '2024-06-07 03:19:48', NULL, 'mantel-floreado-verde', 1, NULL, NULL, 0, NULL),
(50167, '0916', 'Mantel Floreado Violeta', '[\"products-excel\\/May2024\\/0916.jpg\"]', 'Mantel Floreado Violeta', NULL, '137', '1311', NULL, NULL, NULL, NULL, NULL, NULL, NULL, NULL, NULL, NULL, 3637.77, 2909.69, 2600.21, 3273.97, NULL, NULL, NULL, 260, NULL, NULL, '2024-06-07 03:19:22', '2024-06-07 03:19:48', NULL, 'mantel-floreado-violeta', 1, NULL, NULL, 0, NULL),
(50168, '0917', 'Mantel Floreado Azul', '[\"products-excel\\/May2024\\/0917.jpg\"]', 'Mantel Floreado Azul', NULL, '137', '1311', NULL, NULL, NULL, NULL, NULL, NULL, NULL, NULL, NULL, NULL, 3637.77, 2909.69, 2600.21, 3273.97, NULL, NULL, NULL, 240, NULL, NULL, '2024-06-07 03:19:22', '2024-06-07 03:19:48', NULL, 'mantel-floreado-azul', 1, NULL, NULL, 0, NULL),
(50169, '0919', 'Bolsita Redonda Telaraña Base Naranja x10', '[\"products-excel\\/May2024\\/0919.jpg\"]', 'Bolsita Redonda Telaraña Base Naranja x10', NULL, '137', '1320', NULL, NULL, NULL, NULL, NULL, NULL, NULL, NULL, NULL, NULL, 2634.64, 2107.56, 1883.49, 2371.16, NULL, NULL, NULL, -12, NULL, NULL, '2024-06-07 03:19:22', '2024-06-07 03:19:48', NULL, 'bolsita-redonda-telara-a-base-naranja-x10', 1, NULL, NULL, 0, NULL),
(50170, '0920', 'Bolsita Redonda Telaraña Base Violeta x10', '[\"products-excel\\/May2024\\/0920.jpg\"]', 'Bolsita Redonda Telaraña Base Violeta x10', NULL, '137', '1320', NULL, NULL, NULL, NULL, NULL, NULL, NULL, NULL, NULL, NULL, 2634.64, 2107.56, 1883.49, 2371.16, NULL, NULL, NULL, -12, NULL, NULL, '2024-06-07 03:19:22', '2024-06-07 03:19:48', NULL, 'bolsita-redonda-telara-a-base-violeta-x10', 1, NULL, NULL, 0, NULL),
(50171, '0921', 'Mantel Rosa con Camino Liso Blanco', '[\"products-excel\\/May2024\\/0921.jpg\"]', 'Mantel Rosa con Camino Liso Blanco', NULL, '136', '1284', NULL, NULL, NULL, NULL, NULL, NULL, NULL, NULL, NULL, NULL, 3038.99, 2431.19, 2172.74, 2735.09, NULL, NULL, NULL, 0, NULL, NULL, '2024-06-07 03:19:22', '2024-06-07 03:19:22', NULL, 'mantel-rosa-con-camino-liso-blanco', 0, NULL, NULL, 0, NULL),
(50172, '0922', 'Mantel Blanco con Camino Liso Rosa', '[\"products-excel\\/May2024\\/0922.jpg\"]', 'Mantel Blanco con Camino Liso Rosa', NULL, '136', '1284', NULL, NULL, NULL, NULL, NULL, NULL, NULL, NULL, NULL, NULL, 3038.99, 2431.19, 2172.74, 2735.09, NULL, NULL, NULL, 0, NULL, NULL, '2024-06-07 03:19:22', '2024-06-07 03:19:22', NULL, 'mantel-blanco-con-camino-liso-rosa', 0, NULL, NULL, 0, NULL),
(50173, '0923', 'Mantel Blanco con Camino Liso Celeste', '[\"products-excel\\/May2024\\/0923.jpg\"]', 'Mantel Blanco con Camino Liso Celeste', NULL, '136', '1284', NULL, NULL, NULL, NULL, NULL, NULL, NULL, NULL, NULL, NULL, 3038.99, 2431.19, 2172.74, 2735.09, NULL, NULL, NULL, 0, NULL, NULL, '2024-06-07 03:19:22', '2024-06-07 03:19:22', NULL, 'mantel-blanco-con-camino-liso-celeste', 0, NULL, NULL, 0, NULL),
(50174, '0927', 'Vincha Emoticones Loquitos x6', '[\"products-excel\\/May2024\\/0927.jpg\"]', 'Vincha Emoticones Loquitos x6', NULL, '139', '1333', NULL, NULL, NULL, NULL, NULL, NULL, NULL, NULL, NULL, NULL, 11966.08, 9572.76, 8555.61, 10769.44, NULL, NULL, NULL, -20, NULL, NULL, '2024-06-07 03:19:22', '2024-06-07 03:19:48', NULL, 'vincha-emoticones-loquitos-x6', 1, NULL, NULL, 0, NULL),
(50175, '0928', 'Vincha Emoticones Romanticos x6', '[\"products-excel\\/May2024\\/0928.jpg\"]', 'Vincha Emoticones Romanticos x6', NULL, '139', '1333', NULL, NULL, NULL, NULL, NULL, NULL, NULL, NULL, NULL, NULL, 11966.08, 9572.76, 8555.61, 10769.44, NULL, NULL, NULL, -2, NULL, NULL, '2024-06-07 03:19:22', '2024-06-07 03:19:48', NULL, 'vincha-emoticones-romanticos-x6', 1, NULL, NULL, 0, NULL),
(50176, '0929', 'Vincha Emoticones Divertidos x6', '[\"products-excel\\/May2024\\/0929.jpg\"]', 'Vincha Emoticones Divertidos x6', NULL, '139', '1333', NULL, NULL, NULL, NULL, NULL, NULL, NULL, NULL, NULL, NULL, 11966.08, 9572.76, 8555.61, 10769.44, NULL, NULL, NULL, -20, NULL, NULL, '2024-06-07 03:19:22', '2024-06-07 03:19:48', NULL, 'vincha-emoticones-divertidos-x6', 1, NULL, NULL, 0, NULL),
(50177, '0930', 'Banderín Vintage Smile x5', '[\"products-excel\\/May2024\\/0930.jpg\"]', 'Banderín Vintage Smile x5', NULL, '133', '1291', NULL, NULL, NULL, NULL, NULL, NULL, NULL, NULL, NULL, NULL, 10921.41, 8737.06, 7809.26, 9829.28, NULL, NULL, NULL, 0, NULL, NULL, '2024-06-07 03:19:22', '2024-06-07 03:19:48', NULL, 'bander-n-vintage-smile-x5', 1, NULL, NULL, 0, NULL),
(50178, '0931', 'Band. Rect. Fluo Estrella Verde x5', '[\"products-excel\\/May2024\\/0931.jpg\"]', 'Band. Rect. Fluo Estrella Verde x5', NULL, '132', '1259', NULL, NULL, NULL, NULL, NULL, NULL, NULL, NULL, NULL, NULL, 12345.80, 9876.63, 8932.27, 11111.23, NULL, NULL, NULL, 0, NULL, NULL, '2024-06-07 03:19:22', '2024-06-07 03:19:22', NULL, 'band-rect-fluo-estrella-verde-x5', 0, NULL, NULL, 0, NULL),
(50179, '0932', 'Band. Rect. Fluo Estrella Amarillo x5', '[\"products-excel\\/May2024\\/0932.jpg\"]', 'Band. Rect. Fluo Estrella Amarillo x5', NULL, '132', '1259', NULL, NULL, NULL, NULL, NULL, NULL, NULL, NULL, NULL, NULL, 12345.80, 9876.63, 8932.27, 11111.23, NULL, NULL, NULL, 0, NULL, NULL, '2024-06-07 03:19:22', '2024-06-07 03:19:22', NULL, 'band-rect-fluo-estrella-amarillo-x5', 0, NULL, NULL, 0, NULL),
(50180, '0933', 'Band. Rect. Fluo Estrella Fucsia x5', '[\"products-excel\\/May2024\\/0933.jpg\"]', 'Band. Rect. Fluo Estrella Fucsia x5', NULL, '132', '1259', NULL, NULL, NULL, NULL, NULL, NULL, NULL, NULL, NULL, NULL, 12345.80, 9876.63, 8932.27, 11111.23, NULL, NULL, NULL, 0, NULL, NULL, '2024-06-07 03:19:22', '2024-06-07 03:19:22', NULL, 'band-rect-fluo-estrella-fucsia-x5', 0, NULL, NULL, 0, NULL),
(50181, '0934', 'Band. Rect. Fluo Estrella Naranja x5', '[\"products-excel\\/May2024\\/0934.jpg\"]', 'Band. Rect. Fluo Estrella Naranja x5', NULL, '132', '1259', NULL, NULL, NULL, NULL, NULL, NULL, NULL, NULL, NULL, NULL, 12345.80, 9876.63, 8932.27, 11111.23, NULL, NULL, NULL, 0, NULL, NULL, '2024-06-07 03:19:22', '2024-06-07 03:19:22', NULL, 'band-rect-fluo-estrella-naranja-x5', 0, NULL, NULL, 0, NULL),
(50182, '0935', 'Band. Red. Fluo Estrella Verde x5', '[\"products-excel\\/May2024\\/0935.jpg\"]', 'Band. Red. Fluo Estrella Verde x5', NULL, '132', '1258', NULL, NULL, NULL, NULL, NULL, NULL, NULL, NULL, NULL, NULL, 12345.80, 9876.63, 8932.27, 11111.23, NULL, NULL, NULL, 0, NULL, NULL, '2024-06-07 03:19:22', '2024-06-07 03:19:22', NULL, 'band-red-fluo-estrella-verde-x5', 0, NULL, NULL, 0, NULL),
(50183, '0936', 'Band. Red. Fluo Estrella Amarillo x5', '[\"products-excel\\/May2024\\/0936.jpg\"]', 'Band. Red. Fluo Estrella Amarillo x5', NULL, '132', '1258', NULL, NULL, NULL, NULL, NULL, NULL, NULL, NULL, NULL, NULL, 12345.80, 9876.63, 8932.27, 11111.23, NULL, NULL, NULL, 0, NULL, NULL, '2024-06-07 03:19:23', '2024-06-07 03:19:23', NULL, 'band-red-fluo-estrella-amarillo-x5', 0, NULL, NULL, 0, NULL),
(50184, '0937', 'Band. Red. Fluo Estrella Fucsia x5', '[\"products-excel\\/May2024\\/0937.jpg\"]', 'Band. Red. Fluo Estrella Fucsia x5', NULL, '132', '1258', NULL, NULL, NULL, NULL, NULL, NULL, NULL, NULL, NULL, NULL, 12345.80, 9876.63, 8932.27, 11111.23, NULL, NULL, NULL, 0, NULL, NULL, '2024-06-07 03:19:23', '2024-06-07 03:19:23', NULL, 'band-red-fluo-estrella-fucsia-x5', 0, NULL, NULL, 0, NULL),
(50185, '0938', 'Band. Red. Fluo Estrella Naranja x5', '[\"products-excel\\/May2024\\/0938.jpg\"]', 'Band. Red. Fluo Estrella Naranja x5', NULL, '132', '1258', NULL, NULL, NULL, NULL, NULL, NULL, NULL, NULL, NULL, NULL, 12345.80, 9876.63, 8932.27, 11111.23, NULL, NULL, NULL, 0, NULL, NULL, '2024-06-07 03:19:23', '2024-06-07 03:19:23', NULL, 'band-red-fluo-estrella-naranja-x5', 0, NULL, NULL, 0, NULL),
(50186, '0939', 'Photo Props Terror', '[\"products-excel\\/May2024\\/0939.jpg\"]', 'Photo Props Terror', NULL, '139', '1274', NULL, NULL, NULL, NULL, NULL, NULL, NULL, NULL, NULL, NULL, 2791.91, 1895.89, 1694.67, 2512.70, NULL, NULL, NULL, 0, NULL, NULL, '2024-06-07 03:19:23', '2024-06-07 03:19:48', NULL, 'photo-props-terror', 1, NULL, NULL, 0, NULL),
(50187, '0940', 'Photo Props Zombies', '[\"products-excel\\/May2024\\/0940.jpg\"]', 'Photo Props Zombies', NULL, '139', '1274', NULL, NULL, NULL, NULL, NULL, NULL, NULL, NULL, NULL, NULL, 2791.91, 1895.89, 1694.67, 2512.70, NULL, NULL, NULL, 1700, NULL, NULL, '2024-06-07 03:19:23', '2024-06-07 03:19:48', NULL, 'photo-props-zombies', 1, NULL, NULL, 0, NULL),
(50188, '0941', 'Photo Props Monstruitos', '[\"products-excel\\/May2024\\/0941.jpg\"]', 'Photo Props Monstruitos', NULL, '139', '1274', NULL, NULL, NULL, NULL, NULL, NULL, NULL, NULL, NULL, NULL, 2791.91, 1895.89, 1694.67, 2512.70, NULL, NULL, NULL, 1180, NULL, NULL, '2024-06-07 03:19:23', '2024-06-07 03:19:48', NULL, 'photo-props-monstruitos', 1, NULL, NULL, 0, NULL),
(50189, '0945', 'Mantel Lunares Celeste', '[\"products-excel\\/May2024\\/0945.jpg\"]', 'Mantel Lunares Celeste', NULL, '136', '1267', NULL, NULL, NULL, NULL, NULL, NULL, NULL, NULL, NULL, NULL, 3637.17, 2909.69, 2600.21, 3273.46, NULL, NULL, NULL, 5, NULL, NULL, '2024-06-07 03:19:23', '2024-06-07 03:19:23', NULL, 'mantel-lunares-celeste', 0, NULL, NULL, 0, NULL),
(50190, '0946', 'Mantel Lunares Rosa', '[\"products-excel\\/May2024\\/0946.jpg\"]', 'Mantel Lunares Rosa', NULL, '136', '1267', NULL, NULL, NULL, NULL, NULL, NULL, NULL, NULL, NULL, NULL, 3637.17, 2909.69, 2600.21, 3273.46, NULL, NULL, NULL, 0, NULL, NULL, '2024-06-07 03:19:23', '2024-06-07 03:19:23', NULL, 'mantel-lunares-rosa', 0, NULL, NULL, 0, NULL),
(50191, '0947', 'Photo Props Navidad', '[\"products-excel\\/May2024\\/0947.jpg\"]', 'Photo Props Navidad', NULL, '139', '1274', NULL, NULL, NULL, NULL, NULL, NULL, NULL, NULL, NULL, NULL, 2791.91, 1895.89, 1694.67, 2512.70, NULL, NULL, NULL, 150, NULL, NULL, '2024-06-07 03:19:23', '2024-06-07 03:19:23', NULL, 'photo-props-navidad', 0, NULL, NULL, 0, NULL),
(50192, '0948', 'Photo Props Año Nuevo', '[\"products-excel\\/May2024\\/0948.jpg\"]', 'Photo Props Año Nuevo', NULL, '139', '1274', NULL, NULL, NULL, NULL, NULL, NULL, NULL, NULL, NULL, NULL, 2791.91, 1895.89, 1694.67, 2512.70, NULL, NULL, NULL, 340, NULL, NULL, '2024-06-07 03:19:23', '2024-06-07 03:19:48', NULL, 'photo-props-a-o-nuevo', 1, NULL, NULL, 0, NULL),
(50193, '0949', 'Photo Props Egresados', '[\"products-excel\\/May2024\\/0949.jpg\"]', 'Photo Props Egresados', NULL, '139', '1274', NULL, NULL, NULL, NULL, NULL, NULL, NULL, NULL, NULL, NULL, 2791.91, 1895.89, 1694.67, 2512.70, NULL, NULL, NULL, 99, NULL, NULL, '2024-06-07 03:19:23', '2024-06-07 03:19:48', NULL, 'photo-props-egresados', 1, NULL, NULL, 0, NULL),
(50194, '0950', 'Mantel Estrellas Doradas', '[\"products-excel\\/May2024\\/0950.jpg\"]', 'Mantel Estrellas Doradas', NULL, '137', '1276', NULL, NULL, NULL, NULL, NULL, NULL, NULL, NULL, NULL, NULL, 3988.67, 3190.84, 2851.86, 3589.85, NULL, NULL, NULL, 500, NULL, NULL, '2024-06-07 03:19:23', '2024-06-07 03:19:23', NULL, 'mantel-estrellas-doradas', 0, NULL, NULL, 0, NULL),
(50195, '0951', 'Mantel Negro con Estrellas Doradas', '[\"products-excel\\/May2024\\/0951.jpg\"]', 'Mantel Negro con Estrellas Doradas', NULL, '136', '1267', NULL, NULL, NULL, NULL, NULL, NULL, NULL, NULL, NULL, NULL, 3988.67, 3190.84, 2851.86, 3589.85, NULL, NULL, NULL, 0, NULL, NULL, '2024-06-07 03:19:23', '2024-06-07 03:19:23', NULL, 'mantel-negro-con-estrellas-doradas', 0, NULL, NULL, 0, NULL),
(50196, '0952', 'Gorros Fluo Surtidos x12', '[\"products-excel\\/May2024\\/0952.jpg\"]', 'Gorros Fluo Surtidos x12', NULL, '139', '1301', NULL, NULL, NULL, NULL, NULL, NULL, NULL, NULL, NULL, NULL, 16351.03, 13080.88, 11691.29, 14715.92, NULL, NULL, NULL, 300, NULL, NULL, '2024-06-07 03:19:23', '2024-06-07 03:19:48', NULL, 'gorros-fluo-surtidos-x12', 1, NULL, NULL, 0, NULL),
(50197, '0953', 'Banderín Liso Rojo y Negro x5', '[\"products-excel\\/May2024\\/0953.jpg\"]', 'Banderín Liso Rojo y Negro x5', NULL, '133', '1260', NULL, NULL, NULL, NULL, NULL, NULL, NULL, NULL, NULL, NULL, 8547.13, 6837.76, 6111.22, 7692.45, NULL, NULL, NULL, 24, NULL, NULL, '2024-06-07 03:19:23', '2024-06-07 03:19:48', NULL, 'bander-n-liso-rojo-y-negro-x5', 1, NULL, NULL, 0, NULL),
(50198, '0954', 'Collar Hawaiano Fluo x12', '[\"products-excel\\/May2024\\/0954.jpg\"]', 'Collar Hawaiano Fluo x12', NULL, '139', '1314', NULL, NULL, NULL, NULL, NULL, NULL, NULL, NULL, NULL, NULL, 8341.97, 6673.42, 5964.82, 7507.81, NULL, NULL, NULL, 336, NULL, NULL, '2024-06-07 03:19:23', '2024-06-07 03:19:48', NULL, 'collar-hawaiano-fluo-x12', 1, NULL, NULL, 0, NULL),
(50199, '0955', 'Banderin Lunares Celeste x5', '[\"products-excel\\/May2024\\/0955.jpg\"]', 'Banderin Lunares Celeste x5', NULL, '133', '1263', NULL, NULL, NULL, NULL, NULL, NULL, NULL, NULL, NULL, NULL, 8547.13, 6837.76, 6111.22, 7692.45, NULL, NULL, NULL, -1, NULL, NULL, '2024-06-07 03:19:23', '2024-06-07 03:19:48', NULL, 'banderin-lunares-celeste-x5', 1, NULL, NULL, 0, NULL),
(50200, '0956', 'Banderin Lunares Rosa x5', '[\"products-excel\\/May2024\\/0956.jpg\"]', 'Banderin Lunares Rosa x5', NULL, '133', '1263', NULL, NULL, NULL, NULL, NULL, NULL, NULL, NULL, NULL, NULL, 8547.13, 6837.76, 6111.22, 7692.45, NULL, NULL, NULL, -1, NULL, NULL, '2024-06-07 03:19:23', '2024-06-07 03:19:48', NULL, 'banderin-lunares-rosa-x5', 1, NULL, NULL, 0, NULL),
(50201, '0957', 'Mantel Navideño con Papá Noel 1.40 X 1.80', '[\"products-excel\\/May2024\\/0957.jpg\"]', 'Mantel Navideño con Papá Noel 1.40 X 1.80', NULL, '137', '1276', NULL, NULL, NULL, NULL, NULL, NULL, NULL, NULL, NULL, NULL, 4008.57, 3206.89, 2865.87, 3607.70, NULL, NULL, NULL, 0, NULL, NULL, '2024-06-07 03:19:23', '2024-06-07 03:19:48', NULL, 'mantel-navide-o-con-pap-noel-1-40-x-1-80', 1, NULL, NULL, 0, NULL),
(50202, '0959', 'Bolsita Coti Lunar Celeste x10', '[\"products-excel\\/May2024\\/0959.jpg\"]', 'Bolsita Coti Lunar Celeste x10', NULL, '135', '1264', NULL, NULL, NULL, NULL, NULL, NULL, NULL, NULL, NULL, NULL, 3133.75, 2506.91, 2240.44, 2820.38, NULL, NULL, NULL, 187, NULL, NULL, '2024-06-07 03:19:23', '2024-06-07 03:19:48', NULL, 'bolsita-coti-lunar-celeste-x10', 1, NULL, NULL, 0, NULL),
(50203, '0960', 'Bolsita Coti Lunar Rosa x10', '[\"products-excel\\/May2024\\/0960.jpg\"]', 'Bolsita Coti Lunar Rosa x10', NULL, '135', '1264', NULL, NULL, NULL, NULL, NULL, NULL, NULL, NULL, NULL, NULL, 3133.75, 2506.83, 2240.44, 2820.38, NULL, NULL, NULL, 106, NULL, NULL, '2024-06-07 03:19:23', '2024-06-07 03:19:48', NULL, 'bolsita-coti-lunar-rosa-x10', 1, NULL, NULL, 0, NULL),
(50204, '0961', 'Cartel de Carton Baby Shower Nena', '[\"products-excel\\/May2024\\/0961.jpg\"]', 'Cartel de Carton Baby Shower Nena', NULL, '133', '1334', NULL, NULL, NULL, NULL, NULL, NULL, NULL, NULL, NULL, NULL, 1608.47, 1286.84, 1148.98, 1447.61, NULL, NULL, NULL, -20, NULL, NULL, '2024-06-07 03:19:23', '2024-06-07 03:19:48', NULL, 'cartel-de-carton-baby-shower-nena', 1, NULL, NULL, 0, NULL),
(50205, '0962', 'Cartel de Carton Bienvenida', '[\"products-excel\\/May2024\\/0962.jpg\"]', 'Cartel de Carton Bienvenida', NULL, '133', '1334', NULL, NULL, NULL, NULL, NULL, NULL, NULL, NULL, NULL, NULL, 1608.47, 1286.84, 1148.98, 1447.61, NULL, NULL, NULL, -20, NULL, NULL, '2024-06-07 03:19:23', '2024-06-07 03:19:48', NULL, 'cartel-de-carton-bienvenida', 1, NULL, NULL, 0, NULL),
(50206, '0963', 'Cartel de Carton Baby Shower Nene', '[\"products-excel\\/May2024\\/0963.jpg\"]', 'Cartel de Carton Baby Shower Nene', NULL, '133', '1334', NULL, NULL, NULL, NULL, NULL, NULL, NULL, NULL, NULL, NULL, 1608.47, 1286.84, 1148.98, 1447.61, NULL, NULL, NULL, -20, NULL, NULL, '2024-06-07 03:19:23', '2024-06-07 03:19:48', NULL, 'cartel-de-carton-baby-shower-nene', 1, NULL, NULL, 0, NULL),
(50207, '0964', 'Cartel de Carton Bienvenido', '[\"products-excel\\/May2024\\/0964.jpg\"]', 'Cartel de Carton Bienvenido', NULL, '133', '1334', NULL, NULL, NULL, NULL, NULL, NULL, NULL, NULL, NULL, NULL, 1608.47, 1286.84, 1148.98, 1447.61, NULL, NULL, NULL, -20, NULL, NULL, '2024-06-07 03:19:23', '2024-06-07 03:19:48', NULL, 'cartel-de-carton-bienvenido', 1, NULL, NULL, 0, NULL),
(50208, '0965', 'Cartel de Carton Arbol Navideño', '[\"products-excel\\/May2024\\/0965.jpg\"]', 'Cartel de Carton Arbol Navideño', NULL, '137', '1335', NULL, NULL, NULL, NULL, NULL, NULL, NULL, NULL, NULL, NULL, 1202.78, 962.81, 860.14, 1082.48, NULL, NULL, NULL, 30, NULL, NULL, '2024-06-07 03:19:23', '2024-06-07 03:19:48', NULL, 'cartel-de-carton-arbol-navide-o', 1, NULL, NULL, 0, NULL),
(50209, '0966', 'Cartel de Carton Felices Fiestas Papá Noel', '[\"products-excel\\/May2024\\/0966.jpg\"]', 'Cartel de Carton Felices Fiestas Papá Noel', NULL, '137', '1335', NULL, NULL, NULL, NULL, NULL, NULL, NULL, NULL, NULL, NULL, 1202.78, 962.81, 860.14, 1082.48, NULL, NULL, NULL, 100, NULL, NULL, '2024-06-07 03:19:23', '2024-06-07 03:19:48', NULL, 'cartel-de-carton-felices-fiestas-pap-noel', 1, NULL, NULL, 0, NULL),
(50210, '0967', 'Cartel de Carton Felices Fiestas', '[\"products-excel\\/May2024\\/0967.jpg\"]', 'Cartel de Carton Felices Fiestas', NULL, '137', '1335', NULL, NULL, NULL, NULL, NULL, NULL, NULL, NULL, NULL, NULL, 1202.78, 962.81, 860.14, 1082.48, NULL, NULL, NULL, 300, NULL, NULL, '2024-06-07 03:19:23', '2024-06-07 03:19:48', NULL, 'cartel-de-carton-felices-fiestas', 1, NULL, NULL, 0, NULL),
(50211, '0968', 'Cartel de Carton Trineo', '[\"products-excel\\/May2024\\/0968.jpg\"]', 'Cartel de Carton Trineo', NULL, '137', '1335', NULL, NULL, NULL, NULL, NULL, NULL, NULL, NULL, NULL, NULL, 1202.78, 962.81, 860.14, 1082.48, NULL, NULL, NULL, 600, NULL, NULL, '2024-06-07 03:19:23', '2024-06-07 03:19:48', NULL, 'cartel-de-carton-trineo', 1, NULL, NULL, 0, NULL),
(50212, '0975', 'Vincha Hawaiana Fluo x12', '[\"products-excel\\/May2024\\/0975.jpg\"]', 'Vincha Hawaiana Fluo x12', NULL, '139', '1336', NULL, NULL, NULL, NULL, NULL, NULL, NULL, NULL, NULL, NULL, 6495.84, 5196.55, 4644.89, 5846.23, NULL, NULL, NULL, 127, NULL, NULL, '2024-06-07 03:19:23', '2024-06-07 03:19:48', NULL, 'vincha-hawaiana-fluo-x12', 1, NULL, NULL, 0, NULL),
(50213, '0976', 'Corbatin Fluo Surtido x10', '[\"products-excel\\/May2024\\/0976.jpg\"]', 'Corbatin Fluo Surtido x10', NULL, '139', '1337', NULL, NULL, NULL, NULL, NULL, NULL, NULL, NULL, NULL, NULL, 11396.18, 9117.04, 8148.35, 10256.59, NULL, NULL, NULL, -6, NULL, NULL, '2024-06-07 03:19:23', '2024-06-07 03:19:48', NULL, 'corbatin-fluo-surtido-x10', 1, NULL, NULL, 0, NULL),
(50214, '0977', 'Pulsera Hawaiana Fluo x12', '[\"products-excel\\/May2024\\/0977.jpg\"]', 'Pulsera Hawaiana Fluo x12', NULL, '139', '1338', NULL, NULL, NULL, NULL, NULL, NULL, NULL, NULL, NULL, NULL, 5299.13, 4239.36, 3789.10, 4769.22, NULL, NULL, NULL, 60, NULL, NULL, '2024-06-07 03:19:23', '2024-06-07 03:19:23', NULL, 'pulsera-hawaiana-fluo-x12', 0, NULL, NULL, 0, NULL),
(50215, '0978', 'Corbatin Fantasía Base Color x10', '[\"products-excel\\/May2024\\/0978.jpg\"]', 'Corbatin Fantasía Base Color x10', NULL, '139', '1283', NULL, NULL, NULL, NULL, NULL, NULL, NULL, NULL, NULL, NULL, 11396.18, 9117.04, 8148.35, 10256.59, NULL, NULL, NULL, -24, NULL, NULL, '2024-06-07 03:19:23', '2024-06-07 03:19:48', NULL, 'corbatin-fantas-a-base-color-x10', 1, NULL, NULL, 0, NULL),
(50216, '0982', 'Accesorios para Torta Millo x6', '[\"products-excel\\/May2024\\/0982.jpg\"]', 'Accesorios para Torta Millo x6', NULL, '132', '1339', NULL, NULL, NULL, NULL, NULL, NULL, NULL, NULL, NULL, NULL, 1462.56, 1170.25, 1046.15, 1316.27, NULL, NULL, NULL, -161, NULL, NULL, '2024-06-07 03:19:23', '2024-06-07 03:19:48', NULL, 'accesorios-para-torta-millo-x6', 1, NULL, NULL, 0, NULL),
(50217, '0983', 'Accesorios para Torta Azul y Oro x6', '[\"products-excel\\/May2024\\/0983.jpg\"]', 'Accesorios para Torta Azul y Oro x6', NULL, '132', '1339', NULL, NULL, NULL, NULL, NULL, NULL, NULL, NULL, NULL, NULL, 1462.56, 1170.25, 1046.15, 1316.27, NULL, NULL, NULL, -111, NULL, NULL, '2024-06-07 03:19:23', '2024-06-07 03:19:48', NULL, 'accesorios-para-torta-azul-y-oro-x6', 1, NULL, NULL, 0, NULL),
(50218, '0984', 'Accesorios para Torta Academia x6', '[\"products-excel\\/May2024\\/0984.jpg\"]', 'Accesorios para Torta Academia x6', NULL, '132', '1339', NULL, NULL, NULL, NULL, NULL, NULL, NULL, NULL, NULL, NULL, 1462.56, 1170.25, 1046.15, 1316.27, NULL, NULL, NULL, -16, NULL, NULL, '2024-06-07 03:19:23', '2024-06-07 03:19:48', NULL, 'accesorios-para-torta-academia-x6', 1, NULL, NULL, 0, NULL),
(50219, '0985', 'Accesorios para Torta El Rojo x6', '[\"products-excel\\/May2024\\/0985.jpg\"]', 'Accesorios para Torta El Rojo x6', NULL, '132', '1339', NULL, NULL, NULL, NULL, NULL, NULL, NULL, NULL, NULL, NULL, 1462.56, 1170.25, 1046.15, 1316.27, NULL, NULL, NULL, -12, NULL, NULL, '2024-06-07 03:19:23', '2024-06-07 03:19:48', NULL, 'accesorios-para-torta-el-rojo-x6', 1, NULL, NULL, 0, NULL),
(50220, '0986', 'Accesorios para Torta El Cuervo x6', '[\"products-excel\\/May2024\\/0986.jpg\"]', 'Accesorios para Torta El Cuervo x6', NULL, '132', '1339', NULL, NULL, NULL, NULL, NULL, NULL, NULL, NULL, NULL, NULL, 1462.56, 1170.25, 1046.15, 1316.27, NULL, NULL, NULL, -16, NULL, NULL, '2024-06-07 03:19:23', '2024-06-07 03:19:48', NULL, 'accesorios-para-torta-el-cuervo-x6', 1, NULL, NULL, 0, NULL),
(50221, '0987', 'Bolson Collar-Pulsera-Vincha Hawaiana Fluo x1 (10 Set)', '[\"products-excel\\/May2024\\/0987.jpg\"]', 'Bolson Collar-Pulsera-Vincha Hawaiana Fluo x1 (10 Set)', NULL, '139', '1340', NULL, NULL, NULL, NULL, NULL, NULL, NULL, NULL, NULL, NULL, 21082.81, 16866.42, 15074.26, 18974.53, NULL, NULL, NULL, 932, NULL, NULL, '2024-06-07 03:19:23', '2024-06-07 03:19:48', NULL, 'bolson-collar-pulsera-vincha-hawaiana-fluo-x1-10-set', 1, NULL, NULL, 0, NULL),
(50222, '0988', 'Mantel Blanco Con Camino Liso Negro', '[\"products-excel\\/May2024\\/0988.jpg\"]', 'Mantel Blanco Con Camino Liso Negro', NULL, '136', '1284', NULL, NULL, NULL, NULL, NULL, NULL, NULL, NULL, NULL, NULL, 3038.99, 2431.19, 2172.74, 2735.09, NULL, NULL, NULL, 0, NULL, NULL, '2024-06-07 03:19:23', '2024-06-07 03:19:23', NULL, 'mantel-blanco-con-camino-liso-negro', 0, NULL, NULL, 0, NULL),
(50223, '0989', 'Photo Props Martin Fierro Divertido', '[\"products-excel\\/May2024\\/0989.jpg\"]', 'Photo Props Martin Fierro Divertido', NULL, '139', '1274', NULL, NULL, NULL, NULL, NULL, NULL, NULL, NULL, NULL, NULL, 2791.91, 1895.89, 1694.67, 2512.70, NULL, NULL, NULL, 200, NULL, NULL, '2024-06-07 03:19:23', '2024-06-07 03:19:48', NULL, 'photo-props-martin-fierro-divertido', 1, NULL, NULL, 0, NULL),
(50224, '0990', 'Photo Props Martin Fierro Fiestero', '[\"products-excel\\/May2024\\/0990.jpg\"]', 'Photo Props Martin Fierro Fiestero', NULL, '139', '1274', NULL, NULL, NULL, NULL, NULL, NULL, NULL, NULL, NULL, NULL, 2791.91, 1895.95, 1694.67, 2512.70, NULL, NULL, NULL, 200, NULL, NULL, '2024-06-07 03:19:23', '2024-06-07 03:19:48', NULL, 'photo-props-martin-fierro-fiestero', 1, NULL, NULL, 0, NULL),
(50225, '0991', 'Photo Props Primer Añito Nena', '[\"products-excel\\/May2024\\/0991.jpg\"]', 'Photo Props Primer Añito Nena', NULL, '139', '1274', NULL, NULL, NULL, NULL, NULL, NULL, NULL, NULL, NULL, NULL, 2791.91, 1895.89, 1694.67, 2512.70, NULL, NULL, NULL, 380, NULL, NULL, '2024-06-07 03:19:23', '2024-06-07 03:19:48', NULL, 'photo-props-primer-a-ito-nena', 1, NULL, NULL, 0, NULL),
(50226, '0992', 'Photo Props Primer Añito Nene', '[\"products-excel\\/May2024\\/0992.jpg\"]', 'Photo Props Primer Añito Nene', NULL, '139', '1274', NULL, NULL, NULL, NULL, NULL, NULL, NULL, NULL, NULL, NULL, 2791.91, 1895.89, 1694.67, 2512.70, NULL, NULL, NULL, 400, NULL, NULL, '2024-06-07 03:19:23', '2024-06-07 03:19:48', NULL, 'photo-props-primer-a-ito-nene', 1, NULL, NULL, 0, NULL),
(50227, '0993', 'Photo Props Bautismo Nena', '[\"products-excel\\/May2024\\/0993.jpg\"]', 'Photo Props Bautismo Nena', NULL, '139', '1274', NULL, NULL, NULL, NULL, NULL, NULL, NULL, NULL, NULL, NULL, 2791.91, 1895.89, 1694.67, 2512.70, NULL, NULL, NULL, 119, NULL, NULL, '2024-06-07 03:19:23', '2024-06-07 03:19:48', NULL, 'photo-props-bautismo-nena', 1, NULL, NULL, 0, NULL),
(50228, '0994', 'Photo Props Bautismo Nene', '[\"products-excel\\/May2024\\/0994.jpg\"]', 'Photo Props Bautismo Nene', NULL, '139', '1274', NULL, NULL, NULL, NULL, NULL, NULL, NULL, NULL, NULL, NULL, 2791.91, 1895.89, 1694.67, 2512.70, NULL, NULL, NULL, 24, NULL, NULL, '2024-06-07 03:19:23', '2024-06-07 03:19:48', NULL, 'photo-props-bautismo-nene', 1, NULL, NULL, 0, NULL),
(50229, '0995', 'Bolsita Coti Lisa Verde Agua x10', '[\"products-excel\\/May2024\\/0995.jpg\"]', 'Bolsita Coti Lisa Verde Agua x10', NULL, '135', '1294', NULL, NULL, NULL, NULL, NULL, NULL, NULL, NULL, NULL, NULL, 2906.83, 2325.39, 2078.15, 2616.14, NULL, NULL, NULL, 0, NULL, NULL, '2024-06-07 03:19:23', '2024-06-07 03:19:48', NULL, 'bolsita-coti-lisa-verde-agua-x10', 1, NULL, NULL, 0, NULL),
(50230, '0996', 'Banderin Zigzag Azul x5', '[\"products-excel\\/May2024\\/0996.jpg\"]', 'Banderin Zigzag Azul x5', NULL, '133', '1263', NULL, NULL, NULL, NULL, NULL, NULL, NULL, NULL, NULL, NULL, 8547.13, 6837.76, 6111.22, 7692.45, NULL, NULL, NULL, -1, NULL, NULL, '2024-06-07 03:19:23', '2024-06-07 03:19:48', NULL, 'banderin-zigzag-azul-x5', 1, NULL, NULL, 0, NULL),
(50231, '0997', 'Banderin Zigzag Rojo x5', '[\"products-excel\\/May2024\\/0997.jpg\"]', 'Banderin Zigzag Rojo x5', NULL, '133', '1263', NULL, NULL, NULL, NULL, NULL, NULL, NULL, NULL, NULL, NULL, 8547.13, 6837.76, 6111.22, 7692.45, NULL, NULL, NULL, -2, NULL, NULL, '2024-06-07 03:19:23', '2024-06-07 03:19:48', NULL, 'banderin-zigzag-rojo-x5', 1, NULL, NULL, 0, NULL),
(50232, '0998', 'Banderin Zigzag Fucsia x5', '[\"products-excel\\/May2024\\/0998.jpg\"]', 'Banderin Zigzag Fucsia x5', NULL, '133', '1263', NULL, NULL, NULL, NULL, NULL, NULL, NULL, NULL, NULL, NULL, 8547.13, 6837.76, 6111.22, 7692.45, NULL, NULL, NULL, -2, NULL, NULL, '2024-06-07 03:19:23', '2024-06-07 03:19:48', NULL, 'banderin-zigzag-fucsia-x5', 1, NULL, NULL, 0, NULL),
(50233, '0999', 'Banderin Zigzag Verde x5', '[\"products-excel\\/May2024\\/0999.jpg\"]', 'Banderin Zigzag Verde x5', NULL, '133', '1263', NULL, NULL, NULL, NULL, NULL, NULL, NULL, NULL, NULL, NULL, 8547.13, 6837.76, 6111.22, 7692.45, NULL, NULL, NULL, -1, NULL, NULL, '2024-06-07 03:19:23', '2024-06-07 03:19:48', NULL, 'banderin-zigzag-verde-x5', 1, NULL, NULL, 0, NULL),
(50234, '1000', 'Banderin Zigzag Violeta x5', '[\"products-excel\\/May2024\\/1000.jpg\"]', 'Banderin Zigzag Violeta x5', NULL, '133', '1263', NULL, NULL, NULL, NULL, NULL, NULL, NULL, NULL, NULL, NULL, 8547.13, 6837.76, 6111.22, 7692.45, NULL, NULL, NULL, -1, NULL, NULL, '2024-06-07 03:19:23', '2024-06-07 03:19:48', NULL, 'banderin-zigzag-violeta-x5', 1, NULL, NULL, 0, NULL),
(50235, '1001', 'Banderin Zigzag Negro x5', '[\"products-excel\\/May2024\\/1001.jpg\"]', 'Banderin Zigzag Negro x5', NULL, '133', '1263', NULL, NULL, NULL, NULL, NULL, NULL, NULL, NULL, NULL, NULL, 8547.13, 6837.76, 6111.22, 7692.45, NULL, NULL, NULL, -3, NULL, NULL, '2024-06-07 03:19:23', '2024-06-07 03:19:48', NULL, 'banderin-zigzag-negro-x5', 1, NULL, NULL, 0, NULL),
(50236, '1002', 'Combo Decorativo Feliz Cumple', '[\"products-excel\\/May2024\\/1002.jpg\"]', 'Combo Decorativo Feliz Cumple', NULL, '133', '1341', NULL, NULL, NULL, NULL, NULL, NULL, NULL, NULL, NULL, NULL, 16714.36, 13371.58, 11950.90, 15042.92, NULL, NULL, NULL, 0, NULL, NULL, '2024-06-07 03:19:23', '2024-06-07 03:19:48', NULL, 'combo-decorativo-feliz-cumple', 1, NULL, NULL, 0, NULL),
(50237, '1009', 'Photo Props Nacimiento Nena', '[\"products-excel\\/May2024\\/1009.jpg\"]', 'Photo Props Nacimiento Nena', NULL, '139', '1274', NULL, NULL, NULL, NULL, NULL, NULL, NULL, NULL, NULL, NULL, 2791.91, 1895.89, 1694.67, 2512.70, NULL, NULL, NULL, 1400, NULL, NULL, '2024-06-07 03:19:23', '2024-06-07 03:19:23', NULL, 'photo-props-nacimiento-nena', 0, NULL, NULL, 0, NULL),
(50238, '1010', 'Photo Props Nacimiento Nene', '[\"products-excel\\/May2024\\/1010.jpg\"]', 'Photo Props Nacimiento Nene', NULL, '139', '1274', NULL, NULL, NULL, NULL, NULL, NULL, NULL, NULL, NULL, NULL, 2791.91, 1895.89, 1694.67, 2512.70, NULL, NULL, NULL, 900, NULL, NULL, '2024-06-07 03:19:23', '2024-06-07 03:19:23', NULL, 'photo-props-nacimiento-nene', 0, NULL, NULL, 0, NULL),
(50239, '1020', 'Banderin Vintage Multicolor x5', '[\"products-excel\\/May2024\\/1020.jpg\"]', 'Banderin Vintage Multicolor x5', NULL, '133', '1291', NULL, NULL, NULL, NULL, NULL, NULL, NULL, NULL, NULL, NULL, 10921.41, 8737.06, 7809.26, 9829.28, NULL, NULL, NULL, 7, NULL, NULL, '2024-06-07 03:19:23', '2024-06-07 03:19:48', NULL, 'banderin-vintage-multicolor-x5', 1, NULL, NULL, 0, NULL),
(50240, '1027', 'Pompon Multicolor', '[\"products-excel\\/May2024\\/1027.jpg\"]', 'Pompon Multicolor', NULL, '133', '1289', NULL, NULL, NULL, NULL, NULL, NULL, NULL, NULL, NULL, NULL, 3588.20, 2870.10, 2565.83, 3229.41, NULL, NULL, NULL, 36, NULL, NULL, '2024-06-07 03:19:23', '2024-06-07 03:19:48', NULL, 'pompon-multicolor', 1, NULL, NULL, 0, NULL),
(50241, '1028', 'Pompon Lunar Chico Amarillo', '[\"products-excel\\/May2024\\/1028.jpg\"]', 'Pompon Lunar Chico Amarillo', NULL, '133', '1342', NULL, NULL, NULL, NULL, NULL, NULL, NULL, NULL, NULL, NULL, 3588.20, 2870.10, 2565.83, 3229.41, NULL, NULL, NULL, 36, NULL, NULL, '2024-06-07 03:19:23', '2024-06-07 03:19:48', NULL, 'pompon-lunar-chico-amarillo', 1, NULL, NULL, 0, NULL),
(50242, '1029', 'Pompon Lunar Chico Azul', '[\"products-excel\\/May2024\\/1029.jpg\"]', 'Pompon Lunar Chico Azul', NULL, '133', '1342', NULL, NULL, NULL, NULL, NULL, NULL, NULL, NULL, NULL, NULL, 3588.20, 2870.10, 2565.83, 3229.41, NULL, NULL, NULL, 60, NULL, NULL, '2024-06-07 03:19:23', '2024-06-07 03:19:48', NULL, 'pompon-lunar-chico-azul', 1, NULL, NULL, 0, NULL),
(50243, '1030', 'Pompon Lunar Chico Rojo', '[\"products-excel\\/May2024\\/1030.jpg\"]', 'Pompon Lunar Chico Rojo', NULL, '133', '1342', NULL, NULL, NULL, NULL, NULL, NULL, NULL, NULL, NULL, NULL, 3588.20, 2870.10, 2565.83, 3229.41, NULL, NULL, NULL, 36, NULL, NULL, '2024-06-07 03:19:23', '2024-06-07 03:19:48', NULL, 'pompon-lunar-chico-rojo', 1, NULL, NULL, 0, NULL),
(50244, '1031', 'Pompon Lunar Chico Fucsia', '[\"products-excel\\/May2024\\/1031.jpg\"]', 'Pompon Lunar Chico Fucsia', NULL, '133', '1342', NULL, NULL, NULL, NULL, NULL, NULL, NULL, NULL, NULL, NULL, 3588.20, 2870.10, 2565.83, 3229.41, NULL, NULL, NULL, 96, NULL, NULL, '2024-06-07 03:19:23', '2024-06-07 03:19:48', NULL, 'pompon-lunar-chico-fucsia', 1, NULL, NULL, 0, NULL),
(50245, '1032', 'Pompon Lunar Chico Verde Manzana', '[\"products-excel\\/May2024\\/1032.jpg\"]', 'Pompon Lunar Chico Verde Manzana', NULL, '133', '1342', NULL, NULL, NULL, NULL, NULL, NULL, NULL, NULL, NULL, NULL, 3588.20, 2870.10, 2565.83, 3229.41, NULL, NULL, NULL, 24, NULL, NULL, '2024-06-07 03:19:23', '2024-06-07 03:19:48', NULL, 'pompon-lunar-chico-verde-manzana', 1, NULL, NULL, 0, NULL),
(50246, '1033', 'Pompon Lunar Chico Violeta', '[\"products-excel\\/May2024\\/1033.jpg\"]', 'Pompon Lunar Chico Violeta', NULL, '133', '1342', NULL, NULL, NULL, NULL, NULL, NULL, NULL, NULL, NULL, NULL, 3588.20, 2870.10, 2565.83, 3229.41, NULL, NULL, NULL, 84, NULL, NULL, '2024-06-07 03:19:23', '2024-06-07 03:19:48', NULL, 'pompon-lunar-chico-violeta', 1, NULL, NULL, 0, NULL),
(50247, '1034', 'Pompon Lunar Chico Negro', '[\"products-excel\\/May2024\\/1034.jpg\"]', 'Pompon Lunar Chico Negro', NULL, '133', '1342', NULL, NULL, NULL, NULL, NULL, NULL, NULL, NULL, NULL, NULL, 3588.20, 2870.10, 2565.83, 3229.41, NULL, NULL, NULL, 72, NULL, NULL, '2024-06-07 03:19:23', '2024-06-07 03:19:48', NULL, 'pompon-lunar-chico-negro', 1, NULL, NULL, 0, NULL),
(50248, '1035', 'Pompon Lunar Chico Celeste', '[\"products-excel\\/May2024\\/1035.jpg\"]', 'Pompon Lunar Chico Celeste', NULL, '133', '1342', NULL, NULL, NULL, NULL, NULL, NULL, NULL, NULL, NULL, NULL, 3588.20, 2870.10, 2565.83, 3229.41, NULL, NULL, NULL, 24, NULL, NULL, '2024-06-07 03:19:23', '2024-06-07 03:19:48', NULL, 'pompon-lunar-chico-celeste', 1, NULL, NULL, 0, NULL),
(50249, '1036', 'Pompon Lunar Chico Rosa', '[\"products-excel\\/May2024\\/1036.jpg\"]', 'Pompon Lunar Chico Rosa', NULL, '133', '1342', NULL, NULL, NULL, NULL, NULL, NULL, NULL, NULL, NULL, NULL, 3588.20, 2870.10, 2565.83, 3229.41, NULL, NULL, NULL, 40, NULL, NULL, '2024-06-07 03:19:23', '2024-06-07 03:19:48', NULL, 'pompon-lunar-chico-rosa', 1, NULL, NULL, 0, NULL),
(50250, '1037', 'Pompon Amarillo Lunar Chico Negro', '[\"products-excel\\/May2024\\/1037.jpg\"]', 'Pompon Amarillo Lunar Chico Negro', NULL, '133', '1342', NULL, NULL, NULL, NULL, NULL, NULL, NULL, NULL, NULL, NULL, 3588.20, 2870.10, 2565.83, 3229.41, NULL, NULL, NULL, 0, NULL, NULL, '2024-06-07 03:19:23', '2024-06-07 03:19:48', NULL, 'pompon-amarillo-lunar-chico-negro', 1, NULL, NULL, 0, NULL),
(50251, '1038', 'Pompon Azul Lunar Chico Negro', '[\"products-excel\\/May2024\\/1038.jpg\"]', 'Pompon Azul Lunar Chico Negro', NULL, '133', '1342', NULL, NULL, NULL, NULL, NULL, NULL, NULL, NULL, NULL, NULL, 3588.20, 2870.10, 2565.83, 3229.41, NULL, NULL, NULL, 0, NULL, NULL, '2024-06-07 03:19:23', '2024-06-07 03:19:48', NULL, 'pompon-azul-lunar-chico-negro', 1, NULL, NULL, 0, NULL),
(50252, '1039', 'Pompon Rojo Lunar Chico Negro', '[\"products-excel\\/May2024\\/1039.jpg\"]', 'Pompon Rojo Lunar Chico Negro', NULL, '133', '1342', NULL, NULL, NULL, NULL, NULL, NULL, NULL, NULL, NULL, NULL, 3588.20, 2870.10, 2565.83, 3229.41, NULL, NULL, NULL, 0, NULL, NULL, '2024-06-07 03:19:23', '2024-06-07 03:19:48', NULL, 'pompon-rojo-lunar-chico-negro', 1, NULL, NULL, 0, NULL),
(50253, '1040', 'Pompon Fucsia Lunar Chico Negro', '[\"products-excel\\/May2024\\/1040.jpg\"]', 'Pompon Fucsia Lunar Chico Negro', NULL, '133', '1342', NULL, NULL, NULL, NULL, NULL, NULL, NULL, NULL, NULL, NULL, 3588.20, 2870.10, 2565.83, 3229.41, NULL, NULL, NULL, 0, NULL, NULL, '2024-06-07 03:19:23', '2024-06-07 03:19:48', NULL, 'pompon-fucsia-lunar-chico-negro', 1, NULL, NULL, 0, NULL),
(50254, '1041', 'Pompon Rosa Lunar Chico Negro', '[\"products-excel\\/May2024\\/1041.jpg\"]', 'Pompon Rosa Lunar Chico Negro', NULL, '133', '1342', NULL, NULL, NULL, NULL, NULL, NULL, NULL, NULL, NULL, NULL, 3588.20, 2870.10, 2565.83, 3229.41, NULL, NULL, NULL, 0, NULL, NULL, '2024-06-07 03:19:23', '2024-06-07 03:19:48', NULL, 'pompon-rosa-lunar-chico-negro', 1, NULL, NULL, 0, NULL),
(50255, '1042', 'Pompon Verde Manzana Lunar Chico Negro', '[\"products-excel\\/May2024\\/1042.jpg\"]', 'Pompon Verde Manzana Lunar Chico Negro', NULL, '133', '1342', NULL, NULL, NULL, NULL, NULL, NULL, NULL, NULL, NULL, NULL, 3588.20, 2870.10, 2565.83, 3229.41, NULL, NULL, NULL, 0, NULL, NULL, '2024-06-07 03:19:23', '2024-06-07 03:19:48', NULL, 'pompon-verde-manzana-lunar-chico-negro', 1, NULL, NULL, 0, NULL),
(50256, '1043', 'Pompon Naranja Lunar Chico Negro', '[\"products-excel\\/May2024\\/1043.jpg\"]', 'Pompon Naranja Lunar Chico Negro', NULL, '133', '1342', NULL, NULL, NULL, NULL, NULL, NULL, NULL, NULL, NULL, NULL, 3588.20, 2870.10, 2565.83, 3229.41, NULL, NULL, NULL, 0, NULL, NULL, '2024-06-07 03:19:23', '2024-06-07 03:19:48', NULL, 'pompon-naranja-lunar-chico-negro', 1, NULL, NULL, 0, NULL),
(50257, '1044', 'Pompon Violeta Lunar Chico Negro', '[\"products-excel\\/May2024\\/1044.jpg\"]', 'Pompon Violeta Lunar Chico Negro', NULL, '133', '1342', NULL, NULL, NULL, NULL, NULL, NULL, NULL, NULL, NULL, NULL, 3588.20, 2870.10, 2565.83, 3229.41, NULL, NULL, NULL, 0, NULL, NULL, '2024-06-07 03:19:23', '2024-06-07 03:19:48', NULL, 'pompon-violeta-lunar-chico-negro', 1, NULL, NULL, 0, NULL),
(50258, '1045', 'Pompon Celeste Lunar Chico Negro', '[\"products-excel\\/May2024\\/1045.jpg\"]', 'Pompon Celeste Lunar Chico Negro', NULL, '133', '1342', NULL, NULL, NULL, NULL, NULL, NULL, NULL, NULL, NULL, NULL, 3588.20, 2870.10, 2565.83, 3229.41, NULL, NULL, NULL, 0, NULL, NULL, '2024-06-07 03:19:23', '2024-06-07 03:19:48', NULL, 'pompon-celeste-lunar-chico-negro', 1, NULL, NULL, 0, NULL),
(50259, '1046', 'Accesorios para Torta Cumpleaños Emoticones Loquitos x6', '[\"products-excel\\/May2024\\/1046.jpg\"]', 'Accesorios para Torta Cumpleaños Emoticones Loquitos x6', NULL, '132', '1339', NULL, NULL, NULL, NULL, NULL, NULL, NULL, NULL, NULL, NULL, 1462.56, 1170.25, 1046.15, 1316.27, NULL, NULL, NULL, -50, NULL, NULL, '2024-06-07 03:19:23', '2024-06-07 03:19:48', NULL, 'accesorios-para-torta-cumplea-os-emoticones-loquitos-x6', 1, NULL, NULL, 0, NULL),
(50260, '1047', 'Accesorios para Torta Cumpleaños Emoticones Romanticos x6', '[\"products-excel\\/May2024\\/1047.jpg\"]', 'Accesorios para Torta Cumpleaños Emoticones Romanticos x6', NULL, '132', '1339', NULL, NULL, NULL, NULL, NULL, NULL, NULL, NULL, NULL, NULL, 1462.56, 1170.25, 1046.15, 1316.27, NULL, NULL, NULL, -1, NULL, NULL, '2024-06-07 03:19:23', '2024-06-07 03:19:48', NULL, 'accesorios-para-torta-cumplea-os-emoticones-romanticos-x6', 1, NULL, NULL, 0, NULL),
(50261, '1048', 'Accesorios para Torta Cumpleaños Emoticones Divertidos x6', '[\"products-excel\\/May2024\\/1048.jpg\"]', 'Accesorios para Torta Cumpleaños Emoticones Divertidos x6', NULL, '132', '1339', NULL, NULL, NULL, NULL, NULL, NULL, NULL, NULL, NULL, NULL, 1462.56, 1170.25, 1046.15, 1316.27, NULL, NULL, NULL, 0, NULL, NULL, '2024-06-07 03:19:23', '2024-06-07 03:19:48', NULL, 'accesorios-para-torta-cumplea-os-emoticones-divertidos-x6', 1, NULL, NULL, 0, NULL),
(50262, '1049', 'Banderín Vintage Liso Violeta x5', '[\"products-excel\\/May2024\\/1049.jpg\"]', 'Banderín Vintage Liso Violeta x5', NULL, '133', '1343', NULL, NULL, NULL, NULL, NULL, NULL, NULL, NULL, NULL, NULL, 10921.41, 8737.06, 7809.26, 9829.28, NULL, NULL, NULL, 70, NULL, NULL, '2024-06-07 03:19:23', '2024-06-07 03:19:48', NULL, 'bander-n-vintage-liso-violeta-x5', 1, NULL, NULL, 0, NULL),
(50263, '1060', 'Banderín Vintage Liso Amarillo x5', '[\"products-excel\\/May2024\\/1060.jpg\"]', 'Banderín Vintage Liso Amarillo x5', NULL, '133', '1343', NULL, NULL, NULL, NULL, NULL, NULL, NULL, NULL, NULL, NULL, 10921.41, 8737.06, 7809.26, 9829.28, NULL, NULL, NULL, 80, NULL, NULL, '2024-06-07 03:19:23', '2024-06-07 03:19:48', NULL, 'bander-n-vintage-liso-amarillo-x5', 1, NULL, NULL, 0, NULL),
(50264, '1061', 'Banderín Vintage Liso Azul x5', '[\"products-excel\\/May2024\\/1061.jpg\"]', 'Banderín Vintage Liso Azul x5', NULL, '133', '1343', NULL, NULL, NULL, NULL, NULL, NULL, NULL, NULL, NULL, NULL, 10921.41, 8737.06, 7809.26, 9829.28, NULL, NULL, NULL, 90, NULL, NULL, '2024-06-07 03:19:23', '2024-06-07 03:19:48', NULL, 'bander-n-vintage-liso-azul-x5', 1, NULL, NULL, 0, NULL),
(50265, '1062', 'Banderín Vintage Liso Blanco x5', '[\"products-excel\\/May2024\\/1062.jpg\"]', 'Banderín Vintage Liso Blanco x5', NULL, '133', '1343', NULL, NULL, NULL, NULL, NULL, NULL, NULL, NULL, NULL, NULL, 10921.41, 8737.06, 7809.26, 9829.28, NULL, NULL, NULL, 110, NULL, NULL, '2024-06-07 03:19:23', '2024-06-07 03:19:48', NULL, 'bander-n-vintage-liso-blanco-x5', 1, NULL, NULL, 0, NULL),
(50266, '1063', 'Banderín Vintage Liso Celeste x5', '[\"products-excel\\/May2024\\/1063.jpg\"]', 'Banderín Vintage Liso Celeste x5', NULL, '133', '1343', NULL, NULL, NULL, NULL, NULL, NULL, NULL, NULL, NULL, NULL, 10921.41, 8737.06, 7809.26, 9829.28, NULL, NULL, NULL, 60, NULL, NULL, '2024-06-07 03:19:23', '2024-06-07 03:19:48', NULL, 'bander-n-vintage-liso-celeste-x5', 1, NULL, NULL, 0, NULL),
(50267, '1064', 'Banderín Vintage Liso Fucsia x5', '[\"products-excel\\/May2024\\/1064.jpg\"]', 'Banderín Vintage Liso Fucsia x5', NULL, '133', '1343', NULL, NULL, NULL, NULL, NULL, NULL, NULL, NULL, NULL, NULL, 10921.41, 8737.06, 7809.26, 9829.28, NULL, NULL, NULL, 75, NULL, NULL, '2024-06-07 03:19:23', '2024-06-07 03:19:48', NULL, 'bander-n-vintage-liso-fucsia-x5', 1, NULL, NULL, 0, NULL),
(50268, '1065', 'Banderín Vintage Liso Naranja x5', '[\"products-excel\\/May2024\\/1065.jpg\"]', 'Banderín Vintage Liso Naranja x5', NULL, '133', '1343', NULL, NULL, NULL, NULL, NULL, NULL, NULL, NULL, NULL, NULL, 10921.41, 8737.06, 7809.26, 9829.28, NULL, NULL, NULL, 50, NULL, NULL, '2024-06-07 03:19:23', '2024-06-07 03:19:48', NULL, 'bander-n-vintage-liso-naranja-x5', 1, NULL, NULL, 0, NULL);
